000
CXUS53 KDDC 011758
CF6P28
PRELIMINARY LOCAL CLIMATOLOGICAL DATA (WS FORM: F-6)
STATION: MEDICINE LODGE KS
MONTH: MARCH
YEAR: 2020
LATITUDE: 37 17 N
LONGITUDE: 98 35 W
TEMPERATURE IN F: :PCPN: SNOW: WIND :SUNSHINE: SKY :PK WND
================================================================================
1 2 3 4 5 6A 6B 7 8 9 10 11 12 13 14 15 16 17 18
12Z AVG MX 2MIN
DY MAX MIN AVG DEP HDD CDD WTR SNW DPTH SPD SPD DIR MIN PSBL S-S WX SPD DR
================================================================================
1 70 44 57 15 8 0 0.00 0.0 0 9.3 18 10 M M 0 25 30
2 57 33 45 3 20 0 0.00 0.0 0 8.7 22 30 M M 0 33 20
3 64 30 47 4 18 0 0.00 0.0 0 4.0 13 170 M M 0 16 190
4 59 33 46 3 19 0 0.00 0.0 0 6.3 18 10 M M 0 27 360
5 62 28 45 2 20 0 0.00 0.0 0 11.4 25 360 M M 0 36 340
6 60 24 42 -2 23 0 0.00 0.0 0 8.7 18 160 M M 0 28 150
7 70 38 54 10 11 0 0.00 0.0 0 14.0 31 180 M M 0 45 170
8 64 42 53 9 12 0 0.45 0.0 0 15.1 30 190 M M 0 45 190
9 59 35 47 2 18 0 0.11 0.0 0 11.6 29 320 M M 0 38 320
10 59 30 45 0 20 0 0.00 0.0 0 6.9 16 170 M M 0 26 180
11 69 44 57 12 8 0 0.00 0.0 0 8.6 28 40 M M 0 38 40
12 68 46 57 11 8 0 0.00 0.0 0 13.0 26 340 M M 0 38 330
13 46 36 41 -5 24 0 0.21 0.0 0 13.2 24 80 M M 0 36 70
14 44 36 40 -6 25 0 0.15 0.0 0 8.3 21 80 M M 0 28 80
15 42 34 38 -8 27 0 0.04 0.0 0 6.8 13 90 M M 0 19 90
16 49 39 44 -3 21 0 0.00 0.0 0 5.4 13 70 M M 0 18 70
17 49 41 45 -2 20 0 0.16 0.0 0 8.5 14 130 M M 0 21 130
18 72 49 61 14 4 0 0.09 0.0 0 7.9 14 180 M M 0 21 160
19 75 39 57 9 8 0 0.13 0.0 0 16.8 35 330 M M 0 54 330
20 46 28 37 -11 28 0 0.00 0.0 0 16.7 36 10 M M 0 50 340
21 48 25 37 -11 28 0 0.16 0.0 0 7.2 15 190 M M 0 20 160
22 52 39 46 -3 19 0 0.05 0.0 0 6.5 12 200 M M 0 18 130
23 57 40 49 0 16 0 0.00 0.0 0 6.2 14 110 M M 0 21 120
24 72 49 61 12 4 0 0.30 0.0 0 6.8 26 340 M M 0 37 40
25 83 44 64 15 1 0 0.00 0.0 0 10.2 20 190 M M 0 28 170
26 72 46 59 9 6 0 0.00 0.0 0 7.3 16 20 M M 0 23 10
27 68 50 59 9 6 0 0.00 0.0 0 7.2 14 350 M M 0 20 340
28 61 41 51 1 14 0 0.01 0.0 0 15.7 32 280 M M 0 50 280
29 71 34 53 2 12 0 0.00 0.0 0 7.5 21 180 M M 0 30 180
30 61 40 51 0 14 0 0.13 0.0 0 7.2 25 170 M M 0 42 160
31 66 45 56 5 9 0 0.01 0.0 0 6.9 17 180 M M 0 25 180
================================================================================
SM 1895 1182 471 0 2.00 0.0 289.9 M 0
================================================================================
AV 61.1 38.1 9.4 FASTST M M 0 MAX(MPH)
MISC ----> 36 10 54 330
================================================================================
NOTES:
# LAST OF SEVERAL OCCURRENCES
COLUMN 17 PEAK WIND IN M.P.H.
PRELIMINARY LOCAL CLIMATOLOGICAL DATA (WS FORM: F-6) , PAGE 2
STATION: MEDICINE LODGE KS
MONTH: MARCH
YEAR: 2020
LATITUDE: 37 17 N
LONGITUDE: 98 35 W
[TEMPERATURE DATA] [PRECIPITATION DATA] SYMBOLS USED IN COLUMN 16
AVERAGE MONTHLY: 49.6 TOTAL FOR MONTH: 2.00 1 = FOG OR MIST
DPTR FM NORMAL: 2.9 DPTR FM NORMAL: -0.26 2 = FOG REDUCING VISIBILITY
HIGHEST: 83 ON 25 GRTST 24HR 0.56 ON 8- 9 TO 1/4 MILE OR LESS
LOWEST: 24 ON 6 3 = THUNDER
SNOW, ICE PELLETS, HAIL 4 = ICE PELLETS
TOTAL MONTH: 0.0 INCH 5 = HAIL
GRTST 24HR 0.0 6 = FREEZING RAIN OR DRIZZLE
GRTST DEPTH: 0 7 = DUSTSTORM OR SANDSTORM:
VSBY 1/2 MILE OR LESS
8 = SMOKE OR HAZE
[NO. OF DAYS WITH] [WEATHER - DAYS WITH] 9 = BLOWING SNOW
X = TORNADO
MAX 32 OR BELOW: 0 0.01 INCH OR MORE: 14
MAX 90 OR ABOVE: 0 0.10 INCH OR MORE: 9
MIN 32 OR BELOW: 6 0.50 INCH OR MORE: 0
MIN 0 OR BELOW: 0 1.00 INCH OR MORE: 0
[HDD (BASE 65) ]
TOTAL THIS MO. 471
DPTR FM NORMAL -97
TOTAL FM JUL 1 4001
DPTR FM NORMAL -96
[CDD (BASE 65) ]
TOTAL THIS MO. 0
DPTR FM NORMAL -2 [PRESSURE DATA]
TOTAL FM JAN 1 0 HIGHEST SLP 30.59 ON 6
DPTR FM NORMAL -2 LOWEST SLP 29.47 ON 28
[REMARKS]
#FINAL-03-20#