000
CXUS53 KDDC 011616
CF6P28
PRELIMINARY LOCAL CLIMATOLOGICAL DATA (WS FORM: F-6)
STATION: MEDICINE LODGE KS
MONTH: FEBRUARY
YEAR: 2024
LATITUDE: 37 17 N
LONGITUDE: 98 35 W
TEMPERATURE IN F: :PCPN: SNOW: WIND :SUNSHINE: SKY :PK WND
================================================================================
1 2 3 4 5 6A 6B 7 8 9 10 11 12 13 14 15 16 17 18
12Z AVG MX 2MIN
DY MAX MIN AVG DEP HDD CDD WTR SNW DPTH SPD SPD DIR MIN PSBL S-S WX SPD DR
================================================================================
1 75 47 61 26 4 0 0.00 0.0 0 9.0 22 170 M M 0 33 180
2 70 34 52 16 13 0 0.12 0.0 0 6.7 20 150 M M 0 33 160
3 59 51 55 19 10 0 0.14 0.0 0 9.4 20 220 M M 0 29 210
4 51 43 47 11 18 0 0.14 0.0 0 12.3 23 10 M M 0 32 10
5 57 33 45 9 20 0 0.00 0.0 0 6.4 20 10 M M 0 26 350
6 61 29 45 9 20 0 0.00 0.0 0 7.9 17 170 M M 0 26 170
7 60 47 54 18 11 0 0.03 0.0 0 12.3 24 170 M M 0 35 180
8 72 40 56 20 9 0 0.00 0.0 0 9.2 23 230 M M 0 34 240
9 67 35 51 14 14 0 0.00 0.0 0 7.2 23 220 M M 0 36 210
10 45 36 41 4 24 0 0.00 0.0 0 11.5 20 50 M M 0 28 40
11 43 31 37 0 28 0 0.00 0.0 0 12.1 22 10 M M 0 30 360
12 58 22 40 3 25 0 0.00 0.0 0 5.4 13 310 M M 0 20 340
13 66 24 45 8 20 0 0.00 0.0 0 5.8 16 180 M M 0 23 180
14 72 36 54 16 11 0 0.00 0.0 0 10.4 29 180 M M 0 40 180
15 51 34 43 5 22 0 0.00 0.0 0 9.8 26 360 M M 0 38 10
16 41 30 36 -2 29 0 0.00 0.0 0 17.3 32 10 M M 0 44 360
17 43 21 32 -6 33 0 0.00 0.0 0 10.3 22 360 M M 0 33 360
18 59 20 40 2 25 0 0.00 0.0 0 5.4 15 180 M M 0 21 220
19 67 32 50 11 15 0 0.00 0.0 0 6.8 23 340 M M 0 32 340
20 76 30 53 14 12 0 0.00 0.0 0 7.6 23 170 M M 0 34 170
21 82 34 58 19 7 0 0.00 0.0 0 3.6 12 10 M M 0 18 350
22 69 41 55 15 10 0 0.00 0.0 0 12.7 25 350 M M 0 36 350
23 70 36 53 13 12 0 0.00 0.0 0 9.3 24 320 M M 0 36 310
24 76 28 52 12 13 0 0.00 0.0 0 6.6 21 200 M M 0 30 190
25 80 33 57 16 8 0 0.00 0.0 0 5.8 15 200 M M 0 22 210
26 88 35 62 21 3 0 0.00 0.0 0 7.1 23 230 M M 0 32 240
27 87 29 58 17 7 0 0.00 0.0 0 17.1 40 360 M M 0 58 10
28 52 19 36 -6 29 0 0.00 0.0 0 10.3 25 340 M M 0 36 350
29 52 26 39 -3 26 0 0.00 0.0 0 11.6 23 180 M M 0 36 200
================================================================================
SM 1849 956 478 0 0.43 0.0 266.9 M 0
================================================================================
AV 63.8 33.0 9.2 FASTST M M 0 MAX(MPH)
MISC ----> 40 360 58 10
================================================================================
NOTES:
# LAST OF SEVERAL OCCURRENCES
COLUMN 17 PEAK WIND IN M.P.H.
PRELIMINARY LOCAL CLIMATOLOGICAL DATA (WS FORM: F-6) , PAGE 2
STATION: MEDICINE LODGE KS
MONTH: FEBRUARY
YEAR: 2024
LATITUDE: 37 17 N
LONGITUDE: 98 35 W
[TEMPERATURE DATA] [PRECIPITATION DATA] SYMBOLS USED IN COLUMN 16
AVERAGE MONTHLY: 48.4 TOTAL FOR MONTH: 0.43 1 = FOG OR MIST
DPTR FM NORMAL: 10.4 DPTR FM NORMAL: -0.60 2 = FOG REDUCING VISIBILITY
HIGHEST: 88 ON 26 GRTST 24HR 0.26 ON 2- 3 TO 1/4 MILE OR LESS
LOWEST: 19 ON 28 3 = THUNDER
SNOW, ICE PELLETS, HAIL 4 = ICE PELLETS
TOTAL MONTH: 0.0 INCH 5 = HAIL
GRTST 24HR 0.0 6 = FREEZING RAIN OR DRIZZLE
GRTST DEPTH: 0 7 = DUSTSTORM OR SANDSTORM:
VSBY 1/2 MILE OR LESS
8 = SMOKE OR HAZE
[NO. OF DAYS WITH] [WEATHER - DAYS WITH] 9 = BLOWING SNOW
X = TORNADO
MAX 32 OR BELOW: 0 0.01 INCH OR MORE: 4
MAX 90 OR ABOVE: 0 0.10 INCH OR MORE: 3
MIN 32 OR BELOW: 13 0.50 INCH OR MORE: 0
MIN 0 OR BELOW: 0 1.00 INCH OR MORE: 0
[HDD (BASE 65) ]
TOTAL THIS MO. 478
DPTR FM NORMAL -278
TOTAL FM JUL 1 2843
DPTR FM NORMAL -687
[CDD (BASE 65) ]
TOTAL THIS MO. 0
DPTR FM NORMAL 0 [PRESSURE DATA]
TOTAL FM JAN 1 0 HIGHEST SLP 30.54 ON 17
DPTR FM NORMAL 0 LOWEST SLP 29.27 ON 27
[REMARKS]
#FINAL-02-24#