000
CXUS53 KDDC 011816
CF6P28
PRELIMINARY LOCAL CLIMATOLOGICAL DATA (WS FORM: F-6)
STATION: MEDICINE LODGE KS
MONTH: JANUARY
YEAR: 2021
LATITUDE: 37 17 N
LONGITUDE: 98 35 W
TEMPERATURE IN F: :PCPN: SNOW: WIND :SUNSHINE: SKY :PK WND
================================================================================
1 2 3 4 5 6A 6B 7 8 9 10 11 12 13 14 15 16 17 18
12Z AVG MX 2MIN
DY MAX MIN AVG DEP HDD CDD WTR SNW DPTH SPD SPD DIR MIN PSBL S-S WX SPD DR
================================================================================
1 43 30 37 4 28 0 0.00 0.0 0 12.9 26 20 M M 0 38 20
2 50 24 37 4 28 0 0.00 0.0 0 4.1 12 170 M M 0 15 170
3 55 20 38 5 27 0 0.00 0.0 0 2.9 9 160 M M 0 13 170
4 59 26 43 10 22 0 0.00 0.0 0 7.3 25 350 M M 0 36 360
5 55 23 39 6 26 0 0.00 0.0 0 9.2 24 170 M M 0 37 170
6 49 32 41 8 24 0 0.00 0.0 0 14.4 26 10 M M 0 37 360
7 39 32 36 3 29 0 0.00 0.0 0 8.6 16 10 M M 0 22 350
8 42 29 36 3 29 0 0.00 0.0 0 5.4 13 30 M M 0 17 20
9 41 22 32 -1 33 0 0.00 0.0 0 2.2 10 30 M M 0 14 30
10 45 32 39 6 26 0 0.00 0.0 0 5.0 13 30 M M 0 17 30
11 49 18 34 1 31 0 0.00 0.0 0 4.2 16 240 M M 0 22 230
12 56 14 35 2 30 0 0.00 0.0 0 3.6 12 220 M M 0 17 210
13 64 15 40 7 25 0 0.00 0.0 0 2.7 9 230 M M 0 13 220
14 55 35 45 12 20 0 0.00 0.0 0 22.4 37 350 M M 0 56 350
15 43 28 36 3 29 0 0.00 0.0 0 19.8 35 340 M M 0 52 360
16 56 21 39 6 26 0 0.00 0.0 0 6.0 17 320 M M 0 26 320
17 51 22 37 4 28 0 0.00 0.0 0 7.9 23 320 M M 0 34 330
18 57 22 40 7 25 0 0.00 0.0 0 6.1 23 360 M M 0 31 360
19 48 22 35 1 30 0 0.00 0.0 0 7.6 16 330 M M 0 25 360
20 59 19 39 5 26 0 0.00 0.0 0 6.8 23 190 M M 0 32 200
21 62 27 45 11 20 0 0.00 0.0 0 3.9 17 40 M M 0 25 50
22 48 21 35 1 30 0 0.00 0.0 0 6.2 17 40 M M 0 26 30
23 47 25 36 2 29 0 0.00 0.0 0 8.9 21 190 M M 0 29 180
24 47 33 40 6 25 0 0.15 0.0 0 11.5 24 360 M M 0 37 360
25 37 27 32 -2 33 0 0.63 0.0 0 10.0 20 320 M M 0 27 310
26 31 22 27 -7 38 0 0.01 T T 10.5 20 360 M M 0 26 360
27 32 16 24 -10 41 0 0.00 0.0 0 8.2 17 350 M M 0 24 350
28 44 19 32 -2 33 0 0.00 0.0 0 10.4 23 180 M M 0 32 170
29 51 30 41 6 24 0 0.00 0.0 0 12.3 21 180 M M 0 29 190
30 59 34 47 12 18 0 0.40 0.0 0 14.1 28 340 M M 0 42 330
31 48 27 38 3 27 0 0.00 0.0 0 12.9 24 350 M M 0 34 330
================================================================================
SM 1522 767 860 0 1.19 T 268.0 M 0
================================================================================
AV 49.1 24.7 8.6 FASTST M M 0 MAX(MPH)
MISC ----> 37 350 56 350
================================================================================
NOTES:
# LAST OF SEVERAL OCCURRENCES
COLUMN 17 PEAK WIND IN M.P.H.
PRELIMINARY LOCAL CLIMATOLOGICAL DATA (WS FORM: F-6) , PAGE 2
STATION: MEDICINE LODGE KS
MONTH: JANUARY
YEAR: 2021
LATITUDE: 37 17 N
LONGITUDE: 98 35 W
[TEMPERATURE DATA] [PRECIPITATION DATA] SYMBOLS USED IN COLUMN 16
AVERAGE MONTHLY: 36.9 TOTAL FOR MONTH: 1.19 1 = FOG OR MIST
DPTR FM NORMAL: 3.5 DPTR FM NORMAL: 0.48 2 = FOG REDUCING VISIBILITY
HIGHEST: 64 ON 13 GRTST 24HR 0.78 ON 24-25 TO 1/4 MILE OR LESS
LOWEST: 14 ON 12 3 = THUNDER
SNOW, ICE PELLETS, HAIL 4 = ICE PELLETS
TOTAL MONTH: T 5 = HAIL
GRTST 24HR T ON 26-26 6 = FREEZING RAIN OR DRIZZLE
GRTST DEPTH: T 7 = DUSTSTORM OR SANDSTORM:
VSBY 1/2 MILE OR LESS
8 = SMOKE OR HAZE
[NO. OF DAYS WITH] [WEATHER - DAYS WITH] 9 = BLOWING SNOW
X = TORNADO
MAX 32 OR BELOW: 2 0.01 INCH OR MORE: 4
MAX 90 OR ABOVE: 0 0.10 INCH OR MORE: 3
MIN 32 OR BELOW: 28 0.50 INCH OR MORE: 1
MIN 0 OR BELOW: 0 1.00 INCH OR MORE: 0
[HDD (BASE 65) ]
TOTAL THIS MO. 860
DPTR FM NORMAL -118
TOTAL FM JUL 1 2558
DPTR FM NORMAL -217
[CDD (BASE 65) ]
TOTAL THIS MO. 0
DPTR FM NORMAL 0 [PRESSURE DATA]
TOTAL FM JAN 1 0 HIGHEST SLP 30.58 ON 28
DPTR FM NORMAL 0 LOWEST SLP 29.45 ON 30
[REMARKS]
#FINAL-01-21#