000
CXUS53 KDDC 271200
CF6P28
PRELIMINARY LOCAL CLIMATOLOGICAL DATA (WS FORM: F-6)

                                          STATION:   MEDICINE LODGE KS
                                          MONTH:     MAY
                                          YEAR:      2018
                                          LATITUDE:   37 17 N
                                          LONGITUDE:  98 35 W

  TEMPERATURE IN F:       :PCPN:    SNOW:  WIND      :SUNSHINE: SKY     :PK WND
================================================================================
1   2   3   4   5  6A  6B    7    8   9   10  11  12  13   14  15   16   17  18
                                     12Z  AVG MX 2MIN
DY MAX MIN AVG DEP HDD CDD  WTR  SNW DPTH SPD SPD DIR MIN PSBL S-S WX    SPD DR
================================================================================

 1  83  66  75  13   0  10 0.00  0.0    0 16.4 30 170   M    M   0        43 160
 2  83  60  72  10   0   7 0.88  0.0    0 14.0 29 170   M    M   0        41 170
 3  85  56  71   9   0   6 0.00  0.0    0 11.2 25 240   M    M   0        35 240
 4  77  49  63   0   2   0 0.00  0.0    0  7.5 16 330   M    M   0        24 320
 5  86  47  67   4   0   2 0.00  0.0    0  6.5 14 170   M    M   0        22 160
 6  91  54  73  10   0   8 0.00  0.0    0  7.9 16  70   M    M   0        22  60
 7  92  59  76  12   0  11 0.00  0.0    0  9.2 17 140   M    M   0        27 130
 8  91  65  78  14   0  13 0.00  0.0    0  7.6 18 210   M    M   0        27 220
 9  93  55  74   9   0   9 0.00  0.0    0  6.5 21 320   M    M   0        33 310
10  92  64  78  13   0  13 0.17  0.0    0 13.0 31  40   M    M   0        44  40
11  95  65  80  15   0  15 0.00  0.0    0 15.2 29 190   M    M   0        39 200
12  93  67  80  14   0  15 0.00  0.0    0  9.4 20 170   M    M   0        28 180
13  91  67  79  13   0  14 0.05  0.0    0 11.2 32 220   M    M   0        48 220
14  95  63  79  13   0  14 0.42  0.0    0  8.4 31 350   M    M   0        47 350
15  81  63  72   5   0   7 0.56  0.0    0  5.8 15  10   M    M   0        19  10
16  85  62  74   7   0   9 0.00    M    M  5.2 12  20   M    M   0        17  10
17  88  60  74   7   0   9 0.00    M    M  7.1 17 170   M    M   0        25 150
18  90  62  76   8   0  11 0.58    M    M 11.5 38 270   M    M   0        56 260
19  81  59  70   2   0   5 0.72  0.0    0  9.9 15 360   M    M   0        30 330
20  74  54  64  -4   1   0 0.00  0.0    0  9.9 18 340   M    M   0        32 340
21  82  52  67  -2   0   2 0.00  0.0    0  5.0 13 170   M    M   0        18 170
22  90  59  75   6   0  10 0.00  0.0    0  8.1 15 150   M    M   0        25 140
23  92  64  78   8   0  13 0.21  0.0    0  9.3 31 190   M    M   0        45 200
24  86  64  75   5   0  10 0.15  0.0    0  8.7 20 190   M    M   0        28 180
25  87  65  76   6   0  11 0.02  0.0    0  7.0 35 330   M    M   0        55 340
26  94  61  78   8   0  13 0.00  0.0    0  5.3 16 170   M    M   0        21 190
================================================================================
SM 2277 1562         3 237  3.76     0.0 236.8          M        0
================================================================================
AV 87.6 60.1                               9.1 FASTST   M    M   0    MAX(MPH)
                                 MISC ---->  # 38 270               # 56  260
================================================================================
NOTES:
# LAST OF SEVERAL OCCURRENCES

COLUMN 17 PEAK WIND IN M.P.H.

PRELIMINARY LOCAL CLIMATOLOGICAL DATA (WS FORM: F-6) , PAGE 2

                                          STATION:  MEDICINE LODGE KS
                                          MONTH:    MAY
                                          YEAR:     2018
                                          LATITUDE:   37 17 N
                                          LONGITUDE:  98 35 W

[TEMPERATURE DATA]      [PRECIPITATION DATA]       SYMBOLS USED IN COLUMN 16

AVERAGE MONTHLY: 73.8   TOTAL FOR MONTH:   3.76    1 = FOG OR MIST
DPTR FM NORMAL:   7.7   DPTR FM NORMAL:    1.10    2 = FOG REDUCING VISIBILITY
HIGHEST:    95 ON 14,11 GRTST 24HR  0.88 ON  2- 2      TO 1/4 MILE OR LESS
LOWEST:     47 ON  5                               3 = THUNDER
                        SNOW, ICE PELLETS, HAIL    4 = ICE PELLETS
                        TOTAL MONTH:   0.0 INCH    5 = HAIL
                        GRTST 24HR     0.0         6 = FREEZING RAIN OR DRIZZLE
                        GRTST DEPTH:   0           7 = DUSTSTORM OR SANDSTORM:
                                                       VSBY 1/2 MILE OR LESS
                                                   8 = SMOKE OR HAZE
[NO. OF DAYS WITH]      [WEATHER - DAYS WITH]      9 = BLOWING SNOW
                                                   X = TORNADO
MAX 32 OR BELOW:   0    0.01 INCH OR MORE:  10
MAX 90 OR ABOVE:  13    0.10 INCH OR MORE:   8
MIN 32 OR BELOW:   0    0.50 INCH OR MORE:   4
MIN  0 OR BELOW:   0    1.00 INCH OR MORE:   0

[HDD (BASE 65) ]
TOTAL THIS MO.     3    CLEAR  (SCALE 0-3)  26
DPTR FM NORMAL   -65    PTCLDY (SCALE 4-7)   0
TOTAL FM JUL 1  4313    CLOUDY (SCALE 8-10)  0
DPTR FM NORMAL  -140

[CDD (BASE 65) ]
TOTAL THIS MO.   237
DPTR FM NORMAL   140    [PRESSURE DATA]
TOTAL FM JAN 1   266    HIGHEST SLP M ON M
DPTR FM NORMAL   145    LOWEST  SLP 29.50 ON 11

[REMARKS]
