000
CXUS55 KRIW 011010
CF6P60
PRELIMINARY LOCAL CLIMATOLOGICAL DATA (WS FORM: F-6)
STATION: LAKE YELLOWSTONE WY
MONTH: OCTOBER
YEAR: 2023
LATITUDE: 44 32 N
LONGITUDE: 110 25 W
TEMPERATURE IN F: :PCPN: SNOW: WIND :SUNSHINE: SKY :PK WND
================================================================================
1 2 3 4 5 6A 6B 7 8 9 10 11 12 13 14 15 16 17 18
12Z AVG MX 2MIN
DY MAX MIN AVG DEP HDD CDD WTR SNW DPTH SPD SPD DIR MIN PSBL S-S WX SPD DR
================================================================================
1 56 28 42 2 23 0 0.07 M M 2.3 12 270 M M 0 25 190
2 48 27 38 -1 27 0 0.09 M M 2.0 9 270 M M 0 17 290
3 45 32 39 0 26 0 0.10 M M 3.1 13 280 M M 0 22 340
4 44 32 38 0 27 0 0.01 M M 4.1 12 270 M M 0 22 270
5 49 28 39 1 26 0 0.00 M M 3.0 10 310 M M 0 19 280
6 53 28 41 3 24 0 0.00 M M 2.0 7 120 M M 0 12 130
7 58 27 43 6 22 0 0.00 M M 1.3 6 100 M M 0 9 90
8 62 27 45 8 20 0 0.00 M M 1.0 6 240 M M 0 11 230
9 63 27 45 9 20 0 0.00 M M 1.0 9 280 M M 0 15 320
10 59 27 43 7 22 0 0.29 M M 1.6 13 260 M M 0 28 270
11 44 33 39 3 26 0 0.21 M M 2.5 13 270 M M 0 19 260
12 40 31 36 1 29 0 0.15 M M 3.0 12 20 M M 0 26 40
13 44 27 36 1 29 0 0.00 M M 0.9 9 300 M M 0 14 280
14 47 27 37 3 28 0 0.00 M M 2.3 10 280 M M 0 18 270
15 56 26 41 7 24 0 0.00 M M 1.1 7 260 M M 0 14 280
16 60 27 44 10 21 0 0.00 M M 0.9 7 120 M M 0 10 120
17 55 29 42 9 23 0 0.00 M M 4.1 17 270 M M 0 30 260
18 59 26 43 10 22 0 0.00 M M 1.7 10 280 M M 0 19 290
19 62 27 45 13 20 0 0.00 M M 2.1 9 230 M M 0 19 220
20 63 28 46 14 19 0 0.00 M M 1.4 7 250 M M 0 16 160
21 59 27 43 11 22 0 0.00 M M 1.2 7 230 M M 0 14 190
22 57 27 42 11 23 0 0.00 M M 1.4 12 300 M M 0 21 320
23 45 31 38 7 27 0 0.31 M M 1.9 10 300 M M 0 23 280
24 41 28 35 5 30 0 0.24 M M 1.6 12 270 M M 0 25 300
25 36 28 32 2 33 0 0.90 M M 0.6 8 240 M M 0 17 200
26 32 12 22 -8 43 0 0.20 M M 4.8 14 270 M M 0 29 250
27 26 13 20 -9 45 0 0.04 M M 4.0 12 270 M M 0 25 240
28 22 6 14 -15 51 0 0.01 M M 1.7 6 99 M M 0 M M
29 25 -3 11 -17 54 0 0.00 M M 2.4 7 130 M M 0 12 60
30 30 -1 15 -13 50 0 0.00 M M 2.2 8 100 M M 0 15 120
31 37 5 21 -7 44 0 0.00 M M 2.5 6 210 M M 0 11 220
================================================================================
SM 1477 737 900 0 2.62 M 65.7 M 0
================================================================================
AV 47.6 23.8 2.1 FASTST M M 0 MAX(MPH)
MISC ----> 17 270 30 260
================================================================================
NOTES:
# LAST OF SEVERAL OCCURRENCES
COLUMN 17 PEAK WIND IN M.P.H.
PRELIMINARY LOCAL CLIMATOLOGICAL DATA (WS FORM: F-6) , PAGE 2
STATION: LAKE YELLOWSTONE WY
MONTH: OCTOBER
YEAR: 2023
LATITUDE: 44 32 N
LONGITUDE: 110 25 W
[TEMPERATURE DATA] [PRECIPITATION DATA] SYMBOLS USED IN COLUMN 16
AVERAGE MONTHLY: 35.7 TOTAL FOR MONTH: 2.62 1 = FOG OR MIST
DPTR FM NORMAL: 2.1 DPTR FM NORMAL: 0.77 2 = FOG REDUCING VISIBILITY
HIGHEST: 63 ON 20, 9 GRTST 24HR 0.99 ON 25-26 TO 1/4 MILE OR LESS
LOWEST: -3 ON 29 3 = THUNDER
SNOW, ICE PELLETS, HAIL 4 = ICE PELLETS
TOTAL MONTH: M 5 = HAIL
GRTST 24HR M ON M 6 = FREEZING RAIN OR DRIZZLE
GRTST DEPTH: M ON M 7 = DUSTSTORM OR SANDSTORM:
VSBY 1/2 MILE OR LESS
8 = SMOKE OR HAZE
[NO. OF DAYS WITH] [WEATHER - DAYS WITH] 9 = BLOWING SNOW
X = TORNADO
MAX 32 OR BELOW: 5 0.01 INCH OR MORE: 13
MAX 90 OR ABOVE: 0 0.10 INCH OR MORE: 8
MIN 32 OR BELOW: 30 0.50 INCH OR MORE: 1
MIN 0 OR BELOW: 2 1.00 INCH OR MORE: 0
[HDD (BASE 65) ]
TOTAL THIS MO. 900 CLEAR (SCALE 0-3) 31
DPTR FM NORMAL -72 PTCLDY (SCALE 4-7) 0
TOTAL FM JUL 1 1929 CLOUDY (SCALE 8-10) 0
DPTR FM NORMAL -272
[CDD (BASE 65) ]
TOTAL THIS MO. 0
DPTR FM NORMAL 0 [PRESSURE DATA]
TOTAL FM JAN 1 0 HIGHEST SLP 30.72 ON 29
DPTR FM NORMAL 0 LOWEST SLP 29.51 ON 11
[REMARKS]
#FINAL-10-23#