000
CXUS56 KLKN 011210
CF6P68
PRELIMINARY LOCAL CLIMATOLOGICAL DATA (WS FORM: F-6)
STATION: EUREKA AIRPORT NV
MONTH: MARCH
YEAR: 2023
LATITUDE: 39 30 N
LONGITUDE: 115 58 W
TEMPERATURE IN F: :PCPN: SNOW: WIND :SUNSHINE: SKY :PK WND
================================================================================
1 2 3 4 5 6A 6B 7 8 9 10 11 12 13 14 15 16 17 18
12Z AVG MX 2MIN
DY MAX MIN AVG DEP HDD CDD WTR SNW DPTH SPD SPD DIR MIN PSBL S-S WX SPD DR
================================================================================
1 29 -1 14 -20 51 0 0.13 M M 11.8 28 180 M M M 35 180
2 29 -5 12 -22 53 0 0.00 M M 5.7 12 200 M M M 13 210
3 37 15 26 -8 39 0 0.00 M M 6.9 20 300 M M M 26 310
4 40 17 29 -6 36 0 0.02 M M 11.3 30 200 M M 0 48 200
5 34 11 23 -12 42 0 0.10 M M 7.3 22 170 M M 0 27 140
6 32 6 19 -16 46 0 0.00 M M 4.3 14 150 M M M 22 290
7 34 5 20 -16 45 0 0.00 M M 3.6 12 210 M M M 15 210
8 39 5 22 -14 43 0 0.00 M M 7.4 28 270 M M M 39 240
9 42 2 22 -14 43 0 0.00 M M 10.8 33 180 M M M 43 180
10 47 32 40 3 25 0 0.33 M M 11.8 29 130 M M M 46 130
11 40 29 35 -2 30 0 0.12 M M 2.8 9 130 M M M 13 330
12 46 31 39 2 26 0 0.08 M M 4.8 24 260 M M M 32 260
13 48 24 36 -2 29 0 0.00 M M 4.6 13 110 M M M 14 110
14 44 28 36 -2 29 0 0.00 M M 13.2 26 270 M M M 37 270
15 42 23 33 -5 32 0 0.05 M M 8.5 24 340 M M M 33 320
16 39 17 28 -10 37 0 0.00 M M 4.1 13 350 M M M 16 350
17 42 16 29 -10 36 0 0.00 M M 4.2 9 10 M M M 13 360
18 47 18 33 -6 32 0 0.00 M M 7.4 18 140 M M M 23 140
19 43 31 37 -2 28 0 0.08 M M 8.8 29 190 M M M 39 190
20 46 25 36 -3 29 0 0.03 M M 9.4 28 250 M M M 42 240
21 40 24 32 -7 33 0 0.17 M M 4.7 17 150 M M M 24 140
22 39 22 31 -9 34 0 0.18 M M 6.8 22 270 M M M 31 270
23 40 21 31 -9 34 0 0.14 M M 5.6 18 320 M M M 30 240
24 33 21 27 -13 38 0 0.03 M M 10.7 21 310 M M M 33 300
25 32 8 20 -20 45 0 0.00 M M 5.8 16 260 M M M 23 260
26 27 12 20 -20 45 0 0.01 M M 5.4 23 330 M M M 30 330
27 37 8 23 -17 42 0 0.00 M M 9.7 21 150 M M M 28 150
28 49 29 39 -2 26 0 0.00 M M 14.7 26 170 M M M 35 160
29 42 8 25 -16 40 0 0.68 M M 12.3 32 170 M M M 44 180
30 38 1 20 -21 45 0 0.00 M M 7.2 15 250 M M M 23 270
31 45 14 30 -11 35 0 0.00 M M 6.6 15 260 M M M 19 260
================================================================================
SM 1222 497 1148 0 2.15 M 238.2 M 0
================================================================================
AV 39.4 16.0 7.7 FASTST M M 0 MAX(MPH)
MISC ----> 33 180 48 200
================================================================================
NOTES:
# LAST OF SEVERAL OCCURRENCES
COLUMN 17 PEAK WIND IN M.P.H.
PRELIMINARY LOCAL CLIMATOLOGICAL DATA (WS FORM: F-6) , PAGE 2
STATION: EUREKA AIRPORT NV
MONTH: MARCH
YEAR: 2023
LATITUDE: 39 30 N
LONGITUDE: 115 58 W
[TEMPERATURE DATA] [PRECIPITATION DATA] SYMBOLS USED IN COLUMN 16
AVERAGE MONTHLY: 27.7 TOTAL FOR MONTH: 2.15 1 = FOG OR MIST
DPTR FM NORMAL: -10.3 DPTR FM NORMAL: 1.18 2 = FOG REDUCING VISIBILITY
HIGHEST: 49 ON 28 GRTST 24HR 0.68 ON 29-29 TO 1/4 MILE OR LESS
LOWEST: -5 ON 2 3 = THUNDER
SNOW, ICE PELLETS, HAIL 4 = ICE PELLETS
TOTAL MONTH: M 5 = HAIL
GRTST 24HR M ON M 6 = FREEZING RAIN OR DRIZZLE
GRTST DEPTH: M ON M 7 = DUSTSTORM OR SANDSTORM:
VSBY 1/2 MILE OR LESS
8 = SMOKE OR HAZE
[NO. OF DAYS WITH] [WEATHER - DAYS WITH] 9 = BLOWING SNOW
X = TORNADO
MAX 32 OR BELOW: 5 0.01 INCH OR MORE: 15
MAX 90 OR ABOVE: 0 0.10 INCH OR MORE: 8
MIN 32 OR BELOW: 31 0.50 INCH OR MORE: 1
MIN 0 OR BELOW: 2 1.00 INCH OR MORE: 0
[HDD (BASE 65) ]
TOTAL THIS MO. 1148 CLEAR (SCALE 0-3) 2
DPTR FM NORMAL 309 PTCLDY (SCALE 4-7) 0
TOTAL FM JUL 1 6572 CLOUDY (SCALE 8-10) 29
DPTR FM NORMAL 612
[CDD (BASE 65) ]
TOTAL THIS MO. 0
DPTR FM NORMAL 0 [PRESSURE DATA]
TOTAL FM JAN 1 0 HIGHEST SLP 30.41 ON 27
DPTR FM NORMAL 0 LOWEST SLP 29.39 ON 1
[REMARKS]
#FINAL-03-23#