000
CXUS53 KPAH 012323
CLMPAH
CLIMATE REPORT
NATIONAL WEATHER SERVICE PADUCAH KY
523 PM CST MON JAN 01 2024
...................................
...THE PADUCAH KY CLIMATE SUMMARY FOR THE MONTH OF DECEMBER 2023...
CLIMATE NORMAL PERIOD 1991 TO 2020
CLIMATE RECORD PERIOD 1937 TO 2023
WEATHER OBSERVED NORMAL DEPART LAST YEAR`S
VALUE DATE(S) VALUE FROM VALUE DATE(S)
NORMAL
................................................................
TEMPERATURE (F)
RECORD
HIGH 77 12/02/1982
12/31/1951
LOW -10 12/22/1989
HIGHEST 66 12/24 63 12/03
LOWEST 20 12/19 -4 12/23
AVG. MAXIMUM 53.7 48.3 5.4 47.2
AVG. MINIMUM 34.3 30.7 3.6 30.5
MEAN 44.0 39.5 4.5 38.9
DAYS MAX >= 90 0 0.0 0.0 0
DAYS MAX <= 32 0 2.8 -2.8 4
DAYS MIN <= 32 17 18.7 -1.7 17
DAYS MIN <= 0 0 0.1 -0.1 2
PRECIPITATION (INCHES)
RECORD
MAXIMUM 11.53 1982
MINIMUM 0.63 1976
TOTALS 2.17 4.30 -2.13 4.48
DAILY AVG. 0.07 0.14 -0.07 0.14
DAYS >= .01 8 10.2 -2.2 11
DAYS >= .10 4 6.6 -2.6 7
DAYS >= .50 2 3.0 -1.0 3
DAYS >= 1.00 0 1.0 -1.0 2
GREATEST
24 HR. TOTAL 0.72 12/08 TO 12/09
SNOWFALL (INCHES)
RECORDS
TOTAL 14.2 2004
TOTALS T 1.8 -1.8 3.8
SINCE 7/1 T 2.1 -2.1 MM
SNOWDEPTH AVG. 0 0
DAYS >= TRACE 1
DAYS >= 1.0 0 0.4 -0.4 1
GREATEST
SNOW DEPTH 0 3 12/23
12/24
12/26
24 HR TOTAL MM
STORM TOTAL 0.0
(MM/DD(HH))
DEGREE DAYS
HEATING TOTAL 642 791 -149 801
SINCE 7/1 1265 1547 -282 MM
FREEZE DATES
EARLIEST 10/30
LATEST 03/29
................................................................
WIND (MPH)
AVERAGE WIND SPEED 4.7
HIGHEST WIND SPEED/DIRECTION 22/310 DATE 12/05
22/320 12/18
HIGHEST GUST SPEED/DIRECTION 35/320 DATE 12/18
SKY COVER
POSSIBLE SUNSHINE (PERCENT) MM
AVERAGE SKY COVER 0.47
NUMBER OF DAYS FAIR 13
NUMBER OF DAYS PC 8
NUMBER OF DAYS CLOUDY 10
AVERAGE RH (PERCENT) 70
WEATHER CONDITIONS. NUMBER OF DAYS WITH
THUNDERSTORM 1 MIXED PRECIP 0
HEAVY RAIN 2 RAIN 4
LIGHT RAIN 9 FREEZING RAIN 0
LT FREEZING RAIN 0 HAIL 0
HEAVY SNOW 0 SNOW 0
LIGHT SNOW 1 SLEET 0
FOG 13 FOG W/VIS <= 1/4 MILE 2
HAZE 1
- INDICATES NEGATIVE NUMBERS.
R INDICATES RECORD WAS SET OR TIED.
MM INDICATES DATA IS MISSING.
T INDICATES TRACE AMOUNT.
[REMARKS]: 8TH WARMEST DECEMBER ON RECORD IN PADUCAH.
$$