000
CXUS54 KLZK 012052
CF6PBF
PRELIMINARY LOCAL CLIMATOLOGICAL DATA (WS FORM: F-6)
STATION: PINE BLUFF
MONTH: APRIL
YEAR: 2021
LATITUDE: 34 10 N
LONGITUDE: 91 56 W
TEMPERATURE IN F: :PCPN: SNOW: WIND :SUNSHINE: SKY :PK WND
================================================================================
1 2 3 4 5 6A 6B 7 8 9 10 11 12 13 14 15 16 17 18
12Z AVG MX 2MIN
DY MAX MIN AVG DEP HDD CDD WTR SNW DPTH SPD SPD DIR MIN PSBL S-S WX SPD DR
================================================================================
1 59 38 49 -10 16 0 0.00 0.0 0 7.8 18 10 M M 0 27 20
2 59 35 47 -12 18 0 0.00 0.0 0 4.5 13 90 M M 0 16 110
3 71 39 55 -5 10 0 0.00 0.0 0 3.4 12 240 M M 1 15 240
4 77 47 62 2 3 0 0.00 0.0 0 3.8 13 180 M M 2 21 180
5 78 50 64 4 1 0 0.00 0.0 0 5.3 14 180 M M 4 21 210
6 81 54 68 8 0 3 0.00 0.0 0 10.0 20 180 M M 1 32 120
7 78 62 70 9 0 5 1.20 0.0 0 13.3 25 170 M M 5 13 31 170
8 78 52 65 4 0 0 0.00 0.0 0 8.3 21 220 M M 0 26 230
9 81 57 69 8 0 4 0.12 0.0 0 7.8 22 100 M M 2 3 27 110
10 74 52 63 2 2 0 0.27 0.0 0 9.9 31 300 M M 1 3 41 290
11 80 49 65 3 0 0 0.00 0.0 0 5.7 15 270 M M 0 8 19 280
12 85 54 70 8 0 5 0.00 0.0 0 5.4 13 100 M M 0 19 280
13 76 59 68 6 0 3 T 0.0 0 8.1 22 40 M M 0 26 40
14 63 50 57 -5 8 0 0.65 0.0 0 9.1 25 20 M M 9 13 32 30
15 67 52 60 -3 5 0 0.05 0.0 0 8.5 21 20 M M 2 26 30
16 62 53 58 -5 7 0 0.07 0.0 0 8.0 15 70 M M 8 20 320
17 65 53 59 -4 6 0 T 0.0 0 7.3 13 300 M M 9 17 290
18 65 47 56 -8 9 0 0.00 0.0 0 6.0 22 340 M M 6 30 340
19 73 42 58 -6 7 0 0.00 0.0 0 2.3 9 260 M M 0 14 240
20 78 42 60 -4 5 0 0.00 0.0 0 9.7 28 360 M M 2 38 10
21 61 36 49 -15 16 0 0.00 0.0 0 6.0 15 20 M M 0 22 360
22 63 40 52 -13 13 0 T 0.0 0 2.6 9 10 M M 7 11 10
23 65 54 60 -5 5 0 1.04 0.0 0 9.1 22 120 M M 10 13 30 120
24 69 54 62 -3 3 0 0.50 0.0 0 9.0 23 330 M M 6 123 33 300
25 75 48 62 -4 3 0 0.00 0.0 0 5.2 12 140 M M 0 18 18 100
26 83 52 68 2 0 3 0.00 0.0 0 7.6 16 170 M M 0 21 160
27 82 59 71 5 0 6 0.00 0.0 0 8.2 17 190 M M 4 8 23 170
28 85 68 77 11 0 12 0.00 0.0 0 8.5 22 180 M M 4 27 170
29 80 67 74 7 0 9 0.98 0.0 0 8.1 22 230 M M 5 13 32 220
30 78 60 69 2 0 4 0.00 0.0 0 5.1 13 60 M M 0 18 40
================================================================================
SM 2191 1525 137 54 4.88 0.0 213.6 M 88
================================================================================
AV 73.0 50.8 7.1 FASTST M M 3 MAX(MPH)
MISC ----> 31 300 41 290
================================================================================
NOTES:
# LAST OF SEVERAL OCCURRENCES
COLUMN 17 PEAK WIND IN M.P.H.
PRELIMINARY LOCAL CLIMATOLOGICAL DATA (WS FORM: F-6) , PAGE 2
STATION: PINE BLUFF
MONTH: APRIL
YEAR: 2021
LATITUDE: 34 10 N
LONGITUDE: 91 56 W
[TEMPERATURE DATA] [PRECIPITATION DATA] SYMBOLS USED IN COLUMN 16
AVERAGE MONTHLY: 61.9 TOTAL FOR MONTH: 4.88 1 = FOG OR MIST
DPTR FM NORMAL: -1.0 DPTR FM NORMAL: -0.05 2 = FOG REDUCING VISIBILITY
HIGHEST: 85 ON 28,12 GRTST 24HR 1.54 ON 23-24 TO 1/4 MILE OR LESS
LOWEST: 35 ON 2 3 = THUNDER
SNOW, ICE PELLETS, HAIL 4 = ICE PELLETS
TOTAL MONTH: 0.0 INCH 5 = HAIL
GRTST 24HR 0.0 6 = FREEZING RAIN OR DRIZZLE
GRTST DEPTH: 0 7 = DUSTSTORM OR SANDSTORM:
VSBY 1/2 MILE OR LESS
8 = SMOKE OR HAZE
[NO. OF DAYS WITH] [WEATHER - DAYS WITH] 9 = BLOWING SNOW
X = TORNADO
MAX 32 OR BELOW: 0 0.01 INCH OR MORE: 9
MAX 90 OR ABOVE: 0 0.10 INCH OR MORE: 7
MIN 32 OR BELOW: 0 0.50 INCH OR MORE: 5
MIN 0 OR BELOW: 0 1.00 INCH OR MORE: 2
[HDD (BASE 65) ]
TOTAL THIS MO. 137 CLEAR (SCALE 0-3) 18
DPTR FM NORMAL 8 PTCLDY (SCALE 4-7) 9
TOTAL FM JUL 1 2937 CLOUDY (SCALE 8-10) 3
DPTR FM NORMAL 73
[CDD (BASE 65) ]
TOTAL THIS MO. 54
DPTR FM NORMAL -13 [PRESSURE DATA]
TOTAL FM JAN 1 84 HIGHEST SLP 30.57 ON 1
DPTR FM NORMAL -3 LOWEST SLP 29.54 ON 10
[REMARKS]
#FINAL-04-21#