000
CXUS54 KLZK 012033
CF6PBF
PRELIMINARY LOCAL CLIMATOLOGICAL DATA (WS FORM: F-6)
STATION: Pine Bluff
MONTH: FEBRUARY
YEAR: 2020
LATITUDE: 34 10 N
LONGITUDE: 91 56 W
TEMPERATURE IN F: :PCPN: SNOW: WIND :SUNSHINE: SKY :PK WND
================================================================================
1 2 3 4 5 6A 6B 7 8 9 10 11 12 13 14 15 16 17 18
12Z AVG MX 2MIN
DY MAX MIN AVG DEP HDD CDD WTR SNW DPTH SPD SPD DIR MIN PSBL S-S WX SPD DR
================================================================================
1 59 39 49 6 16 0 0.00 0.0 0 6.7 15 270 M M 3 1 20 260
2 76 40 58 14 7 0 0.00 0.0 0 9.5 18 220 M M 0 25 210
3 68 52 60 16 5 0 T 0.0 0 14.1 25 200 M M 3 33 200
4 68 50 59 15 6 0 0.30 0.0 0 11.2 20 10 M M 10 13 24 10
5 50 39 45 1 20 0 0.98 0.0 0 12.5 22 340 M M 10 13 27 340
6 40 34 37 -7 28 0 0.04 T 0 9.9 15 300 M M 10 1 20 340
7 51 28 40 -4 25 0 0.00 0.0 0 5.8 13 180 M M 3 15 180
8 58 32 45 0 20 0 0.00 0.0 0 5.1 13 120 M M 1 17 110
9 69 41 55 10 10 0 0.09 0.0 0 11.9 25 180 M M 6 13 33 180
10 62 44 53 8 12 0 2.71 0.0 0 11.1 26 170 M M 9 13 33 170
11 44 40 42 -3 23 0 0.27 0.0 0 11.6 20 20 M M 9 1 31 360
12 45 40 43 -2 22 0 1.36 0.0 0 6.7 24 290 M M 10 1 33 280
13 47 33 40 -6 25 0 T 0.0 0 12.2 22 340 M M 7 1 30 330
14 38 27 33 -13 32 0 0.00 0.0 0 8.7 16 30 M M 0 20 50
15 59 26 43 -3 22 0 0.00 0.0 0 5.8 15 190 M M 3 19 190
16 63 47 55 9 10 0 T 0.0 0 5.0 14 140 M M 10 18 90
17 66 51 59 13 6 0 0.01 0.0 0 9.5 16 120 M M 10 1 20 130
18 66 44 55 8 10 0 0.96 0.0 0 13.7 29 10 M M 10 13 36 360
19 49 38 44 -3 21 0 0.07 M 0 13.8 22 20 M M 7 29 30
20 45 37 41 -6 24 0 0.46 M 0 15.2 26 20 M M 7 1 32 20
21 41 27 34 -14 31 0 0.00 0.0 0 8.3 17 10 M M 1 24 20
22 55 25 40 -8 25 0 0.00 0.0 0 4.2 13 230 M M 1 1 15 220
23 51 43 47 -1 18 0 0.06 0.0 0 6.2 14 120 M M 10 1 18 120
24 71 49 60 12 5 0 0.02 M 0 12.9 31 280 M M 7 1 46 270
25 59 47 53 4 12 0 0.00 0.0 0 8.0 15 10 M M 9 19 300
26 47 32 40 -9 25 0 0.00 0.0 0 10.4 23 320 M M 8 30 290
27 52 26 39 -10 26 0 0.00 0.0 0 6.2 15 220 M M 0 20 270
28 61 34 48 -2 17 0 0.00 0.0 0 8.3 18 280 M M 1 26 280
29 69 38 54 4 11 0 0.00 0.0 0 5.4 14 110 M M 0 16 110
================================================================================
SM 1629 1103 514 0 7.33 T 269.9 M 165
================================================================================
AV 56.2 38.0 9.3 FASTST M M 6 MAX(MPH)
MISC ----> # 31 280 # 46 270
================================================================================
NOTES:
# LAST OF SEVERAL OCCURRENCES
COLUMN 17 PEAK WIND IN M.P.H.
PRELIMINARY LOCAL CLIMATOLOGICAL DATA (WS FORM: F-6) , PAGE 2
STATION: Pine Bluff
MONTH: FEBRUARY
YEAR: 2020
LATITUDE: 34 10 N
LONGITUDE: 91 56 W
[TEMPERATURE DATA] [PRECIPITATION DATA] SYMBOLS USED IN COLUMN 16
AVERAGE MONTHLY: 47.1 TOTAL FOR MONTH: 7.33 1 = FOG OR MIST
DPTR FM NORMAL: 1.0 DPTR FM NORMAL: 3.27 2 = FOG REDUCING VISIBILITY
HIGHEST: 76 ON 2 GRTST 24HR 2.71 ON 10-10 TO 1/4 MILE OR LESS
LOWEST: 25 ON 22 3 = THUNDER
SNOW, ICE PELLETS, HAIL 4 = ICE PELLETS
TOTAL MONTH: T 5 = HAIL
GRTST 24HR T ON 6- 6 6 = FREEZING RAIN OR DRIZZLE
GRTST DEPTH: 0 7 = DUSTSTORM OR SANDSTORM:
VSBY 1/2 MILE OR LESS
8 = SMOKE OR HAZE
[NO. OF DAYS WITH] [WEATHER - DAYS WITH] 9 = BLOWING SNOW
X = TORNADO
MAX 32 OR BELOW: 0 0.01 INCH OR MORE: 13
MAX 90 OR ABOVE: 0 0.10 INCH OR MORE: 7
MIN 32 OR BELOW: 8 0.50 INCH OR MORE: 4
MIN 0 OR BELOW: 0 1.00 INCH OR MORE: 2
[HDD (BASE 65) ]
TOTAL THIS MO. 514 CLEAR (SCALE 0-3) 12
DPTR FM NORMAL -16 PTCLDY (SCALE 4-7) 5
TOTAL FM JUL 1 2303 CLOUDY (SCALE 8-10) 12
DPTR FM NORMAL -100
[CDD (BASE 65) ]
TOTAL THIS MO. 0
DPTR FM NORMAL -2 [PRESSURE DATA]
TOTAL FM JAN 1 1 HIGHEST SLP 30.74 ON 21
DPTR FM NORMAL -2 LOWEST SLP 29.54 ON 24
[REMARKS]
#FINAL-02-20#