000
CXUS53 KARX 010900
CF6PDC
PRELIMINARY LOCAL CLIMATOLOGICAL DATA (WS FORM: F-6)
STATION: PRAIRIE_DU_CHIEN_MUN
MONTH: SEPTEMBER
YEAR: 2021
LATITUDE: 43 1 N
LONGITUDE: 91 7 W
TEMPERATURE IN F: :PCPN: SNOW: WIND :SUNSHINE: SKY :PK WND
================================================================================
1 2 3 4 5 6A 6B 7 8 9 10 11 12 13 14 15 16 17 18
12Z AVG MX 2MIN
DY MAX MIN AVG DEP HDD CDD WTR SNW DPTH SPD SPD DIR MIN PSBL S-S WX SPD DR
================================================================================
1 76 56 66 M 0 1 0.00 0.0 0 3.1 9 110 M M 1 M M
2 73 54 64 M 1 0 0.00 0.0 0 3.0 7 80 M M 2 12 M M
3 66 60 63 M 2 0 0.30 0.0 0 5.1 9 100 M M 10 1 M M
4 73 57 65 M 0 0 0.00 0.0 0 3.7 14 320 M M 6 1 20 300
5 82 53 68 M 0 3 0.00 0.0 0 3.3 13 280 M M 1 21 270
6 79 55 67 M 0 2 0.00 0.0 0 1.2 5 120 M M 2 12 M M
7 80 60 70 M 0 5 0.02 0.0 0 5.6 13 280 M M 1 23 280
8 75 54 65 M 0 0 0.00 0.0 0 6.4 18 290 M M 2 23 290
9 75 52 64 M 1 0 0.00 0.0 0 2.0 8 330 M M 1 M M
10 79 51 65 M 0 0 0.00 0.0 0 2.4 8 140 M M 1 1 M M
11 86 57 72 M 0 7 0.00 0.0 0 1.8 6 210 M M 1 M M
12 73 63 68 M 0 3 0.26 0.0 0 3.5 12 320 M M 7 1 17 320
13 74 61 68 M 0 3 0.43 0.0 0 4.3 9 100 M M 7 M M
14 74 56 65 M 0 0 T 0.0 0 8.3 15 290 M M 5 18 290
15 76 51 64 M 1 0 0.00 0.0 0 1.4 6 110 M M 0 M M
16 82 54 68 M 0 3 0.00 0.0 0 5.4 10 160 M M 0 17 150
17 76 51 64 M 1 0 0.00 0.0 0 4.6 14 300 M M 1 18 330
18 79 47 63 M 2 0 0.00 0.0 0 1.4 6 70 M M 1 1 M M
19 87 62 75 M 0 10 0.00 0.0 0 5.4 9 140 M M 0 17 140
20 83 60 72 M 0 7 0.75 0.0 0 7.5 12 290 M M 5 1 25 290
21 70 51 61 M 4 0 0.00 0.0 0 7.1 13 330 M M 3 20 320
22 67 47 57 M 8 0 0.00 0.0 0 3.9 9 350 M M 1 18 350
23 71 45 58 M 7 0 0.00 0.0 0 1.8 8 320 M M 2 12 16 320
24 75 46 61 M 4 0 0.04 0.0 0 5.5 17 300 M M 2 30 310
25 67 44 56 M 9 0 0.00 0.0 0 3.8 14 260 M M 2 22 260
26 84 49 67 M 0 2 0.00 0.0 0 2.9 8 190 M M 0 M M
27 83 53 68 M 0 3 0.00 0.0 0 2.5 9 330 M M 0 M M
28 79 51 65 M 0 0 0.00 0.0 0 2.7 7 90 M M 0 M M
29 85 51 68 M 0 3 0.00 0.0 0 2.4 9 110 M M 0 M M
30 85 58 72 M 0 7 0.00 0.0 0 2.1 6 110 M M 1 18 M M
================================================================================
SM 2314 1609 40 59 1.80 0.0 114.1 M 65
================================================================================
AV 77.1 53.6 3.8 FASTST M M 2 MAX(MPH)
MISC ----> 18 290 30 310
================================================================================
NOTES:
# LAST OF SEVERAL OCCURRENCES
COLUMN 17 PEAK WIND IN M.P.H.
PRELIMINARY LOCAL CLIMATOLOGICAL DATA (WS FORM: F-6) , PAGE 2
STATION: PRAIRIE_DU_CHIEN_MUN
MONTH: SEPTEMBER
YEAR: 2021
LATITUDE: 43 1 N
LONGITUDE: 91 7 W
[TEMPERATURE DATA] [PRECIPITATION DATA] SYMBOLS USED IN COLUMN 16
AVERAGE MONTHLY: 65.4 TOTAL FOR MONTH: 1.80 1 = FOG OR MIST
DPTR FM NORMAL: 0.0 DPTR FM NORMAL: M 2 = FOG REDUCING VISIBILITY
HIGHEST: 87 ON 19 GRTST 24HR 0.75 ON 20-20 TO 1/4 MILE OR LESS
LOWEST: 44 ON 25 3 = THUNDER
SNOW, ICE PELLETS, HAIL 4 = ICE PELLETS
TOTAL MONTH: 0.0 INCH 5 = HAIL
GRTST 24HR 0.0 6 = FREEZING RAIN OR DRIZZLE
GRTST DEPTH: 0 7 = DUSTSTORM OR SANDSTORM:
VSBY 1/2 MILE OR LESS
8 = SMOKE OR HAZE
[NO. OF DAYS WITH] [WEATHER - DAYS WITH] 9 = BLOWING SNOW
X = TORNADO
MAX 32 OR BELOW: 0 0.01 INCH OR MORE: 6
MAX 90 OR ABOVE: 0 0.10 INCH OR MORE: 4
MIN 32 OR BELOW: 0 0.50 INCH OR MORE: 1
MIN 0 OR BELOW: 0 1.00 INCH OR MORE: 0
[HDD (BASE 65) ]
TOTAL THIS MO. 40 CLEAR (SCALE 0-3) 24
DPTR FM NORMAL M PTCLDY (SCALE 4-7) 5
TOTAL FM JUL 1 40 CLOUDY (SCALE 8-10) 1
DPTR FM NORMAL M
[CDD (BASE 65) ]
TOTAL THIS MO. 59
DPTR FM NORMAL M [PRESSURE DATA]
TOTAL FM JAN 1 913 HIGHEST SLP M ON M
DPTR FM NORMAL M LOWEST SLP M ON M
[REMARKS]
#FINAL-09-21#