000
CXUS54 KMAF 011110
CF6PEQ
PRELIMINARY LOCAL CLIMATOLOGICAL DATA (WS FORM: F-6)
STATION: PECOS MUNICIPAL AIRPORT
MONTH: MAY
YEAR: 2023
LATITUDE: 31 22 N
LONGITUDE: 103 31 W
TEMPERATURE IN F: :PCPN: SNOW: WIND :SUNSHINE: SKY :PK WND
================================================================================
1 2 3 4 5 6A 6B 7 8 9 10 11 12 13 14 15 16 17 18
12Z AVG MX 2MIN
DY MAX MIN AVG DEP HDD CDD WTR SNW DPTH SPD SPD DIR MIN PSBL S-S WX SPD DR
================================================================================
1 79 55 67 M 0 2 M M M 3.5 9 330 M M 0 M M
2 91 59 75 M 0 10 M M M 4.0 20 140 M M 1 31 140
3 88 59 74 M 0 9 0.74 M M 9.7 36 60 M M 1 3 43 60
4 89 58 74 M 0 9 M M M 6.4 17 240 M M 1 33 240
5 94 52 73 M 0 8 M M M 6.4 18 260 M M 0 26 260
6 94 55 75 M 0 10 M M M 4.5 17 270 M M 0 24 270
7 95 50 73 M 0 8 M M M 1.2 10 270 M M 0 M M
8 96 55 76 M 0 11 M M M 3.4 21 170 M M 0 30 170
9 99 65 82 M 0 17 M M M 5.2 20 270 M M 0 8 31 0
10 94 63 79 M 0 14 M M M 8.0 17 150 M M 0 37 0
11 90 61 76 M 0 11 M M M 9.4 22 260 M M 0 30 260
12 91 52 72 M 0 7 M M M 6.8 35 110 M M 1 8 44 120
13 79 60 70 M 0 5 M M M 4.5 14 40 M M 3 21 10
14 81 55 68 M 0 3 M M M 3.7 10 340 M M 1 22 340
15 84 62 73 M 0 8 M M M 6.1 16 130 M M 4 18 330
16 85 60 73 M 0 8 M M M 1.5 8 140 M M 3 M M
17 94 58 76 M 0 11 M M M 4.5 17 120 M M 0 23 110
18 91 67 79 M 0 14 0.03 M M 5.1 13 140 M M 2 23 220
19 93 66 80 M 0 15 M M M 10.0 23 170 M M 1 30 170
20 75 61 68 M 0 3 0.13 M M 6.1 18 30 M M 7 28 30
21 86 61 74 M 0 9 0.04 M M 5.4 14 110 M M 3 13 20 110
22 86 62 74 M 0 9 M M M 4.0 14 280 M M 2 20 160
23 98 55 77 M 0 12 M M M 5.0 21 120 M M 0 31 200
24 96 67 82 M 0 17 M M M 9.1 26 130 M M 1 32 130
25 89 69 79 M 0 14 M M M 15.6 20 120 M M 5 25 100
26 90 67 79 M 0 14 1.33 M M 16.2 25 100 M M 2 3 31 100
27 84 65 75 M 0 10 0.08 M M 7.5 17 110 M M 3 1 38 0
28 86 59 73 M 0 8 M M M 2.3 14 220 M M 0 17 0
29 95 60 78 M 0 13 M M M 1.7 9 100 M M 0 18 0
30 99 58 79 M 0 14 M M M 4.8 18 130 M M 0 25 120
31 96 68 82 M 0 17 0.28 M M 13.1 28 110 M M 1 3 37 110
================================================================================
SM 2787 1864 0 320 2.63 M 194.8 M 42
================================================================================
AV 89.9 60.1 6.3 FASTST M M 1 MAX(MPH)
MISC ----> 36 60 44 120
================================================================================
NOTES:
# LAST OF SEVERAL OCCURRENCES
COLUMN 17 PEAK WIND IN M.P.H.
PRELIMINARY LOCAL CLIMATOLOGICAL DATA (WS FORM: F-6) , PAGE 2
STATION: PECOS MUNICIPAL AIRPORT
MONTH: MAY
YEAR: 2023
LATITUDE: 31 22 N
LONGITUDE: 103 31 W
[TEMPERATURE DATA] [PRECIPITATION DATA] SYMBOLS USED IN COLUMN 16
AVERAGE MONTHLY: 75.0 TOTAL FOR MONTH: 2.63 1 = FOG OR MIST
DPTR FM NORMAL: 0.0 DPTR FM NORMAL: M 2 = FOG REDUCING VISIBILITY
HIGHEST: 99 ON 30, 9 GRTST 24HR 1.33 ON 26-26 TO 1/4 MILE OR LESS
LOWEST: 50 ON 7 3 = THUNDER
SNOW, ICE PELLETS, HAIL 4 = ICE PELLETS
TOTAL MONTH: M 5 = HAIL
GRTST 24HR M ON M 6 = FREEZING RAIN OR DRIZZLE
GRTST DEPTH: M ON M 7 = DUSTSTORM OR SANDSTORM:
VSBY 1/2 MILE OR LESS
8 = SMOKE OR HAZE
[NO. OF DAYS WITH] [WEATHER - DAYS WITH] 9 = BLOWING SNOW
X = TORNADO
MAX 32 OR BELOW: 0 0.01 INCH OR MORE: 7
MAX 90 OR ABOVE: 18 0.10 INCH OR MORE: 4
MIN 32 OR BELOW: 0 0.50 INCH OR MORE: 2
MIN 0 OR BELOW: 0 1.00 INCH OR MORE: 1
[HDD (BASE 65) ]
TOTAL THIS MO. 0 CLEAR (SCALE 0-3) 26
DPTR FM NORMAL M PTCLDY (SCALE 4-7) 5
TOTAL FM JUL 1 2199 CLOUDY (SCALE 8-10) 0
DPTR FM NORMAL M
[CDD (BASE 65) ]
TOTAL THIS MO. 320
DPTR FM NORMAL M [PRESSURE DATA]
TOTAL FM JAN 1 432 HIGHEST SLP M ON M
DPTR FM NORMAL M LOWEST SLP M ON M
[REMARKS]
#FINAL-05-23#