000
CXUS54 KEWX 011010
CF6PEZ
PRELIMINARY LOCAL CLIMATOLOGICAL DATA (WS FORM: F-6)
STATION: PLEASANTON MUNICIPAL AIRPORT
MONTH: MARCH
YEAR: 2022
LATITUDE: 28 57 N
LONGITUDE: 98 31 W
TEMPERATURE IN F: :PCPN: SNOW: WIND :SUNSHINE: SKY :PK WND
================================================================================
1 2 3 4 5 6A 6B 7 8 9 10 11 12 13 14 15 16 17 18
12Z AVG MX 2MIN
DY MAX MIN AVG DEP HDD CDD WTR SNW DPTH SPD SPD DIR MIN PSBL S-S WX SPD DR
================================================================================
1 75 27 51 M 14 0 0.00 M M 4.0 13 160 M M 0 24 170
2 78 34 56 M 9 0 0.00 M M 6.6 20 180 M M 0 1 25 150
3 79 46 63 M 2 0 0.00 M M 4.2 14 160 M M 3 1 21 160
4 85 62 74 M 0 9 0.00 M M 9.3 21 160 M M 7 36 160
5 87 65 76 M 0 11 0.00 M M 11.1 20 170 M M 6 26 160
6 86 70 78 M 0 13 0.00 M M 11.0 22 180 M M 7 31 180
7 72 52 62 M 3 0 0.00 M M 11.7 20 20 M M 10 30 80
8 63 42 53 M 12 0 0.00 M M 8.4 16 50 M M 7 1 22 50
9 67 42 55 M 10 0 0.00 M M 5.0 10 20 M M 0 M M
10 78 35 57 M 8 0 0.00 M M 6.4 18 170 M M 3 28 190
11 63 41 52 M 13 0 0.00 M M 10.2 16 360 M M 7 25 360
12 59 25 42 M 23 0 0.00 M M 3.4 10 300 M M 0 16 360
13 73 24 49 M 16 0 0.00 M M 6.5 17 140 M M 1 24 140
14 88 42 65 M 0 0 0.00 M M 10.9 29 190 M M 1 38 190
15 84 47 66 M 0 1 0.00 M M 9.3 17 300 M M 0 25 320
16 87 39 63 M 2 0 0.00 M M 9.0 22 160 M M 0 29 160
17 86 51 69 M 0 4 0.00 M M 8.5 22 180 M M 3 1 32 190
18 80 49 65 M 0 0 0.00 M M 9.2 18 340 M M 0 1 24 330
19 82 39 61 M 4 0 0.00 M M 5.3 13 160 M M 0 25 160
20 81 37 59 M 6 0 0.00 M M 9.1 22 160 M M 3 36 150
21 94 63 79 M 0 14 0.11 M M 14.7 27 190 M M 7 1 39 180
22 75 52 64 M 1 0 0.01 M M 10.6 25 280 M M 1 32 280
23 73 42 58 M 7 0 0.00 M M 5.0 17 330 M M 0 24 0
24 83 39 61 M 4 0 0.00 M M 8.4 27 310 M M 0 33 330
25 92 39 66 M 0 1 0.00 M M 5.6 13 190 M M 0 23 150
26 95 42 69 M 0 4 0.00 M M 8.5 20 180 M M 0 31 150
27 92 45 69 M 0 4 0.00 M M 8.3 20 160 M M 0 29 160
28 91 55 73 M 0 8 0.00 M M 9.2 16 150 M M 1 28 150
29 90 68 79 M 0 14 0.00 M M 13.9 21 130 M M 5 33 140
30 89 64 77 M 0 12 0.03 M M 11.5 24 290 M M 3 37 290
31 85 46 66 M 0 1 0.00 M M 5.0 15 80 M M 0 16 110
================================================================================
SM 2512 1424 134 96 0.15 M 259.9 M 75
================================================================================
AV 81.0 45.9 8.4 FASTST M M 2 MAX(MPH)
MISC ----> 29 190 39 180
================================================================================
NOTES:
# LAST OF SEVERAL OCCURRENCES
COLUMN 17 PEAK WIND IN M.P.H.
PRELIMINARY LOCAL CLIMATOLOGICAL DATA (WS FORM: F-6) , PAGE 2
STATION: PLEASANTON MUNICIPAL AIRPORT
MONTH: MARCH
YEAR: 2022
LATITUDE: 28 57 N
LONGITUDE: 98 31 W
[TEMPERATURE DATA] [PRECIPITATION DATA] SYMBOLS USED IN COLUMN 16
AVERAGE MONTHLY: 63.5 TOTAL FOR MONTH: 0.15 1 = FOG OR MIST
DPTR FM NORMAL: 0.0 DPTR FM NORMAL: M 2 = FOG REDUCING VISIBILITY
HIGHEST: 95 ON 26 GRTST 24HR 0.11 ON 21-21 TO 1/4 MILE OR LESS
LOWEST: 24 ON 13 3 = THUNDER
SNOW, ICE PELLETS, HAIL 4 = ICE PELLETS
TOTAL MONTH: M 5 = HAIL
GRTST 24HR M ON M 6 = FREEZING RAIN OR DRIZZLE
GRTST DEPTH: M ON M 7 = DUSTSTORM OR SANDSTORM:
VSBY 1/2 MILE OR LESS
8 = SMOKE OR HAZE
[NO. OF DAYS WITH] [WEATHER - DAYS WITH] 9 = BLOWING SNOW
X = TORNADO
MAX 32 OR BELOW: 0 0.01 INCH OR MORE: 3
MAX 90 OR ABOVE: 6 0.10 INCH OR MORE: 1
MIN 32 OR BELOW: 3 0.50 INCH OR MORE: 0
MIN 0 OR BELOW: 0 1.00 INCH OR MORE: 0
[HDD (BASE 65) ]
TOTAL THIS MO. 134 CLEAR (SCALE 0-3) 21
DPTR FM NORMAL M PTCLDY (SCALE 4-7) 9
TOTAL FM JUL 1 1063 CLOUDY (SCALE 8-10) 1
DPTR FM NORMAL M
[CDD (BASE 65) ]
TOTAL THIS MO. 96
DPTR FM NORMAL M [PRESSURE DATA]
TOTAL FM JAN 1 140 HIGHEST SLP M ON M
DPTR FM NORMAL M LOWEST SLP M ON M
[REMARKS]
#FINAL-03-22#