000
CXUS54 KEWX 132133
CF6PEZ
PRELIMINARY LOCAL CLIMATOLOGICAL DATA (WS FORM: F-6)
STATION: PLEASANTON MUNICIPAL AIRPORT
MONTH: DECEMBER
YEAR: 2020
LATITUDE: 28 57 N
LONGITUDE: 98 31 W
TEMPERATURE IN F: :PCPN: SNOW: WIND :SUNSHINE: SKY :PK WND
================================================================================
1 2 3 4 5 6A 6B 7 8 9 10 11 12 13 14 15 16 17 18
12Z AVG MX 2MIN
DY MAX MIN AVG DEP HDD CDD WTR SNW DPTH SPD SPD DIR MIN PSBL S-S WX SPD DR
================================================================================
1 67 27 47 M 18 0 0.00 M M 3.4 13 140 M M 0 18 140
2 73 43 58 M 7 0 0.00 M M 5.7 15 320 M M 2 22 10
3 61 40 51 M 14 0 0.00 M M 7.6 14 310 M M 0 21 310
4 58 34 46 M 19 0 0.00 M M 3.5 12 330 M M 0 M M
5 51 37 44 M 21 0 0.12 M M 1.7 7 330 M M 7 12 M M
6 68 35 52 M 13 0 0.00 M M 4.2 10 310 M M 1 1 18 330
7 73 38 56 M 9 0 0.00 M M 1.5 7 320 M M 0 M M
8 79 37 58 M 7 0 0.00 0.0 M 1.8 8 190 M M 0 M M
9 81 37 59 M 6 0 0.00 0.0 0 2.2 8 230 M M 0 M M
10 80 38 59 M 6 0 0.00 M M 3.9 13 140 M M 1 2 20 150
11 79 54 67 M 0 2 0.00 M M 1.8 7 290 M M 5 M M
12 71 47 59 M 6 0 0.00 M M 6.1 13 80 M M 2 18 60
13 79 46 63 M 2 0 0.00 M M 8.9 25 340 M M 6 18 32 340
14 58 32 45 M 20 0 0.00 M M 4.6 9 100 M M 0 17 360
15 67 37 52 M 13 0 0.00 M M 4.1 14 360 M M 3 22 360
16 63 33 48 M 17 0 0.00 M M 3.7 9 340 M M 0 M M
17 65 29 47 M 18 0 0.00 M M 1.8 6 150 M M 0 M M
18 69 35 52 M 13 0 0.00 M M 2.8 10 130 M M 6 18 80
19 78 45 62 M 3 0 0.00 M M 5.0 16 300 M M 5 22 330
20 76 38 57 M 8 0 0.00 M M 3.8 16 290 M M 0 21 210
21 78 33 56 M 9 0 0.00 M M 2.3 8 180 M M 0 21 170
22 78 46 62 M 3 0 0.00 M M 5.4 14 170 M M 7 1 20 170
23 75 55 65 M 0 0 0.00 M M 3.2 16 20 M M 7 1 32 10
24 60 37 49 M 16 0 0.00 M M 9.3 20 10 M M 1 33 10
25 72 36 54 M 11 0 0.00 M M 4.3 9 280 M M 0 M M
26 73 37 55 M 10 0 0.00 M M 4.6 15 200 M M 0 22 200
27 80 39 60 M 5 0 0.00 M M 5.1 21 190 M M 0 27 190
28 81 57 69 M 0 4 0.00 M M 7.2 20 160 M M 8 12 31 140
29 80 65 73 M 0 8 0.00 M M 11.0 15 140 M M 7 28 130
30 78 49 64 M 1 0 0.12 M M 11.1 21 30 M M 10 28 20
31 49 38 44 M 21 0 0.59 M M 13.9 22 270 M M 8 30 270
================================================================================
SM 2200 1254 296 14 0.83 0.0 155.6 M 86
================================================================================
AV 71.0 40.5 5.0 FASTST M M 3 MAX(MPH)
MISC ----> 25 340 33 10
================================================================================
NOTES:
# LAST OF SEVERAL OCCURRENCES
COLUMN 17 PEAK WIND IN M.P.H.
PRELIMINARY LOCAL CLIMATOLOGICAL DATA (WS FORM: F-6) , PAGE 2
STATION: PLEASANTON MUNICIPAL AIRPORT
MONTH: DECEMBER
YEAR: 2020
LATITUDE: 28 57 N
LONGITUDE: 98 31 W
[TEMPERATURE DATA] [PRECIPITATION DATA] SYMBOLS USED IN COLUMN 16
AVERAGE MONTHLY: 55.7 TOTAL FOR MONTH: 0.83 1 = FOG OR MIST
DPTR FM NORMAL: 0.0 DPTR FM NORMAL: M 2 = FOG REDUCING VISIBILITY
HIGHEST: 81 ON 28, 9 GRTST 24HR 0.59 ON 31-31 TO 1/4 MILE OR LESS
LOWEST: 27 ON 1 3 = THUNDER
SNOW, ICE PELLETS, HAIL 4 = ICE PELLETS
TOTAL MONTH: 0.0 INCH 5 = HAIL
GRTST 24HR 0.0 6 = FREEZING RAIN OR DRIZZLE
GRTST DEPTH: 0 7 = DUSTSTORM OR SANDSTORM:
VSBY 1/2 MILE OR LESS
8 = SMOKE OR HAZE
[NO. OF DAYS WITH] [WEATHER - DAYS WITH] 9 = BLOWING SNOW
X = TORNADO
MAX 32 OR BELOW: 0 0.01 INCH OR MORE: 3
MAX 90 OR ABOVE: 0 0.10 INCH OR MORE: 3
MIN 32 OR BELOW: 3 0.50 INCH OR MORE: 1
MIN 0 OR BELOW: 0 1.00 INCH OR MORE: 0
[HDD (BASE 65) ]
TOTAL THIS MO. 296 CLEAR (SCALE 0-3) 19
DPTR FM NORMAL M PTCLDY (SCALE 4-7) 10
TOTAL FM JUL 1 406 CLOUDY (SCALE 8-10) 2
DPTR FM NORMAL M
[CDD (BASE 65) ]
TOTAL THIS MO. 14
DPTR FM NORMAL M [PRESSURE DATA]
TOTAL FM JAN 1 3743 HIGHEST SLP M ON M
DPTR FM NORMAL M LOWEST SLP M ON M
[REMARKS]
#FINAL-12-20#