000
CXUS52 KTBW 020418
CF6PGD
PRELIMINARY LOCAL CLIMATOLOGICAL DATA (WS FORM: F-6)
STATION: PUNTA GORDA
MONTH: JANUARY
YEAR: 2024
LATITUDE: 26 55 N
LONGITUDE: 82 0 W
TEMPERATURE IN F: :PCPN: SNOW: WIND :SUNSHINE: SKY :PK WND
================================================================================
1 2 3 4 5 6A 6B 7 8 9 10 11 12 13 14 15 16 17 18
12Z AVG MX 2MIN
DY MAX MIN AVG DEP HDD CDD WTR SNW DPTH SPD SPD DIR MIN PSBL S-S WX SPD DR
================================================================================
1 72 49 61 -2 4 0 0.00 0.0 0 5.6 15 220 M M 2 18 18 220
2 70 49 60 -3 5 0 0.00 0.0 0 5.8 12 360 M M 0 16 360
3 72 47 60 -3 5 0 0.00 0.0 0 7.7 21 160 M M 2 28 170
4 74 50 62 -1 3 0 0.02 0.0 0 9.9 17 340 M M 5 1 23 350
5 80 49 65 2 0 0 0.00 0.0 0 9.9 18 140 M M 3 24 110
6 77 66 72 9 0 7 0.76 0.0 0 11.2 29 180 M M 4 3 39 240
7 70 55 63 0 2 0 T 0.0 0 6.9 18 340 M M 7 12 24 330
8 70 54 62 -1 3 0 0.00 0.0 0 11.8 20 100 M M 6 25 100
9 82 64 73 10 0 8 0.34 0.0 0 19.2 40 190 M M 6 138 56 170
10 70 55 63 0 2 0 0.00 0.0 0 5.4 13 360 M M 5 16 10
11 64 53 59 -4 6 0 T 0.0 0 8.9 17 70 M M 8 24 60
12 83 62 73 11 0 8 0.06 0.0 0 11.8 26 200 M M 9 12 35 210
13 76 53 65 3 0 0 0.14 0.0 0 11.3 20 340 M M 7 1 29 220
14 61 53 57 -5 8 0 0.37 0.0 0 9.2 18 110 M M 8 1 25 100
15 72 60 66 4 0 1 1.29 0.0 0 6.1 17 160 M M 9 123 22 180
16 75 63 69 7 0 4 0.57 0.0 0 8.0 20 220 M M 9 123 29 220
17 68 53 61 -1 4 0 0.00 0.0 0 10.7 20 60 M M 6 24 60
18 76 55 66 3 0 1 0.10 0.0 0 8.0 15 60 M M 10 1 27 200
19 73 61 67 4 0 2 0.29 0.0 0 5.5 13 20 M M 6 1 17 10
20 67 49 58 -5 7 0 0.00 0.0 0 10.1 16 30 M M 1 21 40
21 66 41 54 -9 11 0 0.00 0.0 0 12.6 22 40 M M 0 28 40
22 73 50 62 -1 3 0 0.00 0.0 0 10.7 23 100 M M 2 29 100
23 81 59 70 7 0 5 0.00 0.0 0 10.3 20 120 M M 3 26 100
24 84 66 75 12 0 10 0.00 0.0 0 10.0 18 130 M M 4 1 25 110
25 85 67 76 13 0 11 0.00 0.0 0 7.7 18 130 M M 3 1 27 170
26 85 66 76 13 0 11 0.00 0.0 0 6.2 14 110 M M 2 1 20 110
27 86 67 77 14 0 12 0.00 0.0 0 7.7 21 160 M M 4 27 150
28 76 58 67 4 0 2 0.06 0.0 0 11.7 23 320 M M 5 1 30 310
29 65 50 58 -6 7 0 0.00 0.0 0 10.9 20 340 M M 1 26 330
30 69 45 57 -7 8 0 0.00 0.0 0 6.0 15 280 M M 0 19 250
31 75 47 61 -3 4 0 0.00 0.0 0 7.6 23 300 M M 1 1 30 290
================================================================================
SM 2297 1716 82 82 4.00 0.0 284.4 M 138
================================================================================
AV 74.1 55.4 9.2 FASTST M M 4 MAX(MPH)
MISC ----> 40 190 56 170
================================================================================
NOTES:
# LAST OF SEVERAL OCCURRENCES
COLUMN 17 PEAK WIND IN M.P.H.
PRELIMINARY LOCAL CLIMATOLOGICAL DATA (WS FORM: F-6) , PAGE 2
STATION: PUNTA GORDA
MONTH: JANUARY
YEAR: 2024
LATITUDE: 26 55 N
LONGITUDE: 82 0 W
[TEMPERATURE DATA] [PRECIPITATION DATA] SYMBOLS USED IN COLUMN 16
AVERAGE MONTHLY: 64.7 TOTAL FOR MONTH: 4.00 1 = FOG OR MIST
DPTR FM NORMAL: 1.8 DPTR FM NORMAL: 1.68 2 = FOG REDUCING VISIBILITY
HIGHEST: 86 ON 27 GRTST 24HR 1.29 ON 15-15 TO 1/4 MILE OR LESS
LOWEST: 41 ON 21 3 = THUNDER
SNOW, ICE PELLETS, HAIL 4 = ICE PELLETS
TOTAL MONTH: 0.0 INCH 5 = HAIL
GRTST 24HR 0.0 6 = FREEZING RAIN OR DRIZZLE
GRTST DEPTH: 0 7 = DUSTSTORM OR SANDSTORM:
VSBY 1/2 MILE OR LESS
8 = SMOKE OR HAZE
[NO. OF DAYS WITH] [WEATHER - DAYS WITH] 9 = BLOWING SNOW
X = TORNADO
MAX 32 OR BELOW: 0 0.01 INCH OR MORE: 11
MAX 90 OR ABOVE: 0 0.10 INCH OR MORE: 8
MIN 32 OR BELOW: 0 0.50 INCH OR MORE: 3
MIN 0 OR BELOW: 0 1.00 INCH OR MORE: 1
[HDD (BASE 65) ]
TOTAL THIS MO. 82 CLEAR (SCALE 0-3) 13
DPTR FM NORMAL -49 PTCLDY (SCALE 4-7) 14
TOTAL FM JUL 1 137 CLOUDY (SCALE 8-10) 4
DPTR FM NORMAL -96
[CDD (BASE 65) ]
TOTAL THIS MO. 82
DPTR FM NORMAL 16 [PRESSURE DATA]
TOTAL FM JAN 1 82 HIGHEST SLP 30.44 ON 22
DPTR FM NORMAL 16 LOWEST SLP 29.75 ON 9
[REMARKS]
#FINAL-01-24#