000
CXUS52 KTBW 030310
CF6PGD
PRELIMINARY LOCAL CLIMATOLOGICAL DATA (WS FORM: F-6)
STATION: Punta Gorda
MONTH: OCTOBER
YEAR: 2020
LATITUDE: 26 55 N
LONGITUDE: 82 0 W
TEMPERATURE IN F: :PCPN: SNOW: WIND :SUNSHINE: SKY :PK WND
================================================================================
1 2 3 4 5 6A 6B 7 8 9 10 11 12 13 14 15 16 17 18
12Z AVG MX 2MIN
DY MAX MIN AVG DEP HDD CDD WTR SNW DPTH SPD SPD DIR MIN PSBL S-S WX SPD DR
================================================================================
1 88 70 79 -1 0 14 0.00 0.0 0 7.6 13 60 M M 5 20 20
2 79 72 76 -4 0 11 T 0.0 0 7.1 17 30 M M 7 21 30
3 86 71 79 -1 0 14 M 0.0 0 9.5 16 60 M M 6 1 20 60
4 86 73 80 0 0 15 M 0.0 0 10.4 17 60 M M 7 1 21 70
5 92 75 84 5 0 19 T 0.0 0 10.7 18 90 M M 3 23 80
6 92 77 85 6 0 20 T 0.0 0 9.8 28 350 M M 3 29 340
7 93 78 86 7 0 21 0.00 0.0 0 8.7 16 150 M M 1 25 120
8 92 73 83 4 0 18 T 0.0 0 6.5 15 130 M M 3 1 18 120
9 93 73 83 5 0 18 0.73 0.0 0 8.8 26 160 M M 1 1 32 160
10 91 75 83 5 0 18 0.00 0.0 0 8.1 15 240 M M 1 19 200
11 89 77 83 5 0 18 0.00 0.0 0 7.8 18 240 M M 2 1 24 230
12 90 75 83 5 0 18 0.01 0.0 0 7.1 16 280 M M 3 1 20 280
13 91 71 81 3 0 16 0.00 0.0 0 5.5 15 360 M M 1 18 19 20
14 91 69 80 3 0 15 0.00 0.0 0 6.0 16 80 M M 1 1 20 80
15 92 69 81 4 0 16 0.00 0.0 0 4.9 13 130 M M 0 1 16 130
16 90 73 82 5 0 17 0.00 0.0 0 5.6 20 140 M M 3 1 24 130
17 90 72 81 5 0 16 0.00 0.0 0 10.4 21 70 M M 1 32 100
18 92 71 82 6 0 17 0.00 0.0 0 12.4 24 50 M M 2 34 50
19 85 73 79 3 0 14 0.03 0.0 0 9.8 30 130 M M 4 1 37 130
20 84 72 78 2 0 13 0.01 0.0 0 9.9 25 60 M M 1 31 60
21 87 71 79 4 0 14 0.30 0.0 0 10.7 28 80 M M 4 1 35 80
22 90 72 81 6 0 16 0.00 0.0 0 10.1 20 80 M M 4 25 110
23 87 73 80 5 0 15 0.00 0.0 0 9.1 20 70 M M 4 23 100
24 91 71 81 6 0 16 T 0.0 0 8.1 18 120 M M 3 23 120
25 88 74 81 7 0 16 0.08 0.0 0 4.6 18 180 M M 4 13 22 180
26 92 74 83 9 0 18 1.57 0.0 0 7.7 21 110 M M 5 13 26 110
27 91 75 83 9 0 18 0.19 0.0 0 8.9 23 140 M M 3 1 28 140
28 92 75 84 10 0 19 T 0.0 0 9.1 18 130 M M 3 23 140
29 89 74 82 9 0 17 0.00 0.0 0 8.2 17 220 M M 2 22 220
30 84 67 76 3 0 11 0.13 0.0 0 7.4 16 320 M M 3 1 21 300
31 86 67 77 4 0 12 0.00 0.0 0 9.7 17 90 M M 7 21 70
================================================================================
SM 2763 2252 0 500 3.05 0.0 260.2 M 97
================================================================================
AV 89.1 72.7 8.4 FASTST M M 3 MAX(MPH)
MISC ----> # 30 130 # 37 130
================================================================================
NOTES:
# LAST OF SEVERAL OCCURRENCES
COLUMN 17 PEAK WIND IN M.P.H.
PRELIMINARY LOCAL CLIMATOLOGICAL DATA (WS FORM: F-6) , PAGE 2
STATION: Punta Gorda
MONTH: OCTOBER
YEAR: 2020
LATITUDE: 26 55 N
LONGITUDE: 82 0 W
[TEMPERATURE DATA] [PRECIPITATION DATA] SYMBOLS USED IN COLUMN 16
AVERAGE MONTHLY: 80.9 TOTAL FOR MONTH: 3.05 1 = FOG OR MIST
DPTR FM NORMAL: 4.2 DPTR FM NORMAL: -0.10 2 = FOG REDUCING VISIBILITY
HIGHEST: 93 ON 9, 7 GRTST 24HR 1.57 ON 26-26 TO 1/4 MILE OR LESS
LOWEST: 67 ON 31,30 3 = THUNDER
SNOW, ICE PELLETS, HAIL 4 = ICE PELLETS
TOTAL MONTH: 0.0 INCH 5 = HAIL
GRTST 24HR 0.0 6 = FREEZING RAIN OR DRIZZLE
GRTST DEPTH: 0 7 = DUSTSTORM OR SANDSTORM:
VSBY 1/2 MILE OR LESS
8 = SMOKE OR HAZE
[NO. OF DAYS WITH] [WEATHER - DAYS WITH] 9 = BLOWING SNOW
X = TORNADO
MAX 32 OR BELOW: 0 0.01 INCH OR MORE: 9
MAX 90 OR ABOVE: 18 0.10 INCH OR MORE: 5
MIN 32 OR BELOW: 0 0.50 INCH OR MORE: 2
MIN 0 OR BELOW: 0 1.00 INCH OR MORE: 1
[HDD (BASE 65) ]
TOTAL THIS MO. 0 CLEAR (SCALE 0-3) 17
DPTR FM NORMAL -3 PTCLDY (SCALE 4-7) 14
TOTAL FM JUL 1 0 CLOUDY (SCALE 8-10) 0
DPTR FM NORMAL -3
[CDD (BASE 65) ]
TOTAL THIS MO. 500
DPTR FM NORMAL 135 [PRESSURE DATA]
TOTAL FM JAN 1 4016 HIGHEST SLP 30.13 ON 31
DPTR FM NORMAL 655 LOWEST SLP 29.83 ON 25
[REMARKS]
#FINAL-10-20#