000
CXUS51 KPBZ 010730
CF6PHD
PRELIMINARY LOCAL CLIMATOLOGICAL DATA (WS FORM: F-6)
STATION: NEW PHILADELPHIA OH
MONTH: JUNE
YEAR: 2021
LATITUDE: 40 28 N
LONGITUDE: 81 25 W
TEMPERATURE IN F: :PCPN: SNOW: WIND :SUNSHINE: SKY :PK WND
================================================================================
1 2 3 4 5 6A 6B 7 8 9 10 11 12 13 14 15 16 17 18
12Z AVG MX 2MIN
DY MAX MIN AVG DEP HDD CDD WTR SNW DPTH SPD SPD DIR MIN PSBL S-S WX SPD DR
================================================================================
1 76 51 64 -2 1 0 0.00 M M 1.6 8 180 M M 1 13 120
2 70 57 64 -2 1 0 0.12 M M 3.5 9 130 M M 8 1 13 130
3 69 63 66 0 0 1 0.70 M M 2.9 9 180 M M 10 13 13 190
4 83 58 71 4 0 6 T M M 3.2 13 270 M M 4 12 18 220
5 87 59 73 6 0 8 0.00 M M 4.1 14 230 M M 0 21 200
6 88 59 74 7 0 9 0.00 M M 4.2 13 180 M M 1 1 16 190
7 85 69 77 9 0 12 0.48 M M 3.8 21 160 M M 3 13 28 170
8 84 68 76 8 0 11 0.33 M M 2.5 15 300 M M 4 123 22 300
9 82 68 75 7 0 10 0.04 M M 2.7 12 230 M M 4 1 14 210
10 83 65 74 6 0 9 T M M 3.1 12 40 M M 4 12 14 50
11 81 69 75 6 0 10 0.02 M M 2.8 9 100 M M 7 1 14 10
12 87 64 76 7 0 11 0.00 M M 1.4 9 100 M M 5 128 13 100
13 87 63 75 6 0 10 0.00 M M 2.5 17 340 M M 4 123 22 340
14 83 60 72 3 0 7 0.00 M M 6.1 17 340 M M 3 12 24 310
15 76 51 64 -6 1 0 0.00 M M 7.4 20 330 M M 2 25 330
16 76 45 61 -9 4 0 0.00 M M 4.2 15 10 M M 0 21 350
17 80 46 63 -7 2 0 0.00 M M 2.9 10 290 M M 0 17 310
18 78 60 69 -1 0 4 0.06 M M 5.5 18 160 M M 2 1 30 160
19 79 68 74 4 0 9 0.05 M M 5.4 14 250 M M 6 138 21 260
20 87 66 77 6 0 12 0.14 M M 5.4 12 210 M M 4 13 17 260
21 87 63 75 4 0 10 0.28 M M 8.8 21 290 M M 4 13 32 300
22 68 48 58 -13 7 0 0.03 M M 6.6 16 340 M M 5 21 290
23 77 46 62 -9 3 0 0.00 M M 3.2 10 260 M M 1 14 230
24 84 52 68 -3 0 3 0.00 M M 5.5 15 170 M M 1 22 200
25 83 66 75 3 0 10 T M M 6.8 15 170 M M 1 21 170
26 86 71 79 7 0 14 0.00 M M 7.9 14 170 M M 2 20 170
27 90 68 79 7 0 14 0.00 M M 6.6 14 230 M M 1 22 210
28 93 69 81 9 0 16 0.00 M M 3.9 13 180 M M 1 21 260
29 93 69 81 9 0 16 0.00 M M 3.3 20 300 M M 1 3 27 300
30 87 68 78 6 0 13 0.45 M M 1.8 20 340 M M 4 138 24 350
================================================================================
SM 2469 1829 19 225 2.70 M 129.6 M 93
================================================================================
AV 82.3 61.0 4.3 FASTST M M 3 MAX(MPH)
MISC ----> # 21 160 32 300
================================================================================
NOTES:
# LAST OF SEVERAL OCCURRENCES
COLUMN 17 PEAK WIND IN M.P.H.
PRELIMINARY LOCAL CLIMATOLOGICAL DATA (WS FORM: F-6) , PAGE 2
STATION: NEW PHILADELPHIA OH
MONTH: JUNE
YEAR: 2021
LATITUDE: 40 28 N
LONGITUDE: 81 25 W
[TEMPERATURE DATA] [PRECIPITATION DATA] SYMBOLS USED IN COLUMN 16
AVERAGE MONTHLY: 71.6 TOTAL FOR MONTH: 2.70 1 = FOG OR MIST
DPTR FM NORMAL: 2.1 DPTR FM NORMAL: -1.53 2 = FOG REDUCING VISIBILITY
HIGHEST: 93 ON 29,28 GRTST 24HR 0.81 ON 2- 3 TO 1/4 MILE OR LESS
LOWEST: 45 ON 16 3 = THUNDER
SNOW, ICE PELLETS, HAIL 4 = ICE PELLETS
TOTAL MONTH: M 5 = HAIL
GRTST 24HR M ON M 6 = FREEZING RAIN OR DRIZZLE
GRTST DEPTH: M ON M 7 = DUSTSTORM OR SANDSTORM:
VSBY 1/2 MILE OR LESS
8 = SMOKE OR HAZE
[NO. OF DAYS WITH] [WEATHER - DAYS WITH] 9 = BLOWING SNOW
X = TORNADO
MAX 32 OR BELOW: 0 0.01 INCH OR MORE: 12
MAX 90 OR ABOVE: 3 0.10 INCH OR MORE: 7
MIN 32 OR BELOW: 0 0.50 INCH OR MORE: 1
MIN 0 OR BELOW: 0 1.00 INCH OR MORE: 0
[HDD (BASE 65) ]
TOTAL THIS MO. 19 CLEAR (SCALE 0-3) 15
DPTR FM NORMAL -11 PTCLDY (SCALE 4-7) 13
TOTAL FM JUL 1 5296 CLOUDY (SCALE 8-10) 2
DPTR FM NORMAL -271
[CDD (BASE 65) ]
TOTAL THIS MO. 225
DPTR FM NORMAL 62 [PRESSURE DATA]
TOTAL FM JAN 1 294 HIGHEST SLP M ON M
DPTR FM NORMAL 69 LOWEST SLP 29.57 ON 21
[REMARKS]
#FINAL-06-21#