000
CXUS55 KPIH 011100
CF6PIH
PRELIMINARY LOCAL CLIMATOLOGICAL DATA (WS FORM: F-6)
STATION: POCATELLO
MONTH: OCTOBER
YEAR: 2022
LATITUDE: 42 55 N
LONGITUDE: 112 36 W
TEMPERATURE IN F: :PCPN: SNOW: WIND :SUNSHINE: SKY :PK WND
================================================================================
1 2 3 4 5 6A 6B 7 8 9 10 11 12 13 14 15 16 17 18
12Z AVG MX 2MIN
DY MAX MIN AVG DEP HDD CDD WTR SNW DPTH SPD SPD DIR MIN PSBL S-S WX SPD DR
================================================================================
1 61 40 51 -3 14 0 0.01 0.0 0 3.2 12 350 M M 6 13 350
2 72 34 53 0 12 0 0.00 0.0 0 3.4 14 320 M M 1 17 320
3 72 37 55 2 10 0 0.00 0.0 0 3.1 10 320 M M 3 13 90
4 74 38 56 4 9 0 0.00 0.0 0 3.0 12 350 M M 2 8 15 340
5 78 35 57 5 8 0 0.00 0.0 0 4.2 10 350 M M 0 14 340
6 78 34 56 5 9 0 0.00 0.0 0 3.3 10 310 M M 0 15 320
7 78 36 57 6 8 0 0.00 0.0 0 3.2 10 250 M M 0 12 250
8 75 35 55 5 10 0 0.00 0.0 0 1.9 9 290 M M 0 12 290
9 76 35 56 6 9 0 0.00 0.0 0 3.2 12 300 M M 0 16 300
10 75 34 55 5 10 0 0.00 0.0 0 10.8 25 250 M M 0 32 250
11 69 45 57 8 8 0 0.00 0.0 0 13.7 23 250 M M 0 29 250
12 71 37 54 5 11 0 0.00 0.0 0 10.4 16 260 M M 0 24 260
13 73 31 52 4 13 0 0.00 0.0 0 3.2 9 320 M M 0 12 220
14 72 30 51 3 14 0 0.00 0.0 0 5.4 13 270 M M 0 18 260
15 70 29 50 2 15 0 0.00 0.0 0 9.1 24 30 M M 0 32 30
16 73 29 51 4 14 0 0.00 0.0 0 5.0 14 60 M M 0 20 60
17 76 31 54 7 11 0 0.00 0.0 0 3.9 9 100 M M 0 16 20
18 77 30 54 8 11 0 0.00 0.0 0 2.4 8 290 M M 0 11 350
19 73 26 50 4 15 0 0.00 0.0 0 2.9 9 230 M M 0 8 13 270
20 73 28 51 6 14 0 0.00 0.0 0 7.6 20 230 M M 0 25 210
21 71 39 55 10 10 0 0.00 0.0 0 13.4 28 240 M M 1 35 270
22 57 36 47 2 18 0 0.42 0.0 0 16.2 36 230 M M 9 1 44 230
23 42 33 38 -6 27 0 0.03 0.1 0 12.7 21 230 M M 9 18 27 230
24 48 30 39 -5 26 0 0.01 0.0 0 17.5 28 220 M M 7 38 260
25 48 28 38 -6 27 0 0.02 0.0 0 14.1 29 210 M M 5 37 210
26 44 25 35 -8 30 0 0.15 0.8 0 12.8 32 250 M M 7 13 42 240
27 44 23 34 -9 31 0 0.00 0.0 1 7.6 17 240 M M 2 23 250
28 53 18 36 -6 29 0 0.00 0.0 0 3.3 13 200 M M 0 15 200
29 52 25 39 -3 26 0 0.00 0.0 0 2.7 9 260 M M 0 13 250
30 55 22 39 -3 26 0 0.00 0.0 0 5.4 18 230 M M 0 23 260
31 63 31 47 6 18 0 0.00 0.0 0 7.1 15 180 M M 1 26 200
================================================================================
SM 2043 984 493 0 0.64 0.9 215.7 M 53
================================================================================
AV 65.9 31.7 7.0 FASTST M M 2 MAX(MPH)
MISC ----> 36 230 44 230
================================================================================
NOTES:
# LAST OF SEVERAL OCCURRENCES
COLUMN 17 PEAK WIND IN M.P.H.
PRELIMINARY LOCAL CLIMATOLOGICAL DATA (WS FORM: F-6) , PAGE 2
STATION: POCATELLO
MONTH: OCTOBER
YEAR: 2022
LATITUDE: 42 55 N
LONGITUDE: 112 36 W
[TEMPERATURE DATA] [PRECIPITATION DATA] SYMBOLS USED IN COLUMN 16
AVERAGE MONTHLY: 48.8 TOTAL FOR MONTH: 0.64 1 = FOG OR MIST
DPTR FM NORMAL: 1.7 DPTR FM NORMAL: -0.35 2 = FOG REDUCING VISIBILITY
HIGHEST: 78 ON 7, 6 GRTST 24HR 0.42 ON 22-22 TO 1/4 MILE OR LESS
LOWEST: 18 ON 28 3 = THUNDER
SNOW, ICE PELLETS, HAIL 4 = ICE PELLETS
TOTAL MONTH: 0.9 INCH 5 = HAIL
GRTST 24HR 0.8 ON 26-26 6 = FREEZING RAIN OR DRIZZLE
GRTST DEPTH: 1 ON 27 7 = DUSTSTORM OR SANDSTORM:
VSBY 1/2 MILE OR LESS
8 = SMOKE OR HAZE
[NO. OF DAYS WITH] [WEATHER - DAYS WITH] 9 = BLOWING SNOW
X = TORNADO
MAX 32 OR BELOW: 0 0.01 INCH OR MORE: 6
MAX 90 OR ABOVE: 0 0.10 INCH OR MORE: 2
MIN 32 OR BELOW: 16 0.50 INCH OR MORE: 0
MIN 0 OR BELOW: 0 1.00 INCH OR MORE: 0
[HDD (BASE 65) ]
TOTAL THIS MO. 493 CLEAR (SCALE 0-3) 25
DPTR FM NORMAL -61 PTCLDY (SCALE 4-7) 4
TOTAL FM JUL 1 578 CLOUDY (SCALE 8-10) 2
DPTR FM NORMAL -204
[CDD (BASE 65) ]
TOTAL THIS MO. 0
DPTR FM NORMAL 0 [PRESSURE DATA]
TOTAL FM JAN 1 667 HIGHEST SLP 30.46 ON 28
DPTR FM NORMAL 237 LOWEST SLP 29.38 ON 22
[REMARKS]
#FINAL-10-22#