000
CXUS54 KBRO 010800
CF6PIL
PRELIMINARY LOCAL CLIMATOLOGICAL DATA (WS FORM: F-6)
STATION: BAYVIEW
MONTH: AUGUST
YEAR: 2023
LATITUDE: 26 10 N
LONGITUDE: 97 20 W
TEMPERATURE IN F: :PCPN: SNOW: WIND :SUNSHINE: SKY :PK WND
================================================================================
1 2 3 4 5 6A 6B 7 8 9 10 11 12 13 14 15 16 17 18
12Z AVG MX 2MIN
DY MAX MIN AVG DEP HDD CDD WTR SNW DPTH SPD SPD DIR MIN PSBL S-S WX SPD DR
================================================================================
1 95 79 87 1 0 22 0.00 0.0 0 10.1 18 120 M M 1 25 100
2 95 77 86 0 0 21 0.00 0.0 0 9.1 18 110 M M 1 25 90
3 99 80 90 4 0 25 0.00 0.0 0 12.6 25 110 M M 1 32 110
4 100 81 91 5 0 26 0.00 0.0 0 13.1 24 140 M M 0 34 130
5 99 79 89 3 0 24 0.00 0.0 0 13.6 23 130 M M 0 32 140
6 99 83 91 5 0 26 0.00 0.0 0 14.4 25 130 M M 2 33 120
7 99 80 90 4 0 25 0.00 0.0 0 14.4 24 140 M M 2 35 150
8 99 80 90 4 0 25 0.00 0.0 0 14.0 26 150 M M 1 37 160
9 99 82 91 5 0 26 T 0.0 0 17.1 30 150 M M 1 38 150
10 98 82 90 4 0 25 T 0.0 0 15.8 26 160 M M 2 38 150
11 98 82 90 4 0 25 0.00 0.0 0 14.7 25 130 M M 1 37 130
12 99 83 91 5 0 26 0.00 0.0 0 15.2 25 140 M M 1 46 130
13 99 83 91 5 0 26 0.00 0.0 0 14.7 25 120 M M 1 34 130
14 95 79 87 1 0 22 0.00 0.0 0 10.8 22 100 M M 0 29 90
15 96 79 88 2 0 23 0.00 0.0 0 7.6 18 130 M M 0 24 90
16 96 77 87 1 0 22 0.00 0.0 0 8.6 20 130 M M 0 27 140
17 101 78 90 4 0 25 T 0.0 0 11.9 24 140 M M 0 32 130
18 97 81 89 3 0 24 0.00 0.0 0 11.9 24 110 M M 1 31 110
19 97 81 89 4 0 24 0.00 0.0 0 11.7 24 100 M M 1 32 110
20 94 80 87 2 0 22 0.00 0.0 0 7.4 21 80 M M 0 27 60
21 92 77 85 0 0 20 T 0.0 0 9.7 26 50 M M 1 37 60
22 89 77 83 -2 0 18 0.48 0.0 0 9.9 18 60 M M 6 1 24 60
23 93 78 86 1 0 21 0.13 0.0 0 7.8 16 90 M M 2 13 22 80
24 93 77 85 0 0 20 0.00 0.0 0 7.3 17 60 M M 1 23 50
25 92 79 86 1 0 21 0.00 0.0 0 7.8 18 50 M M 1 26 30
26 93 79 86 1 0 21 0.00 0.0 0 7.0 15 70 M M 1 23 60
27 95 76 86 1 0 21 0.00 0.0 0 6.9 17 70 M M 1 1 22 80
28 100 74 87 2 0 22 0.00 0.0 0 7.3 17 70 M M 0 1 22 80
29 95 77 86 1 0 21 0.02 0.0 0 5.6 16 20 M M 2 3 22 20
30 98 75 87 3 0 22 0.00 0.0 0 8.1 23 30 M M 1 1 31 40
31 99 73 86 2 0 21 0.00 0.0 0 9.2 21 80 M M 0 25 60
================================================================================
SM 2993 2448 0 712 0.63 0.0 335.3 M 32
================================================================================
AV 96.5 79.0 10.8 FASTST M M 1 MAX(MPH)
MISC ----> 30 150 46 130
================================================================================
NOTES:
# LAST OF SEVERAL OCCURRENCES
COLUMN 17 PEAK WIND IN M.P.H.
PRELIMINARY LOCAL CLIMATOLOGICAL DATA (WS FORM: F-6) , PAGE 2
STATION: BAYVIEW
MONTH: AUGUST
YEAR: 2023
LATITUDE: 26 10 N
LONGITUDE: 97 20 W
[TEMPERATURE DATA] [PRECIPITATION DATA] SYMBOLS USED IN COLUMN 16
AVERAGE MONTHLY: 87.8 TOTAL FOR MONTH: 0.63 1 = FOG OR MIST
DPTR FM NORMAL: 2.4 DPTR FM NORMAL: -0.70 2 = FOG REDUCING VISIBILITY
HIGHEST: 101 ON 17 GRTST 24HR 0.53 ON 22-23 TO 1/4 MILE OR LESS
LOWEST: 73 ON 31 3 = THUNDER
SNOW, ICE PELLETS, HAIL 4 = ICE PELLETS
TOTAL MONTH: 0.0 INCH 5 = HAIL
GRTST 24HR 0.0 6 = FREEZING RAIN OR DRIZZLE
GRTST DEPTH: 0 7 = DUSTSTORM OR SANDSTORM:
VSBY 1/2 MILE OR LESS
8 = SMOKE OR HAZE
[NO. OF DAYS WITH] [WEATHER - DAYS WITH] 9 = BLOWING SNOW
X = TORNADO
MAX 32 OR BELOW: 0 0.01 INCH OR MORE: 3
MAX 90 OR ABOVE: 30 0.10 INCH OR MORE: 2
MIN 32 OR BELOW: 0 0.50 INCH OR MORE: 0
MIN 0 OR BELOW: 0 1.00 INCH OR MORE: 0
[HDD (BASE 65) ]
TOTAL THIS MO. 0 CLEAR (SCALE 0-3) 30
DPTR FM NORMAL 0 PTCLDY (SCALE 4-7) 1
TOTAL FM JUL 1 0 CLOUDY (SCALE 8-10) 0
DPTR FM NORMAL 0
[CDD (BASE 65) ]
TOTAL THIS MO. 712
DPTR FM NORMAL 80 [PRESSURE DATA]
TOTAL FM JAN 1 3427 HIGHEST SLP M ON M
DPTR FM NORMAL 457 LOWEST SLP 29.75 ON 22
[REMARKS]
#FINAL-08-23#