000
CXUS55 KABR 011200
CF6PIR
PRELIMINARY LOCAL CLIMATOLOGICAL DATA (WS FORM: F-6)
STATION: PIERRE SD
MONTH: JANUARY
YEAR: 2021
LATITUDE: 44 22 N
LONGITUDE: 100 17 W
TEMPERATURE IN F: :PCPN: SNOW: WIND :SUNSHINE: SKY :PK WND
================================================================================
1 2 3 4 5 6A 6B 7 8 9 10 11 12 13 14 15 16 17 18
12Z AVG MX 2MIN
DY MAX MIN AVG DEP HDD CDD WTR SNW DPTH SPD SPD DIR MIN PSBL S-S WX SPD DR
================================================================================
1 40 15 28 8 37 0 0.00 0.0 1 5.8 13 290 M M 0 15 290
2 47 14 31 11 34 0 0.00 0.0 T 5.2 15 190 M M 0 18 180
3 48 23 36 16 29 0 T 0.0 T 7.0 14 280 M M 1 20 300
4 48 25 37 17 28 0 0.00 0.0 0 12.1 25 300 M M 1 35 310
5 41 23 32 12 33 0 0.00 0.0 0 10.0 21 140 M M 3 27 130
6 34 29 32 12 33 0 0.00 0.0 0 10.6 18 340 M M 8 12 24 330
7 34 32 33 13 32 0 T 0.0 0 8.4 14 140 M M 10 12 18 150
8 36 32 34 14 31 0 T 0.0 0 2.2 10 120 M M 10 1 13 120
9 34 30 32 12 33 0 0.00 0.0 0 4.0 9 350 M M 10 1 11 M
10 41 22 32 12 33 0 0.00 0.0 0 7.3 15 220 M M M 20 230
11 49 17 33 13 32 0 0.00 0.0 0 10.7 28 280 M M 0 22 290
12 54 27 41 21 24 0 0.00 0.0 0 7.0 17 260 M M M 21 250
13 54 27 41 21 24 0 T 0.0 0 11.2 43 310 M M 6 62 300
14 47 31 39 19 26 0 T T 0 36.7 51 330 M M 6 8 66 320
15 31 16 24 4 41 0 T T 0 23.3 44 330 M M 7 57 330
16 44 15 30 10 35 0 0.00 0.0 0 11.0 25 330 M M 4 36 330
17 41 26 34 14 31 0 0.00 0.0 0 12.1 24 310 M M 2 30 320
18 34 23 29 9 36 0 0.07 1.3 1 9.8 24 330 M M 9 18 32 340
19 35 19 27 7 38 0 0.00 0.0 1 15.3 32 320 M M 6 43 310
20 49 25 37 17 28 0 0.00 0.0 0 16.5 36 310 M M 0 47 310
21 39 23 31 11 34 0 0.00 0.0 0 15.4 29 310 M M 4 38 340
22 34 21 28 8 37 0 0.00 0.0 0 5.3 17 290 M M 8 22 250
23 28 14 21 1 44 0 0.13 1.7 T 8.2 16 150 M M 7 12 22 150
24 25 0 13 -7 52 0 0.00 0.0 2 8.9 20 140 M M 7 128 25 130
25 23 13 18 -2 47 0 T T 1 11.2 20 130 M M 10 1 24 130
26 18 3 11 -9 54 0 T T 1 6.7 12 100 M M 9 1 15 80
27 22 11 17 -3 48 0 T T 1 14.6 29 150 M M 4 1 39 130
28 31 11 21 0 44 0 0.00 0.0 1 8.9 25 140 M M 0 32 140
29 29 13 21 0 44 0 0.00 0.0 1 11.0 17 110 M M 7 18 22 130
30 28 25 27 6 38 0 T 0.0 1 10.9 22 340 M M 10 18 29 330
31 43 24 34 13 31 0 0.00 0.0 1 6.8 17 330 M M 7 12 21 340
================================================================================
SM 1161 629 1111 0 0.20 3.0 334.1 M 156
================================================================================
AV 37.5 20.3 10.8 FASTST M M 5 MAX(MPH)
MISC ----> 51 330 66 320
================================================================================
NOTES:
# LAST OF SEVERAL OCCURRENCES
COLUMN 17 PEAK WIND IN M.P.H.
PRELIMINARY LOCAL CLIMATOLOGICAL DATA (WS FORM: F-6) , PAGE 2
STATION: PIERRE SD
MONTH: JANUARY
YEAR: 2021
LATITUDE: 44 22 N
LONGITUDE: 100 17 W
[TEMPERATURE DATA] [PRECIPITATION DATA] SYMBOLS USED IN COLUMN 16
AVERAGE MONTHLY: 28.9 TOTAL FOR MONTH: 0.20 1 = FOG OR MIST
DPTR FM NORMAL: 9.0 DPTR FM NORMAL: -0.22 2 = FOG REDUCING VISIBILITY
HIGHEST: 54 ON 13,12 GRTST 24HR 0.20 ON 13-14 TO 1/4 MILE OR LESS
LOWEST: 0 ON 24 3 = THUNDER
SNOW, ICE PELLETS, HAIL 4 = ICE PELLETS
TOTAL MONTH: 3.0 INCHES 5 = HAIL
GRTST 24HR 1.7 ON 23-23 6 = FREEZING RAIN OR DRIZZLE
GRTST DEPTH: 2 ON 24 7 = DUSTSTORM OR SANDSTORM:
VSBY 1/2 MILE OR LESS
8 = SMOKE OR HAZE
[NO. OF DAYS WITH] [WEATHER - DAYS WITH] 9 = BLOWING SNOW
X = TORNADO
MAX 32 OR BELOW: 9 0.01 INCH OR MORE: 2
MAX 90 OR ABOVE: 0 0.10 INCH OR MORE: 1
MIN 32 OR BELOW: 31 0.50 INCH OR MORE: 0
MIN 0 OR BELOW: 1 1.00 INCH OR MORE: 0
[HDD (BASE 65) ]
TOTAL THIS MO. 1111 CLEAR (SCALE 0-3) 8
DPTR FM NORMAL -287 PTCLDY (SCALE 4-7) 13
TOTAL FM JUL 1 3766 CLOUDY (SCALE 8-10) 10
DPTR FM NORMAL -591
[CDD (BASE 65) ]
TOTAL THIS MO. 0
DPTR FM NORMAL 0 [PRESSURE DATA]
TOTAL FM JAN 1 0 HIGHEST SLP 30.47 ON 9
DPTR FM NORMAL 0 LOWEST SLP 29.50 ON 13
[REMARKS]
#FINAL-01-21#