343
CXUS51 KPBZ 010851
CF6PIT
PRELIMINARY LOCAL CLIMATOLOGICAL DATA (WS FORM: F-6)
STATION: PITTSBURGH PA
MONTH: FEBRUARY
YEAR: 2021
LATITUDE: 40 30 N
LONGITUDE: 80 13 W
TEMPERATURE IN F: :PCPN: SNOW: WIND :SUNSHINE: SKY :PK WND
================================================================================
1 2 3 4 5 6A 6B 7 8 9 10 11 12 13 14 15 16 17 18
12Z AVG MX 2MIN
DY MAX MIN AVG DEP HDD CDD WTR SNW DPTH SPD SPD DIR MIN PSBL S-S WX SPD DR
================================================================================
1 32 27 30 1 35 0 0.22 2.5 5 8.5 15 350 M M 10 1 17 350
2 30 22 26 -3 39 0 0.12 1.9 6 17.0 28 330 M M 9 1 36 330
3 33 17 25 -4 40 0 0.00 0.0 6 15.6 25 320 M M 6 31 330
4 38 8 23 -6 42 0 0.05 0.3 5 5.8 18 200 M M 6 1 25 210
5 38 28 33 3 32 0 0.04 0.1 4 13.5 26 240 M M 10 1 39 230
6 31 17 24 -6 41 0 0.01 0.1 4 8.0 20 230 M M 5 1 30 240
7 25 12 19 -11 46 0 T T 4 9.2 20 310 M M 6 24 300
8 28 10 19 -11 46 0 0.07 1.0 4 3.0 9 310 M M 9 1 13 30
9 29 22 26 -4 39 0 0.26 3.4 7 5.5 13 340 M M 10 1 15 350
10 26 18 22 -8 43 0 0.10 1.1 7 7.4 14 30 M M 10 1 17 20
11 27 19 23 -7 42 0 0.02 0.2 7 9.5 18 340 M M 10 22 340
12 28 21 25 -5 40 0 T T 7 7.6 14 60 M M 10 18 60
13 28 24 26 -5 39 0 T T 7 6.7 14 100 M M 10 16 16 80
14 27 23 25 -6 40 0 T T 7 6.2 14 290 M M 10 16 16 290
15 33 20 27 -4 38 0 0.65 1.5 6 8.9 15 60 M M 10 16 18 60
16 34 10 22 -9 43 0 0.13 1.6 6 10.3 22 240 M M 10 16 31 250
17 27 8 18 -13 47 0 0.02 0.2 7 3.5 9 40 M M 9 18 12 40
18 29 22 26 -6 39 0 0.08 0.9 7 6.0 13 110 M M 10 1 16 110
19 27 19 23 -9 42 0 0.02 0.6 8 7.6 16 270 M M 10 18 20 270
20 23 8 16 -16 49 0 T 0.1 8 8.8 21 290 M M 8 26 290
21 34 2 18 -14 47 0 0.00 0.0 8 4.3 12 140 M M 5 1 15 130
22 41 32 37 5 28 0 0.11 0.6 7 12.0 23 260 M M 10 1 32 270
23 45 33 39 6 26 0 0.01 T 6 12.4 28 290 M M 7 40 290
24 63 29 46 13 19 0 0.08 0.0 4 9.9 28 300 M M 7 35 250
25 44 28 36 3 29 0 0.00 0.0 0 9.2 21 350 M M 6 25 340
26 43 23 33 -1 32 0 0.00 0.0 0 7.1 17 110 M M 8 22 140
27 51 36 44 10 21 0 0.03 0.0 0 6.1 15 280 M M 9 20 260
28 59 37 48 14 17 0 0.80 0.0 0 7.1 17 140 M M 10 1 22 120
================================================================================
SM 973 575 1041 0 2.82 16.1 236.7 M 240
================================================================================
AV 34.8 20.5 8.5 FASTST M M 9 MAX(MPH)
MISC ----> # 28 330 40 290
================================================================================
NOTES:
# LAST OF SEVERAL OCCURRENCES
COLUMN 17 PEAK WIND IN M.P.H.
PRELIMINARY LOCAL CLIMATOLOGICAL DATA (WS FORM: F-6) , PAGE 2
STATION: PITTSBURGH PA
MONTH: FEBRUARY
YEAR: 2021
LATITUDE: 40 30 N
LONGITUDE: 80 13 W
[TEMPERATURE DATA] [PRECIPITATION DATA] SYMBOLS USED IN COLUMN 16
AVERAGE MONTHLY: 27.6 TOTAL FOR MONTH: 2.82 1 = FOG OR MIST
DPTR FM NORMAL: -3.5 DPTR FM NORMAL: 0.43 2 = FOG REDUCING VISIBILITY
HIGHEST: 63 ON 24 GRTST 24HR 0.80 ON 28-28 TO 1/4 MILE OR LESS
LOWEST: 2 ON 21 3 = THUNDER
SNOW, ICE PELLETS, HAIL 4 = ICE PELLETS
TOTAL MONTH: 16.1 INCHES 5 = HAIL
GRTST 24HR 3.4 ON 9- 9 6 = FREEZING RAIN OR DRIZZLE
GRTST DEPTH: 8 ON 21,20 7 = DUSTSTORM OR SANDSTORM:
VSBY 1/2 MILE OR LESS
8 = SMOKE OR HAZE
[NO. OF DAYS WITH] [WEATHER - DAYS WITH] 9 = BLOWING SNOW
X = TORNADO
MAX 32 OR BELOW: 15 0.01 INCH OR MORE: 19
MAX 90 OR ABOVE: 0 0.10 INCH OR MORE: 8
MIN 32 OR BELOW: 25 0.50 INCH OR MORE: 2
MIN 0 OR BELOW: 0 1.00 INCH OR MORE: 0
[HDD (BASE 65) ]
TOTAL THIS MO. 1041 CLEAR (SCALE 0-3) 0
DPTR FM NORMAL 97 PTCLDY (SCALE 4-7) 9
TOTAL FM JUL 1 4057 CLOUDY (SCALE 8-10) 19
DPTR FM NORMAL -200
[CDD (BASE 65) ]
TOTAL THIS MO. 0
DPTR FM NORMAL 0 [PRESSURE DATA]
TOTAL FM JAN 1 0 HIGHEST SLP 30.60 ON 21
DPTR FM NORMAL 0 LOWEST SLP 29.52 ON 5
[REMARKS]
#FINAL-02-21#