000
CXUS51 KPBZ 011439
CLSPIT
CLIMATE REPORT
NATIONAL WEATHER SERVICE PITTSBURGH PA
939 AM EST THU DEC 01 2022
...................................
...THE PITTSBURGH PA CLIMATE SUMMARY FOR THE SEASON, FROM
9/1/2022 TO 11/30/2022...
CLIMATE NORMAL PERIOD 1991 TO 2020
CLIMATE RECORD PERIOD 1871 TO 2022
WEATHER OBSERVED NORMAL DEPART LAST YEAR`S
VALUE DATE(S) VALUE FROM VALUE DATE(S)
NORMAL
................................................................
TEMPERATURE (F)
RECORD
HIGH 102 09/06/1881
LOW 11/30/1958
HIGHEST 84 09/02 90 -6 85 09/18
LOWEST 17 11/21 22 -5 21 11/24
AVG. MAXIMUM 62.5 63.0 -0.5 64.3
AVG. MINIMUM 43.7 44.3 -0.6 46.6
MEAN 53.1 53.6 -0.5 55.4
DAYS MAX >= 90 0 0.9 -0.9 0
DAYS MAX <= 32 3 1.1 1.9 0
DAYS MIN <= 32 14 16.1 -2.1 17
DAYS MIN <= 0 0 0.0 0.0 0
PRECIPITATION (INCHES)
RECORD
MAXIMUM 16.66 2018
MINIMUM 2.35 1908
TOTALS 10.91 8.99 1.92 8.65
DAILY AVG. 0.12 0.10 0.02 0.09
DAYS >= .01 34 32.9 1.1 37
DAYS >= .10 19 19.3 -0.3
DAYS >= .50 6 5.4 0.6 4
DAYS >= 1.00 2 1.4 0.6 2
GREATEST
24 HR. TOTAL 2.36 11/11 TO 11/11
STORM TOTAL 2.36
(MM/DD(HH))
SNOWFALL (INCHES)
RECORDS
TOTAL 30.3 1950
TOTALS 3.3 2.8 0.5 1.5
SINCE 7/1 3.3 2.8 0.5 MM
SNOWDEPTH AVG. T -1
DAYS >= TRACE 11 3.6 7.4 11
DAYS >= 1.0 1 0.8 0.2 0
GREATEST
24 HR TOTAL 0.0
STORM TOTAL 1.6
(MM/DD(HH))
DEGREE DAYS
HEATING TOTAL 1149 1129 20 974
SINCE 7/1 1149 1138 11 MM
COOLING TOTAL 89 96 -7 131
SINCE 1/1 852 797 55 MM
................................................................
WIND (MPH)
AVERAGE WIND SPEED 6.5
HIGHEST WIND SPEED/DIRECTION 35/290 DATE 11/30
HIGHEST GUST SPEED/DIRECTION 41/280 DATE 11/20
SKY COVER
AVERAGE SKY COVER 0.64
AVERAGE RH (PERCENT) 68
WEATHER CONDITIONS. NUMBER OF DAYS WITH
THUNDERSTORM 10 MIXED PRECIP 0
HEAVY RAIN 1 RAIN 11
LIGHT RAIN 34 FREEZING RAIN 0
LT FREEZING RAIN 0 HAIL 0
HEAVY SNOW 1 SNOW 2
LIGHT SNOW 11 SLEET 0
FOG 35 FOG W/VIS <= 1/4 MILE 2
HAZE 7
- INDICATES NEGATIVE NUMBERS.
R INDICATES RECORD WAS SET OR TIED.
MM INDICATES DATA IS MISSING.
T INDICATES TRACE AMOUNT.
$$