000
CXUS51 KRLX 011129
CF6PKB
PRELIMINARY LOCAL CLIMATOLOGICAL DATA (WS FORM: F-6)
STATION: PARKERSBURG WV
MONTH: JULY
YEAR: 2021
LATITUDE: 39 20 N
LONGITUDE: 81 26 W
TEMPERATURE IN F: :PCPN: SNOW: WIND :SUNSHINE: SKY :PK WND
================================================================================
1 2 3 4 5 6A 6B 7 8 9 10 11 12 13 14 15 16 17 18
12Z AVG MX 2MIN
DY MAX MIN AVG DEP HDD CDD WTR SNW DPTH SPD SPD DIR MIN PSBL S-S WX SPD DR
================================================================================
1 74 66 70 -4 0 5 0.46 M M 3.0 9 200 M M 9 12 15 230
2 76 59 68 -6 0 3 0.00 M M 6.0 15 320 M M 5 1 20 330
3 79 54 67 -7 0 2 0.00 M M 4.1 15 290 M M 3 1 21 290
4 86 62 74 0 0 9 0.00 M M 3.2 10 210 M M 4 1 13 210
5 89 62 76 1 0 11 0.00 M M 2.6 12 190 M M 2 18 14 200
6 90 69 80 5 0 15 0.00 M M 2.5 10 230 M M 1 18 13 200
7 91 69 80 5 0 15 0.06 M M 4.4 13 270 M M 2 18 18 280
8 85 70 78 3 0 13 0.45 M M 4.9 15 320 M M 7 13 20 320
9 80 64 72 -3 0 7 0.00 M M 5.3 16 290 M M 5 1 23 280
10 79 59 69 -6 0 4 T M M 2.9 13 100 M M 3 12 16 100
11 84 67 76 1 0 11 0.58 M M 5.1 16 200 M M 6 13 23 200
12 86 69 78 3 0 13 0.02 M M 4.7 14 260 M M 6 1 19 200
13 85 68 77 2 0 12 0.02 M M 6.3 17 190 M M 4 13 26 220
14 87 70 79 4 0 14 0.00 M M 3.7 12 340 M M 5 1 15 270
15 87 67 77 2 0 12 0.00 M M 4.4 13 230 M M 1 1 18 220
16 90 68 79 4 0 14 0.52 M M 4.7 30 280 M M 2 13 43 280
17 82 63 73 -2 0 8 0.37 M M 5.1 15 280 M M 4 138 21 300
18 82 59 71 -4 0 6 0.00 M M 1.6 8 310 M M 1 1 12 50
19 84 61 73 -2 0 8 0.00 M M 1.9 10 40 M M 2 128 12 310
20 86 64 75 0 0 10 0.00 M M 1.5 7 320 M M 4 128 10 320
21 81 61 71 -4 0 6 0.00 M M 3.8 15 320 M M 4 18 20 340
22 80 57 69 -6 0 4 0.00 M M 2.1 9 310 M M 2 1 12 10
23 81 57 69 -6 0 4 0.00 M M 1.1 9 330 M M 1 12 13 330
24 87 59 73 -2 0 8 0.00 M M 0.8 9 230 M M 1 128 13 210
25 88 68 78 3 0 13 0.01 M M 2.3 9 180 M M 4 18 11 190
26 91 65 78 3 0 13 0.00 M M 2.1 13 330 M M 4 18 18 340
27 90 59 75 0 0 10 0.00 M M 2.1 9 320 M M 0 1 12 20
28 90 61 76 1 0 11 0.00 M M 1.5 9 290 M M 1 1 14 300
29 89 66 78 3 0 13 T M M 4.2 15 240 M M 2 13 23 250
30 84 63 74 0 0 9 0.00 M M 5.1 15 320 M M 4 1 19 310
31 83 62 73 -1 0 8 T M M 2.9 12 310 M M 3 15 260
================================================================================
SM 2626 1968 0 291 2.49 M 105.9 M 102
================================================================================
AV 84.7 63.5 3.4 FASTST M M 3 MAX(MPH)
MISC ----> 30 280 43 280
================================================================================
NOTES:
# LAST OF SEVERAL OCCURRENCES
COLUMN 17 PEAK WIND IN M.P.H.
PRELIMINARY LOCAL CLIMATOLOGICAL DATA (WS FORM: F-6) , PAGE 2
STATION: PARKERSBURG WV
MONTH: JULY
YEAR: 2021
LATITUDE: 39 20 N
LONGITUDE: 81 26 W
[TEMPERATURE DATA] [PRECIPITATION DATA] SYMBOLS USED IN COLUMN 16
AVERAGE MONTHLY: 74.1 TOTAL FOR MONTH: 2.49 1 = FOG OR MIST
DPTR FM NORMAL: -0.6 DPTR FM NORMAL: -1.96 2 = FOG REDUCING VISIBILITY
HIGHEST: 91 ON 26, 7 GRTST 24HR 0.97 ON 30- 1 TO 1/4 MILE OR LESS
LOWEST: 54 ON 3 3 = THUNDER
SNOW, ICE PELLETS, HAIL 4 = ICE PELLETS
TOTAL MONTH: M 5 = HAIL
GRTST 24HR M ON M 6 = FREEZING RAIN OR DRIZZLE
GRTST DEPTH: M ON M 7 = DUSTSTORM OR SANDSTORM:
VSBY 1/2 MILE OR LESS
8 = SMOKE OR HAZE
[NO. OF DAYS WITH] [WEATHER - DAYS WITH] 9 = BLOWING SNOW
X = TORNADO
MAX 32 OR BELOW: 0 0.01 INCH OR MORE: 9
MAX 90 OR ABOVE: 6 0.10 INCH OR MORE: 5
MIN 32 OR BELOW: 0 0.50 INCH OR MORE: 2
MIN 0 OR BELOW: 0 1.00 INCH OR MORE: 0
[HDD (BASE 65) ]
TOTAL THIS MO. 0 CLEAR (SCALE 0-3) 16
DPTR FM NORMAL -1 PTCLDY (SCALE 4-7) 14
TOTAL FM JUL 1 0 CLOUDY (SCALE 8-10) 1
DPTR FM NORMAL 0
[CDD (BASE 65) ]
TOTAL THIS MO. 291
DPTR FM NORMAL -10 [PRESSURE DATA]
TOTAL FM JAN 1 619 HIGHEST SLP 30.23 ON 22
DPTR FM NORMAL 25 LOWEST SLP 29.84 ON 29
[REMARKS]
#FINAL-07-21#