000
CXUS53 KAPX 010830
CF6PLN
PRELIMINARY LOCAL CLIMATOLOGICAL DATA (WS FORM: F-6)
STATION: PELLSTON
MONTH: NOVEMBER
YEAR: 2021
LATITUDE: 45 34 N
LONGITUDE: 84 48 W
TEMPERATURE IN F: :PCPN: SNOW: WIND :SUNSHINE: SKY :PK WND
================================================================================
1 2 3 4 5 6A 6B 7 8 9 10 11 12 13 14 15 16 17 18
12Z AVG MX 2MIN
DY MAX MIN AVG DEP HDD CDD WTR SNW DPTH SPD SPD DIR MIN PSBL S-S WX SPD DR
================================================================================
1 47 34 41 1 24 0 0.16 M M 11.6 23 290 M M 7 1 32 270
2 44 29 37 -3 28 0 0.19 M M 8.9 18 310 M M 7 1 27 310
3 39 27 33 -7 32 0 0.33 M M 1.7 12 290 M M 8 12 M M
4 39 23 31 -8 34 0 T M M 2.3 8 200 M M 9 12 12 190
5 53 24 39 0 26 0 0.00 M M 6.1 16 220 M M 2 32 230
6 60 43 52 14 13 0 T M M 9.2 20 200 M M 2 31 200
7 64 38 51 13 14 0 0.00 M M 4.5 14 230 M M 0 23 240
8 60 43 52 14 13 0 0.00 M M 7.6 18 240 M M 0 1 25 250
9 56 26 41 3 24 0 0.00 M M 2.5 13 300 M M 0 1 17 310
10 54 22 38 1 27 0 0.00 M M 2.7 12 110 M M 0 1 17 100
11 57 43 50 13 15 0 0.15 M M 12.9 23 120 M M 7 1 40 110
12 44 32 38 2 27 0 0.33 M M 5.5 17 190 M M 6 1 24 170
13 43 27 35 -1 30 0 0.04 M M 6.9 23 320 M M 8 16 33 320
14 39 30 35 -1 30 0 0.05 M M 4.7 15 20 M M 9 1 21 40
15 41 28 35 0 30 0 0.16 M M 3.9 16 310 M M 8 1 21 310
16 38 26 32 -3 33 0 T M M 4.8 17 150 M M 7 25 140
17 50 38 44 9 21 0 0.01 M M 6.7 20 260 M M 8 18 30 150
18 42 32 37 3 28 0 0.05 M M 11.5 21 280 M M 10 1 32 260
19 40 28 34 0 31 0 0.01 M M 9.2 21 310 M M 7 1 28 310
20 43 27 35 1 30 0 0.00 M M 6.7 15 200 M M 8 23 190
21 42 21 32 -1 33 0 0.26 M M 9.2 33 310 M M 5 1 53 310
22 30 27 29 -4 36 0 0.07 M M 13.6 26 300 M M 10 40 280
23 36 18 27 -6 38 0 0.00 M M 5.0 14 210 M M 6 20 210
24 48 35 42 10 23 0 0.00 M M 7.2 15 190 M M 2 26 190
25 43 27 35 3 30 0 T M M 14.2 25 330 M M 9 1 38 330
26 27 10 19 -13 46 0 T M M 8.8 24 340 M M 8 37 340
27 30 16 23 -8 42 0 0.01 M M 3.0 13 140 M M 10 1 15 130
28 36 26 31 0 34 0 0.11 M M 9.1 23 320 M M 10 1 33 330
29 36 28 32 1 33 0 0.02 M M 4.7 14 330 M M 10 1 20 310
30 37 30 34 4 31 0 0.04 M M 10.0 28 310 M M 10 1 41 320
================================================================================
SM 1318 858 856 0 1.99 M 214.7 M 193
================================================================================
AV 43.9 28.6 7.2 FASTST M M 6 MAX(MPH)
MISC ----> 33 310 53 310
================================================================================
NOTES:
# LAST OF SEVERAL OCCURRENCES
COLUMN 17 PEAK WIND IN M.P.H.
PRELIMINARY LOCAL CLIMATOLOGICAL DATA (WS FORM: F-6) , PAGE 2
STATION: PELLSTON
MONTH: NOVEMBER
YEAR: 2021
LATITUDE: 45 34 N
LONGITUDE: 84 48 W
[TEMPERATURE DATA] [PRECIPITATION DATA] SYMBOLS USED IN COLUMN 16
AVERAGE MONTHLY: 36.3 TOTAL FOR MONTH: 1.99 1 = FOG OR MIST
DPTR FM NORMAL: 1.1 DPTR FM NORMAL: -0.72 2 = FOG REDUCING VISIBILITY
HIGHEST: 64 ON 7 GRTST 24HR 0.43 ON 2- 3 TO 1/4 MILE OR LESS
LOWEST: 10 ON 26 3 = THUNDER
SNOW, ICE PELLETS, HAIL 4 = ICE PELLETS
TOTAL MONTH: M 5 = HAIL
GRTST 24HR M ON M 6 = FREEZING RAIN OR DRIZZLE
GRTST DEPTH: M ON M 7 = DUSTSTORM OR SANDSTORM:
VSBY 1/2 MILE OR LESS
8 = SMOKE OR HAZE
[NO. OF DAYS WITH] [WEATHER - DAYS WITH] 9 = BLOWING SNOW
X = TORNADO
MAX 32 OR BELOW: 3 0.01 INCH OR MORE: 17
MAX 90 OR ABOVE: 0 0.10 INCH OR MORE: 8
MIN 32 OR BELOW: 23 0.50 INCH OR MORE: 0
MIN 0 OR BELOW: 0 1.00 INCH OR MORE: 0
[HDD (BASE 65) ]
TOTAL THIS MO. 856 CLEAR (SCALE 0-3) 7
DPTR FM NORMAL -37 PTCLDY (SCALE 4-7) 12
TOTAL FM JUL 1 1475 CLOUDY (SCALE 8-10) 11
DPTR FM NORMAL -405
[CDD (BASE 65) ]
TOTAL THIS MO. 0
DPTR FM NORMAL 0 [PRESSURE DATA]
TOTAL FM JAN 1 411 HIGHEST SLP 30.42 ON 19
DPTR FM NORMAL 157 LOWEST SLP 29.48 ON 11
[REMARKS]
#FINAL-11-21#