000
CXUS56 KLOX 011255
CF6PMD
PRELIMINARY LOCAL CLIMATOLOGICAL DATA (WS FORM: F-6)
STATION: PALMDALE AIRPORT CA
MONTH: FEBRUARY
YEAR: 2024
LATITUDE: 34 37 N
LONGITUDE: 118 5 W
TEMPERATURE IN F: :PCPN: SNOW: WIND :SUNSHINE: SKY :PK WND
================================================================================
1 2 3 4 5 6A 6B 7 8 9 10 11 12 13 14 15 16 17 18
12Z AVG MX 2MIN
DY MAX MIN AVG DEP HDD CDD WTR SNW DPTH SPD SPD DIR MIN PSBL S-S WX SPD DR
================================================================================
1 53 44 49 2 16 0 0.57 M M 8.4 26 130 M M 8 1 33 120
2 54 40 47 0 18 0 0.01 M M 13.1 24 290 M M 5 29 280
3 56 33 45 -2 20 0 0.12 M M 8.6 21 220 M M 3 31 220
4 55 41 48 1 17 0 0.29 M M 5.9 24 170 M M 10 18 32 180
5 50 45 48 0 17 0 1.70 M M 5.1 24 100 M M 10 1 31 110
6 48 40 44 -4 21 0 0.45 M M 9.2 18 220 M M 10 1 25 210
7 52 37 45 -3 20 0 0.30 M M 16.8 35 210 M M 4 43 200
8 51 34 43 -5 22 0 0.02 M M 13.0 25 280 M M 4 32 280
9 53 32 43 -5 22 0 0.00 M M 9.0 28 290 M M 1 37 300
10 54 31 43 -5 22 0 0.00 M M 7.2 25 30 M M 1 32 20
11 56 27 42 -6 23 0 0.00 M M 4.8 13 60 M M 0 19 60
12 59 28 44 -4 21 0 0.00 M M 4.2 13 50 M M 0 17 60
13 64 29 47 -2 18 0 0.00 M M 6.4 17 220 M M 0 21 220
14 62 41 52 3 13 0 0.00 M M 9.3 20 210 M M 0 25 210
15 64 39 52 3 13 0 0.00 M M 13.5 28 280 M M 2 33 280
16 63 34 49 0 16 0 0.00 M M 2.8 10 190 M M 0 10 80
17 66 37 52 3 13 0 0.01 M M 8.3 32 220 M M 1 41 220
18 63 47 55 6 10 0 0.09 M M 13.2 26 210 M M 4 38 220
19 60 50 55 5 10 0 0.02 M M 12.3 22 210 M M 9 30 200
20 57 44 51 1 14 0 0.10 M M 6.9 26 150 M M 8 1 37 160
21 60 40 50 0 15 0 0.05 M M 9.3 20 280 M M 4 28 290
22 62 33 48 -2 17 0 0.00 M M 4.5 12 40 M M 0 17 30
23 66 38 52 2 13 0 0.00 M M 6.9 23 60 M M 0 37 40
24 66 41 54 4 11 0 0.00 M M 3.3 10 210 M M 0 12 200
25 68 40 54 3 11 0 0.00 M M 3.5 20 200 M M 0 26 200
26 63 47 55 4 10 0 0.01 M M 10.1 22 200 M M 3 27 200
27 65 41 53 2 12 0 0.00 M M 9.9 23 230 M M 0 30 230
28 69 37 53 2 12 0 0.00 M M 5.8 18 230 M M 0 24 230
29 62 47 55 4 10 0 0.00 M M 14.4 32 210 M M 0 40 220
================================================================================
SM 1721 1117 457 0 3.74 M 245.7 M 87
================================================================================
AV 59.3 38.5 8.5 FASTST M M 3 MAX(MPH)
MISC ----> 35 210 43 200
================================================================================
NOTES:
# LAST OF SEVERAL OCCURRENCES
COLUMN 17 PEAK WIND IN M.P.H.
PRELIMINARY LOCAL CLIMATOLOGICAL DATA (WS FORM: F-6) , PAGE 2
STATION: PALMDALE AIRPORT CA
MONTH: FEBRUARY
YEAR: 2024
LATITUDE: 34 37 N
LONGITUDE: 118 5 W
[TEMPERATURE DATA] [PRECIPITATION DATA] SYMBOLS USED IN COLUMN 16
AVERAGE MONTHLY: 48.9 TOTAL FOR MONTH: 3.74 1 = FOG OR MIST
DPTR FM NORMAL: 0.0 DPTR FM NORMAL: 2.25 2 = FOG REDUCING VISIBILITY
HIGHEST: 69 ON 28 GRTST 24HR 1.77 ON 4- 5 TO 1/4 MILE OR LESS
LOWEST: 27 ON 11 3 = THUNDER
SNOW, ICE PELLETS, HAIL 4 = ICE PELLETS
TOTAL MONTH: M 5 = HAIL
GRTST 24HR M ON M 6 = FREEZING RAIN OR DRIZZLE
GRTST DEPTH: M ON M 7 = DUSTSTORM OR SANDSTORM:
VSBY 1/2 MILE OR LESS
8 = SMOKE OR HAZE
[NO. OF DAYS WITH] [WEATHER - DAYS WITH] 9 = BLOWING SNOW
X = TORNADO
MAX 32 OR BELOW: 0 0.01 INCH OR MORE: 14
MAX 90 OR ABOVE: 0 0.10 INCH OR MORE: 7
MIN 32 OR BELOW: 5 0.50 INCH OR MORE: 2
MIN 0 OR BELOW: 0 1.00 INCH OR MORE: 1
[HDD (BASE 65) ]
TOTAL THIS MO. 457 CLEAR (SCALE 0-3) 16
DPTR FM NORMAL 8 PTCLDY (SCALE 4-7) 9
TOTAL FM JUL 1 1972 CLOUDY (SCALE 8-10) 4
DPTR FM NORMAL -214
[CDD (BASE 65) ]
TOTAL THIS MO. 0
DPTR FM NORMAL 0 [PRESSURE DATA]
TOTAL FM JAN 1 0 HIGHEST SLP 30.30 ON 11
DPTR FM NORMAL 0 LOWEST SLP 29.58 ON 6
[REMARKS]
#FINAL-02-24#