000
CXUS52 KMFL 011030
CF6PMP
PRELIMINARY LOCAL CLIMATOLOGICAL DATA (WS FORM: F-6)
STATION: POMPANO BEACH ARPK
MONTH: MARCH
YEAR: 2021
LATITUDE: 26 14 N
LONGITUDE: 80 7 W
TEMPERATURE IN F: :PCPN: SNOW: WIND :SUNSHINE: SKY :PK WND
================================================================================
1 2 3 4 5 6A 6B 7 8 9 10 11 12 13 14 15 16 17 18
12Z AVG MX 2MIN
DY MAX MIN AVG DEP HDD CDD WTR SNW DPTH SPD SPD DIR MIN PSBL S-S WX SPD DR
================================================================================
1 83 75 79 9 0 14 0.00 M M 11.6 20 150 M M 2 25 140
2 84 70 77 7 0 12 0.00 M M 7.0 18 150 M M 4 1 24 150
3 87 65 76 6 0 11 0.00 M M 12.3 24 250 M M 3 30 260
4 75 58 67 -3 0 2 0.00 M M 9.0 16 330 M M 4 31 330
5 78 59 69 -1 0 4 0.00 M M 9.0 14 50 M M 2 21 20
6 78 63 71 1 0 6 1.41 M M 9.2 21 350 M M 6 13 26 30
7 77 61 69 -1 0 4 0.00 M M 13.6 23 340 M M 5 29 340
8 73 56 65 -5 0 0 T M M 13.9 22 70 M M 9 28 70
9 75 68 72 1 0 7 0.00 M M 15.7 22 70 M M 7 47 90
10 76 68 72 1 0 7 0.00 M M 16.6 23 70 M M 6 37 80
11 78 70 74 3 0 9 T 0.0 0 15.6 24 70 M M 6 31 70
12 78 70 74 3 0 9 0.00 0.0 0 12.2 20 70 M M 3 27 50
13 79 70 75 4 0 10 0.00 0.0 0 8.4 14 80 M M 4 18 80
14 81 70 76 5 0 11 0.00 0.0 0 7.5 14 140 M M 2 18 120
15 80 64 72 1 0 7 0.00 0.0 0 6.0 14 120 M M 2 19 100
16 82 73 78 7 0 13 0.00 M M 11.9 21 150 M M 4 26 130
17 83 73 78 7 0 13 0.00 0.0 M 11.9 20 140 M M 3 25 140
18 84 75 80 9 0 15 0.00 M M 13.0 25 160 M M 6 34 150
19 85 63 74 2 0 9 0.17 M M 10.9 18 300 M M 4 18 30 50
20 78 60 69 -3 0 4 0.00 M M 10.6 21 40 M M 5 34 40
21 77 58 68 -4 0 3 0.00 M M 10.4 20 270 M M 6 8 23 280
22 77 56 67 -5 0 2 0.00 M M 7.4 14 260 M M 5 19 230
23 78 60 69 -3 0 4 0.00 0.0 0 6.0 15 120 M M 2 1 21 110
24 82 59 71 -1 0 6 0.00 M M 8.2 17 130 M M 1 22 120
25 84 75 80 8 0 15 0.00 0.0 0 12.1 20 140 M M 2 1 26 140
26 84 75 80 8 0 15 0.00 0.0 0 11.6 18 140 M M 1 25 130
27 84 75 80 8 0 15 0.00 0.0 0 10.9 20 120 M M 3 25 130
28 84 76 80 8 0 15 0.00 0.0 0 13.0 20 150 M M 2 26 120
29 85 73 79 6 0 14 0.00 M M 6.3 12 120 M M 4 M M
30 85 76 81 8 0 16 0.00 M M 11.3 21 140 M M 3 25 140
31 85 73 79 6 0 14 0.00 M M 10.4 20 140 M M 2 23 140
================================================================================
SM 2499 2087 0 286 1.58 0.0 333.5 M 118
================================================================================
AV 80.6 67.3 10.8 FASTST M M 4 MAX(MPH)
MISC ----> 25 160 47 90
================================================================================
NOTES:
# LAST OF SEVERAL OCCURRENCES
COLUMN 17 PEAK WIND IN M.P.H.
PRELIMINARY LOCAL CLIMATOLOGICAL DATA (WS FORM: F-6) , PAGE 2
STATION: POMPANO BEACH ARPK
MONTH: MARCH
YEAR: 2021
LATITUDE: 26 14 N
LONGITUDE: 80 7 W
[TEMPERATURE DATA] [PRECIPITATION DATA] SYMBOLS USED IN COLUMN 16
AVERAGE MONTHLY: 74.0 TOTAL FOR MONTH: 1.58 1 = FOG OR MIST
DPTR FM NORMAL: 2.7 DPTR FM NORMAL: -2.91 2 = FOG REDUCING VISIBILITY
HIGHEST: 87 ON 3 GRTST 24HR 1.41 ON 6- 6 TO 1/4 MILE OR LESS
LOWEST: 56 ON 22, 8 3 = THUNDER
SNOW, ICE PELLETS, HAIL 4 = ICE PELLETS
TOTAL MONTH: 0.0 INCH 5 = HAIL
GRTST 24HR 0.0 6 = FREEZING RAIN OR DRIZZLE
GRTST DEPTH: 0 7 = DUSTSTORM OR SANDSTORM:
VSBY 1/2 MILE OR LESS
8 = SMOKE OR HAZE
[NO. OF DAYS WITH] [WEATHER - DAYS WITH] 9 = BLOWING SNOW
X = TORNADO
MAX 32 OR BELOW: 0 0.01 INCH OR MORE: 2
MAX 90 OR ABOVE: 0 0.10 INCH OR MORE: 2
MIN 32 OR BELOW: 0 0.50 INCH OR MORE: 1
MIN 0 OR BELOW: 0 1.00 INCH OR MORE: 1
[HDD (BASE 65) ]
TOTAL THIS MO. 0 CLEAR (SCALE 0-3) 13
DPTR FM NORMAL -15 PTCLDY (SCALE 4-7) 17
TOTAL FM JUL 1 131 CLOUDY (SCALE 8-10) 1
DPTR FM NORMAL -36
[CDD (BASE 65) ]
TOTAL THIS MO. 286
DPTR FM NORMAL 75 [PRESSURE DATA]
TOTAL FM JAN 1 665 HIGHEST SLP 30.44 ON 9
DPTR FM NORMAL 180 LOWEST SLP 29.87 ON 6
[REMARKS]
#FINAL-03-21#