000
CXUS54 KMOB 011408
CF6PNS
PRELIMINARY LOCAL CLIMATOLOGICAL DATA (WS FORM: F-6)
STATION: PENSACOLA
MONTH: JULY
YEAR: 2023
LATITUDE: 30 28 N
LONGITUDE: 87 12 W
TEMPERATURE IN F: :PCPN: SNOW: WIND :SUNSHINE: SKY :PK WND
================================================================================
1 2 3 4 5 6A 6B 7 8 9 10 11 12 13 14 15 16 17 18
12Z AVG MX 2MIN
DY MAX MIN AVG DEP HDD CDD WTR SNW DPTH SPD SPD DIR MIN PSBL S-S WX SPD DR
================================================================================
1 97 81 89 6 0 24 T 0.0 0 6.7 15 210 M M 2 3 19 220
2 95 80 88 5 0 23 0.02 0.0 0 6.1 17 190 M M 1 3 22 180
3 92 82 87 4 0 22 0.10 0.0 0 7.8 16 180 M M 2 3 21 170
4 95 80 88 5 0 23 T 0.0 0 7.2 18 190 M M 2 38 24 70
5 95 80 88 5 0 23 0.10 0.0 0 7.2 20 250 M M 3 3 31 250
6 92 77 85 2 0 20 0.07 0.0 0 6.8 15 220 M M 1 3 22 180
7 95 77 86 3 0 21 0.36 0.0 0 6.0 23 330 M M 2 38 30 330
8 95 78 87 4 0 22 0.09 0.0 0 8.7 24 220 M M 1 3 33 230
9 91 78 85 2 0 20 0.11 0.0 0 8.3 18 230 M M 2 13 26 240
10 92 77 85 2 0 20 0.57 0.0 0 7.7 20 330 M M 3 13 28 330
11 88 75 82 -2 0 17 0.37 0.0 0 4.2 16 210 M M 4 13 22 210
12 89 76 83 -1 0 18 1.48 0.0 0 3.5 25 230 M M 4 13 33 230
13 93 78 86 2 0 21 0.02 0.0 0 5.4 21 350 M M 3 13 29 360
14 89 75 82 -2 0 17 2.62 0.0 0 7.1 23 330 M M 4 138 31 330
15 97 77 87 3 0 22 0.29 0.0 0 6.9 26 230 M M 2 138 41 220
16 98 74 86 2 0 21 0.42 0.0 0 9.2 32 310 M M 2 13 47 310
17 93 76 85 1 0 20 0.00 0.0 0 4.5 12 200 M M 0 16 190
18 93 77 85 1 0 20 0.00 0.0 0 4.4 13 190 M M 1 20 180
19 93 80 87 3 0 22 0.00 0.0 0 6.3 14 170 M M 0 20 160
20 93 79 86 2 0 21 0.00 0.0 0 6.7 16 170 M M 1 20 210
21 94 81 88 4 0 23 0.00 0.0 0 8.2 16 190 M M 2 22 180
22 96 77 87 3 0 22 0.35 0.0 0 7.3 21 180 M M 3 13 27 210
23 89 75 82 -2 0 17 0.00 0.0 0 6.5 13 230 M M 3 17 230
24 90 76 83 -1 0 18 0.00 0.0 0 6.4 16 190 M M 1 21 190
25 93 75 84 0 0 19 0.00 0.0 0 6.3 14 210 M M 0 19 210
26 93 77 85 1 0 20 0.00 0.0 0 5.5 14 170 M M 0 8 17 200
27 94 78 86 2 0 21 0.00 0.0 0 5.8 12 210 M M 1 3 17 150
28 95 77 86 2 0 21 0.00 0.0 0 4.6 17 320 M M 0 3 24 330
29 95 77 86 2 0 21 T 0.0 0 6.2 16 180 M M 1 3 21 210
30 99 77 88 4 0 23 0.02 0.0 0 5.7 21 290 M M 1 3 30 70
31 96 74 85 1 0 20 0.00 0.0 0 5.6 13 330 M M 1 19 340
================================================================================
SM 2899 2401 0 642 6.99 0.0 198.8 M 53
================================================================================
AV 93.5 77.5 6.4 FASTST M M 2 MAX(MPH)
MISC ----> 32 310 47 310
================================================================================
NOTES:
# LAST OF SEVERAL OCCURRENCES
COLUMN 17 PEAK WIND IN M.P.H.
PRELIMINARY LOCAL CLIMATOLOGICAL DATA (WS FORM: F-6) , PAGE 2
STATION: PENSACOLA
MONTH: JULY
YEAR: 2023
LATITUDE: 30 28 N
LONGITUDE: 87 12 W
[TEMPERATURE DATA] [PRECIPITATION DATA] SYMBOLS USED IN COLUMN 16
AVERAGE MONTHLY: 85.5 TOTAL FOR MONTH: 6.99 1 = FOG OR MIST
DPTR FM NORMAL: 2.0 DPTR FM NORMAL: -0.90 2 = FOG REDUCING VISIBILITY
HIGHEST: 99 ON 30 GRTST 24HR 2.64 ON 13-14 TO 1/4 MILE OR LESS
LOWEST: 74 ON 31,16 3 = THUNDER
SNOW, ICE PELLETS, HAIL 4 = ICE PELLETS
TOTAL MONTH: 0.0 INCH 5 = HAIL
GRTST 24HR 0.0 6 = FREEZING RAIN OR DRIZZLE
GRTST DEPTH: 0 7 = DUSTSTORM OR SANDSTORM:
VSBY 1/2 MILE OR LESS
8 = SMOKE OR HAZE
[NO. OF DAYS WITH] [WEATHER - DAYS WITH] 9 = BLOWING SNOW
X = TORNADO
MAX 32 OR BELOW: 0 0.01 INCH OR MORE: 16
MAX 90 OR ABOVE: 27 0.10 INCH OR MORE: 11
MIN 32 OR BELOW: 0 0.50 INCH OR MORE: 3
MIN 0 OR BELOW: 0 1.00 INCH OR MORE: 2
[HDD (BASE 65) ]
TOTAL THIS MO. 0 CLEAR (SCALE 0-3) 27
DPTR FM NORMAL 0 PTCLDY (SCALE 4-7) 4
TOTAL FM JUL 1 0 CLOUDY (SCALE 8-10) 0
DPTR FM NORMAL 0
[CDD (BASE 65) ]
TOTAL THIS MO. 642
DPTR FM NORMAL 70 [PRESSURE DATA]
TOTAL FM JAN 1 2008 HIGHEST SLP 30.17 ON 25
DPTR FM NORMAL 372 LOWEST SLP 29.87 ON 22
[REMARKS]
#FINAL-07-23#