624
CXUS51 KALY 211812 CCA
CLAPOU
CLIMATE REPORT...CORRECTED
NATIONAL WEATHER SERVICE ALBANY NY
111 PM EST TUE JAN 21 2020
...THE POUGHKEEPSIE NY CLIMATE SUMMARY FOR THE YEAR OF 2019...
CLIMATE NORMAL PERIOD 1981 TO 2010
CLIMATE RECORD PERIOD 1931 TO 2020
WEATHER OBSERVED NORMAL DEPART LAST YEAR`S
VALUE DATE(S) VALUE FROM VALUE DATE(S)
NORMAL
................................................................
TEMPERATURE (F)
HIGHEST 97 94 07/03
07/01
07/02
LOWEST -4 -14 01/07
AVG. MAXIMUM 61.2 61.1 0.1 60.5
AVG. MINIMUM 40.5 38.5 2.0 41.3
MEAN 50.8 50.9
DAYS MAX >= 90 16 14.1 1.9 20
DAYS MAX <= 32 26 24.5 1.5 23
DAYS MIN <= 32 133 141.5 -8.5 133
DAYS MIN <= 0 3 5.2 -2.2 3
PRECIPITATION (INCHES)
RECORD
MAXIMUM 62.01 2011
MINIMUM 24.52 1964
TOTALS 40.81 46.53 -5.72 56.08
DAILY AVG. 0.11 0.13 0.15
DAYS >= .01 143 125.3 17.7 152
DAYS >= .10 91 81.2 9.8 99
DAYS >= .50 28 30.5 -2.5 42
DAYS >= 1.00 6 10.9 -4.9 14
GREATEST
24 HR. TOTAL 2.15 10/16 TO 10/16
DEGREE_DAYS
HEATING TOTAL 5838 6210 -372 5950
SINCE 7/1 2254 2329 -75 2239
COOLING TOTAL 808 671 137 970
SINCE 1/1 808 672 136 970
FREEZE DATES
RECORD
EARLIEST 09/15/1963
LATEST 05/25/1949
EARLIEST 10/09
LATEST 04/29
.................................................................
WIND (MPH)
AVERAGE WIND SPEED 4.8
HIGHEST WIND SPEED/DIRECTION 40/260 DATE 11/01
HIGHEST GUST SPEED/DIRECTION 53/270 DATE 11/01
WEATHER CONDITIONS. NUMBER OF DAYS WITH
THUNDERSTORM 23 MIXED PRECIP 0
HEAVY RAIN 19 RAIN 52
LIGHT RAIN 128 FREEZING RAIN 5
LT FREEZING RAIN 7 HAIL 0
HEAVY SNOW 1 SNOW 7
LIGHT SNOW 48 SLEET 1
FOG 184 FOG W/VIS <= 1/4 MILE 36
HAZE 62
- INDICATES NEGATIVE NUMBERS.
R INDICATES RECORD WAS SET OR TIED.
MM INDICATES DATA IS MISSING.
T INDICATES TRACE AMOUNT.
$$