000
CXUS54 KFWD 010731
CF6PSN
PRELIMINARY LOCAL CLIMATOLOGICAL DATA (WS FORM: F-6)
STATION: PALESTINE
MONTH: OCTOBER
YEAR: 2023
LATITUDE: 31 46 N
LONGITUDE: 95 42 W
TEMPERATURE IN F: :PCPN: SNOW: WIND :SUNSHINE: SKY :PK WND
================================================================================
1 2 3 4 5 6A 6B 7 8 9 10 11 12 13 14 15 16 17 18
12Z AVG MX 2MIN
DY MAX MIN AVG DEP HDD CDD WTR SNW DPTH SPD SPD DIR MIN PSBL S-S WX SPD DR
================================================================================
1 91 66 79 8 0 14 0.00 M M 4.3 8 120 M M 1 16 80
2 90 72 81 10 0 16 0.00 M M 6.8 12 130 M M 5 14 130
3 90 64 77 7 0 12 0.00 M M 6.8 12 160 M M 4 18 140
4 90 75 83 13 0 18 M M M 7.5 14 140 M M 8 13 24 160
5 79 66 73 3 0 8 1.16 M M 6.4 12 10 M M 6 13 21 20
6 84 63 74 4 0 9 0.00 M M 6.3 14 20 M M 0 20 30
7 70 50 60 -9 5 0 0.00 M M 7.4 14 10 M M 2 22 20
8 75 46 61 -8 4 0 0.00 M M 1.6 6 99 M M 4 M M
9 84 52 68 0 0 3 0.00 M M 5.4 12 210 M M 2 20 210
10 82 61 72 4 0 7 0.00 M M 4.9 9 220 M M 3 17 170
11 68 61 65 -3 0 0 0.01 M M 4.6 12 150 M M 8 17 150
12 73 57 65 -3 0 0 0.00 M M 8.0 15 140 M M 6 17 140
13 86 61 74 7 0 9 0.00 M M 7.4 12 330 M M 5 18 330
14 70 48 59 -8 6 0 0.00 M M 6.9 13 340 M M 3 21 340
15 68 45 57 -10 8 0 0.00 M M 9.4 20 350 M M 5 30 340
16 64 43 54 -12 11 0 0.00 M M 5.8 20 350 M M 3 8 23 350
17 73 37 55 -11 10 0 0.00 M M 1.6 6 99 M M 3 M M
18 79 50 65 -1 0 0 0.00 M M 6.8 17 200 M M 2 21 190
19 82 54 68 2 0 3 0.00 M M 3.8 9 210 M M 0 8 14 180
20 90 50 70 5 0 5 0.00 M M 2.1 10 260 M M 1 13 280
21 88 50 69 4 0 4 0.00 M M 2.5 8 210 M M 0 15 210
22 86 64 75 11 0 10 0.00 M M 5.7 9 140 M M 2 17 120
23 79 68 74 10 0 9 0.79 M M 7.2 13 140 M M 6 12 22 100
24 84 70 77 13 0 12 0.00 M M 10.6 15 140 M M 7 26 140
25 84 70 77 13 0 12 0.00 M M 9.0 14 130 M M 7 22 160
26 75 68 72 9 0 7 0.77 M M 7.8 13 310 M M 8 12 21 150
27 86 72 79 16 0 14 0.02 M M 5.3 9 160 M M 9 1 14 160
28 81 72 77 15 0 12 0.05 M M 4.9 8 170 M M 8 1 13 180
29 73 45 59 -3 6 0 0.07 M M 8.7 20 350 M M 9 1 25 360
30 50 39 45 -17 20 0 0.45 M M 13.0 16 340 M M 8 1 26 360
31 59 34 47 -15 18 0 0.00 M M 9.7 13 30 M M 4 1 20 30
================================================================================
SM 2433 1773 88 184 3.32 M 198.4 M 139
================================================================================
AV 78.5 57.2 6.4 FASTST M M 4 MAX(MPH)
MISC ----> 20 350 30 340
================================================================================
NOTES:
# LAST OF SEVERAL OCCURRENCES
COLUMN 17 PEAK WIND IN M.P.H.
PRELIMINARY LOCAL CLIMATOLOGICAL DATA (WS FORM: F-6) , PAGE 2
STATION: PALESTINE
MONTH: OCTOBER
YEAR: 2023
LATITUDE: 31 46 N
LONGITUDE: 95 42 W
[TEMPERATURE DATA] [PRECIPITATION DATA] SYMBOLS USED IN COLUMN 16
AVERAGE MONTHLY: 67.8 TOTAL FOR MONTH: 3.32 1 = FOG OR MIST
DPTR FM NORMAL: 1.5 DPTR FM NORMAL: -1.75 2 = FOG REDUCING VISIBILITY
HIGHEST: 91 ON 1 GRTST 24HR 1.16 ON 5- 5 TO 1/4 MILE OR LESS
LOWEST: 34 ON 31 3 = THUNDER
SNOW, ICE PELLETS, HAIL 4 = ICE PELLETS
TOTAL MONTH: M 5 = HAIL
GRTST 24HR M ON M 6 = FREEZING RAIN OR DRIZZLE
GRTST DEPTH: M ON M 7 = DUSTSTORM OR SANDSTORM:
VSBY 1/2 MILE OR LESS
8 = SMOKE OR HAZE
[NO. OF DAYS WITH] [WEATHER - DAYS WITH] 9 = BLOWING SNOW
X = TORNADO
MAX 32 OR BELOW: 0 0.01 INCH OR MORE: 8
MAX 90 OR ABOVE: 5 0.10 INCH OR MORE: 4
MIN 32 OR BELOW: 0 0.50 INCH OR MORE: 3
MIN 0 OR BELOW: 0 1.00 INCH OR MORE: 1
[HDD (BASE 65) ]
TOTAL THIS MO. 88 CLEAR (SCALE 0-3) 11
DPTR FM NORMAL 7 PTCLDY (SCALE 4-7) 17
TOTAL FM JUL 1 88 CLOUDY (SCALE 8-10) 3
DPTR FM NORMAL 2
[CDD (BASE 65) ]
TOTAL THIS MO. 184
DPTR FM NORMAL 61 [PRESSURE DATA]
TOTAL FM JAN 1 3148 HIGHEST SLP M ON M
DPTR FM NORMAL 856 LOWEST SLP M ON M
[REMARKS]
#FINAL-10-23#