000
CXUS56 KSGX 011045
CF6PSP
PRELIMINARY LOCAL CLIMATOLOGICAL DATA (WS FORM: F-6)
STATION: PALM SPRINGS INTL AIRPORT CA
MONTH: OCTOBER
YEAR: 2021
LATITUDE: 33 49 N
LONGITUDE: 116 30 W
TEMPERATURE IN F: :PCPN: SNOW: WIND :SUNSHINE: SKY :PK WND
================================================================================
1 2 3 4 5 6A 6B 7 8 9 10 11 12 13 14 15 16 17 18
12Z AVG MX 2MIN
DY MAX MIN AVG DEP HDD CDD WTR SNW DPTH SPD SPD DIR MIN PSBL S-S WX SPD DR
================================================================================
1 97 65 81 -2 0 16 0.00 M M 5.9 12 320 M M 0 16 150
2 98 68 83 0 0 18 0.00 M M 6.4 12 330 M M 0 16 150
3 101 71 86 4 0 21 0.00 M M 6.2 18 330 M M 0 22 330
4 99 72 86 4 0 21 T M M 5.6 20 320 M M 0 25 330
5 92 72 82 0 0 17 T M M 9.8 25 340 M M 2 3 35 310
6 92 68 80 -1 0 15 0.00 M M 5.3 17 320 M M 0 23 340
7 86 70 78 -3 0 13 0.00 M M 7.3 20 320 M M 0 24 320
8 83 66 75 -5 0 10 0.02 M M 7.0 28 320 M M 2 39 320
9 85 60 73 -7 0 8 0.00 M M 7.5 22 330 M M 0 25 310
10 92 62 77 -3 0 12 0.00 M M 4.0 13 130 M M 0 19 330
11 84 59 72 -8 0 7 0.07 M M 11.0 37 290 M M 3 53 310
12 76 57 67 -12 0 2 0.00 M M 6.7 24 300 M M 1 35 310
13 80 53 67 -12 0 2 0.00 M M 4.1 10 330 M M 0 12 320
14 86 56 71 -7 0 6 0.00 M M 3.9 10 340 M M 0 12 350
15 88 62 75 -3 0 10 0.00 M M 6.9 14 10 M M 0 19 320
16 91 62 77 -1 0 12 0.00 M M 5.1 12 330 M M 0 15 150
17 90 61 76 -2 0 11 0.00 M M 6.1 18 330 M M 0 25 360
18 78 62 70 -7 0 5 0.00 M M 8.9 22 10 M M 0 31 340
19 82 51 67 -10 0 2 0.00 M M 3.5 10 120 M M 0 14 160
20 85 56 71 -5 0 6 0.00 M M 5.8 13 110 M M 0 17 110
21 89 59 74 -2 0 9 0.00 M M 4.3 10 330 M M 0 13 110
22 89 58 74 -2 0 9 0.00 M M 4.1 17 330 M M 0 21 330
23 81 62 72 -4 0 7 0.00 M M 8.5 23 320 M M 0 29 320
24 86 60 73 -2 0 8 0.00 M M 2.9 10 330 M M 0 11 330
25 79 60 70 -5 0 5 T M M 5.6 30 320 M M 3 8 46 290
26 80 54 67 -7 0 2 0.00 M M 5.7 20 330 M M 0 23 330
27 89 57 73 -1 0 8 0.00 M M 4.4 12 230 M M 0 13 330
28 94 68 81 7 0 16 0.00 M M 5.8 16 340 M M 0 18 340
29 94 66 80 7 0 15 0.00 M M 5.0 12 120 M M 0 16 120
30 89 64 77 4 0 12 0.00 M M 3.7 10 310 M M 0 14 310
31 87 61 74 1 0 9 0.00 M M 3.6 18 320 M M 0 23 310
================================================================================
SM 2722 1922 0 314 0.09 M 180.6 M 11
================================================================================
AV 87.8 62.0 5.8 FASTST M M 0 MAX(MPH)
MISC ----> 37 290 53 310
================================================================================
NOTES:
# LAST OF SEVERAL OCCURRENCES
COLUMN 17 PEAK WIND IN M.P.H.
PRELIMINARY LOCAL CLIMATOLOGICAL DATA (WS FORM: F-6) , PAGE 2
STATION: PALM SPRINGS INTL AIRPORT CA
MONTH: OCTOBER
YEAR: 2021
LATITUDE: 33 49 N
LONGITUDE: 116 30 W
[TEMPERATURE DATA] [PRECIPITATION DATA] SYMBOLS USED IN COLUMN 16
AVERAGE MONTHLY: 74.9 TOTAL FOR MONTH: 0.09 1 = FOG OR MIST
DPTR FM NORMAL: -2.9 DPTR FM NORMAL: -0.11 2 = FOG REDUCING VISIBILITY
HIGHEST: 101 ON 3 GRTST 24HR 0.07 ON 11-11 TO 1/4 MILE OR LESS
LOWEST: 51 ON 19 3 = THUNDER
SNOW, ICE PELLETS, HAIL 4 = ICE PELLETS
TOTAL MONTH: M 5 = HAIL
GRTST 24HR M ON M 6 = FREEZING RAIN OR DRIZZLE
GRTST DEPTH: M ON M 7 = DUSTSTORM OR SANDSTORM:
VSBY 1/2 MILE OR LESS
8 = SMOKE OR HAZE
[NO. OF DAYS WITH] [WEATHER - DAYS WITH] 9 = BLOWING SNOW
X = TORNADO
MAX 32 OR BELOW: 0 0.01 INCH OR MORE: 2
MAX 90 OR ABOVE: 11 0.10 INCH OR MORE: 0
MIN 32 OR BELOW: 0 0.50 INCH OR MORE: 0
MIN 0 OR BELOW: 0 1.00 INCH OR MORE: 0
[HDD (BASE 65) ]
TOTAL THIS MO. 0 CLEAR (SCALE 0-3) 30
DPTR FM NORMAL -2 PTCLDY (SCALE 4-7) 1
TOTAL FM JUL 1 0 CLOUDY (SCALE 8-10) 0
DPTR FM NORMAL 0
[CDD (BASE 65) ]
TOTAL THIS MO. 314
DPTR FM NORMAL -85 [PRESSURE DATA]
TOTAL FM JAN 1 4828 HIGHEST SLP 30.21 ON 27
DPTR FM NORMAL 336 LOWEST SLP 29.46 ON 11
[REMARKS]
#FINAL-10-21#