000
CXUS54 KHGX 021158
CF6PSX
PRELIMINARY LOCAL CLIMATOLOGICAL DATA (WS FORM: F-6)
STATION: PALACIOS
MONTH: FEBRUARY
YEAR: 2023
LATITUDE: 28 43 N
LONGITUDE: 96 15 W
TEMPERATURE IN F: :PCPN: SNOW: WIND :SUNSHINE: SKY :PK WND
================================================================================
1 2 3 4 5 6A 6B 7 8 9 10 11 12 13 14 15 16 17 18
12Z AVG MX 2MIN
DY MAX MIN AVG DEP HDD CDD WTR SNW DPTH SPD SPD DIR MIN PSBL S-S WX SPD DR
================================================================================
1 41 35 38 -19 27 0 0.09 0.0 0 15.9 23 10 M M 10 1 30 10
2 42 38 40 -17 25 0 0.03 0.0 0 14.1 23 340 M M 10 1 30 350
3 56 40 48 -9 17 0 0.00 0.0 0 12.3 21 340 M M 6 1 26 340
4 66 36 51 -6 14 0 0.00 0.0 0 9.5 17 130 M M 0 18 25 140
5 73 48 61 3 4 0 0.00 0.0 0 6.9 15 170 M M 2 1 20 170
6 75 58 67 9 0 2 0.00 0.0 0 13.2 22 150 M M 1 28 160
7 77 65 71 13 0 6 T 0.0 0 15.3 28 130 M M 10 35 130
8 75 47 61 3 4 0 0.11 0.0 0 12.4 25 290 M M 7 1 37 280
9 70 41 56 -2 9 0 0.00 0.0 0 5.1 14 170 M M 2 12 17 170
10 61 39 50 -8 15 0 0.00 0.0 0 16.0 30 340 M M 4 39 360
11 58 34 46 -13 19 0 0.00 0.0 0 10.4 24 330 M M 0 32 350
12 60 38 49 -10 16 0 0.00 0.0 0 5.1 14 170 M M 0 18 170
13 72 45 59 0 6 0 0.00 0.0 0 10.0 20 140 M M 3 1 26 140
14 75 64 70 11 0 5 T 0.0 0 13.2 21 220 M M 6 128 30 160
15 75 64 70 11 0 5 0.00 0.0 0 11.8 21 150 M M 10 12 28 140
16 71 48 60 0 5 0 0.05 0.0 0 20.4 38 360 M M 10 1 49 350
17 56 38 47 -13 18 0 0.00 0.0 0 18.7 33 350 M M 1 41 350
18 62 35 49 -11 16 0 0.00 0.0 0 9.5 21 90 M M 0 28 90
19 73 47 60 0 5 0 0.00 0.0 0 6.8 14 180 M M 0 1 19 160
20 74 61 68 8 0 3 0.00 0.0 0 9.1 18 190 M M 8 1 27 190
21 76 66 71 11 0 6 0.00 0.0 0 8.1 13 190 M M 10 12 M M
22 78 67 73 12 0 8 0.00 0.0 0 13.0 21 200 M M 10 12 32 220
23 82 69 76 15 0 11 0.00 0.0 0 11.8 22 140 M M M 12 26 120
24 80 65 73 12 0 8 0.02 0.0 0 8.3 16 140 M M M 22 130
25 80 63 72 11 0 7 0.00 0.0 0 10.4 16 130 M M M 12 21 130
26 78 70 74 13 0 9 0.00 0.0 0 16.7 26 150 M M M 12 35 170
27 79 70 75 13 0 10 0.00 0.0 0 M M M M M M M M
28 79 70 75 13 0 10 0.00 0.0 0 M M M M M M M M
================================================================================
SM 1944 1461 200 90 0.30 0.0 304.0 M 110
================================================================================
AV 69.4 52.2 11.7 FASTST M M 5 MAX(MPH)
MISC ----> 38 360 49 350
================================================================================
NOTES:
# LAST OF SEVERAL OCCURRENCES
COLUMN 17 PEAK WIND IN M.P.H.
PRELIMINARY LOCAL CLIMATOLOGICAL DATA (WS FORM: F-6) , PAGE 2
STATION: PALACIOS
MONTH: FEBRUARY
YEAR: 2023
LATITUDE: 28 43 N
LONGITUDE: 96 15 W
[TEMPERATURE DATA] [PRECIPITATION DATA] SYMBOLS USED IN COLUMN 16
AVERAGE MONTHLY: 60.8 TOTAL FOR MONTH: 0.30 1 = FOG OR MIST
DPTR FM NORMAL: 1.5 DPTR FM NORMAL: -1.59 2 = FOG REDUCING VISIBILITY
HIGHEST: 82 ON 23 GRTST 24HR 0.13 ON 31- 1 TO 1/4 MILE OR LESS
LOWEST: 34 ON 11 3 = THUNDER
SNOW, ICE PELLETS, HAIL 4 = ICE PELLETS
TOTAL MONTH: 0.0 INCH 5 = HAIL
GRTST 24HR 0.0 6 = FREEZING RAIN OR DRIZZLE
GRTST DEPTH: 0 7 = DUSTSTORM OR SANDSTORM:
VSBY 1/2 MILE OR LESS
8 = SMOKE OR HAZE
[NO. OF DAYS WITH] [WEATHER - DAYS WITH] 9 = BLOWING SNOW
X = TORNADO
MAX 32 OR BELOW: 0 0.01 INCH OR MORE: 5
MAX 90 OR ABOVE: 0 0.10 INCH OR MORE: 1
MIN 32 OR BELOW: 0 0.50 INCH OR MORE: 0
MIN 0 OR BELOW: 0 1.00 INCH OR MORE: 0
[HDD (BASE 65) ]
TOTAL THIS MO. 200 CLEAR (SCALE 0-3) 10
DPTR FM NORMAL 7 PTCLDY (SCALE 4-7) 5
TOTAL FM JUL 1 847 CLOUDY (SCALE 8-10) 13
DPTR FM NORMAL -41
[CDD (BASE 65) ]
TOTAL THIS MO. 90
DPTR FM NORMAL 58 [PRESSURE DATA]
TOTAL FM JAN 1 124 HIGHEST SLP M ON M
DPTR FM NORMAL 73 LOWEST SLP 29.70 ON 14
[REMARKS]
#FINAL-02-23#