000
CXUS55 KPUB 011255
CF6PUB
PRELIMINARY LOCAL CLIMATOLOGICAL DATA (WS FORM: F-6)
STATION: PUEBLO CO
MONTH: APRIL
YEAR: 2021
LATITUDE: 38 16 N
LONGITUDE: 104 31 W
TEMPERATURE IN F: :PCPN: SNOW: WIND :SUNSHINE: SKY :PK WND
================================================================================
1 2 3 4 5 6A 6B 7 8 9 10 11 12 13 14 15 16 17 18
12Z AVG MX 2MIN
DY MAX MIN AVG DEP HDD CDD WTR SNW DPTH SPD SPD DIR MIN PSBL S-S WX SPD DR
================================================================================
1 72 23 48 2 17 0 0.00 0.0 0 8.6 18 110 M M 0 24 100
2 82 33 58 11 7 0 0.00 0.0 0 8.2 22 280 M M 0 28 300
3 83 34 59 12 6 0 0.00 0.0 0 7.4 17 110 M M 0 23 170
4 86 41 64 17 1 0 0.00 0.0 0 8.6 24 300 M M 0 32 290
5 86 39 63 16 2 0 0.00 0.0 0 9.2 24 230 M M 0 31 220
6 81 36 59 11 6 0 0.00 0.0 0 16.0 43 10 M M 0 8 60 330
7 69 32 51 3 14 0 0.00 0.0 0 6.4 17 30 M M 1 25 60
8 78 36 57 9 8 0 0.00 0.0 0 6.9 23 100 M M 0 30 110
9 62 30 46 -2 19 0 0.00 0.0 0 12.9 36 20 M M 0 45 10
10 72 23 48 -1 17 0 0.00 0.0 0 6.3 20 110 M M 0 28 110
11 77 29 53 4 12 0 0.00 0.0 0 11.2 35 80 M M 0 44 90
12 54 26 40 -9 25 0 0.00 0.0 0 8.0 20 70 M M 2 23 180
13 56 38 47 -3 18 0 0.00 0.0 0 13.5 25 60 M M 7 33 50
14 61 32 47 -3 18 0 0.00 0.0 0 14.6 30 100 M M 3 38 110
15 62 35 49 -1 16 0 0.05 T 0 16.0 38 100 M M 9 13 48 100
16 44 32 38 -12 27 0 0.07 0.8 1 13.5 24 20 M M 10 1 39 40
17 45 28 37 -14 28 0 T T 0 4.2 12 240 M M 8 8 15 250
18 63 27 45 -6 20 0 0.00 0.0 0 8.8 22 290 M M 3 26 290
19 66 27 47 -5 18 0 0.23 2.3 2 13.0 30 70 M M 4 12 47 70
20 41 24 33 -19 32 0 0.08 1.0 0 5.1 14 80 M M 8 1 19 40
21 51 33 42 -10 23 0 0.00 0.0 0 9.3 24 40 M M 4 31 50
22 74 25 50 -2 15 0 0.00 0.0 0 7.9 35 30 M M 2 42 30
23 64 37 51 -2 14 0 0.09 0.0 0 8.7 35 330 M M 3 38 46 330
24 76 31 54 1 11 0 0.00 0.0 0 4.5 14 140 M M 0 20 160
25 87 37 62 8 3 0 0.00 0.0 0 8.3 26 250 M M 0 38 260
26 85 51 68 14 0 3 0.00 0.0 0 10.8 26 220 M M 0 37 220
27 72 47 60 6 5 0 0.00 0.0 0 14.1 32 10 M M 1 43 10
28 62 41 52 -3 13 0 0.00 0.0 0 11.5 28 10 M M 6 37 360
29 75 32 54 -1 11 0 0.00 0.0 0 7.4 23 40 M M 0 33 40
30 83 39 61 6 4 0 0.00 0.0 0 6.6 16 110 M M 0 27 150
================================================================================
SM 2069 998 410 3 0.52 4.1 287.5 M 71
================================================================================
AV 69.0 33.3 9.6 FASTST M M 2 MAX(MPH)
MISC ----> 43 10 60 330
================================================================================
NOTES:
COLUMN 17 PEAK WIND IN M.P.H.
PRELIMINARY LOCAL CLIMATOLOGICAL DATA (WS FORM: F-6) , PAGE 2
STATION: PUEBLO CO
MONTH: APRIL
YEAR: 2021
LATITUDE: 38 16 N
LONGITUDE: 104 31 W
[TEMPERATURE DATA] [PRECIPITATION DATA] SYMBOLS USED IN COLUMN 16
AVERAGE MONTHLY: 51.1 TOTAL FOR MONTH: 0.52 1 = FOG OR MIST
DPTR FM NORMAL: 0.5 DPTR FM NORMAL: -0.88 2 = FOG REDUCING VISIBILITY
HIGHEST: 87 ON 25 GRTST 24HR 0.31 ON 19-20 TO 1/4 MILE OR LESS
LOWEST: 23 ON 10,1 3 = THUNDER
SNOW, ICE PELLETS, HAIL 4 = ICE PELLETS
TOTAL MONTH: 4.1 INCHES 5 = HAIL
GRTST 24HR 3.3 ON 19-20 6 = FREEZING RAIN OR DRIZZLE
GRTST DEPTH: 2 ON 19 7 = DUSTSTORM OR SANDSTORM:
VSBY 1/2 MILE OR LESS
8 = SMOKE OR HAZE
[NO. OF DAYS WITH] [WEATHER - DAYS WITH] 9 = BLOWING SNOW
X = TORNADO
MAX 32 OR BELOW: 0 0.01 INCH OR MORE: 5
MAX 90 OR ABOVE: 0 0.10 INCH OR MORE: 1
MIN 32 OR BELOW: 15 0.50 INCH OR MORE: 0
MIN 0 OR BELOW: 0 1.00 INCH OR MORE: 0
[HDD (BASE 65) ]
TOTAL THIS MO. 410 CLEAR (SCALE 0-3) 22
DPTR FM NORMAL -25 PTCLDY (SCALE 4-7) 6
TOTAL FM JUL 1 5269 CLOUDY (SCALE 8-10) 2
DPTR FM NORMAL -172
[CDD (BASE 65) ]
TOTAL THIS MO. 3
DPTR FM NORMAL 1 [PRESSURE DATA]
TOTAL FM JAN 1 3 HIGHEST SLP 30.42 ON 1
DPTR FM NORMAL 1 LOWEST SLP 29.30 ON 26
[REMARKS]
#FINAL-04-21#