000
CXUS55 KPUB 041402 RRB
CLSPUB
CLIMATE REPORT
NATIONAL WEATHER SERVICE
702 AM MST SAT DEC 04 2021
...................................
...THE PUEBLO CO CLIMATE SUMMARY FOR THE SEASON, FROM
9/1/2021 TO 11/30/2021...
CLIMATE NORMAL PERIOD 1991 TO 2020
CLIMATE RECORD PERIOD 1888 TO 2021
WEATHER OBSERVED NORMAL DEPART LAST YEAR`S
VALUE DATE(S) VALUE FROM VALUE DATE(S)
NORMAL
................................................................
TEMPERATURE (F)
RECORD
HIGH 103 09/06/2020
LOW -17 11/29/1896
HIGHEST 101 09/11 103 09/06
LOWEST 9 11/18 -8 10/27
AVG. MAXIMUM 75.2 69.9 5.3 72.5
AVG. MINIMUM 38.5 36.7 1.8 35.3
MEAN 56.8 53.3 3.5 53.9
DAYS MAX >= 90 16
DAYS MAX <= 32 0
DAYS MIN <= 32 37
DAYS MIN <= 0 0
PRECIPITATION (INCHES)
RECORD
MAXIMUM 7.74 1957
MINIMUM 0.19 1948
TOTALS 1.10 1.88 -0.78 1.41
DAILY AVG. 0.01 0.02 -0.01
DAYS >= .01 10
DAYS >= .10 2
DAYS >= .50 1
DAYS >= 1.00 0
GREATEST
24 HR. TOTAL 0.87 09/03 TO 09/03
SNOWFALL (INCHES)
RECORDS
MAXIMUM 41.9 1991
MINIMUM 0.0 2005
TOTALS T 6.2 -6.2 11.9
SINCE 7/1 T 6.2 -6.2
SNOWDEPTH AVG. 0
DAYS >= TRACE 1 3.9 -2.9
DAYS >= 1.0 0 1.7 -1.7
GREATEST
SNOW DEPTH 0 10
24 HR TOTAL T 11/24 TO 11/24 11.1
DEGREE DAYS
HEATING TOTAL 909 1191 -282 1138
SINCE 7/1 909 1195 -286 1138
COOLING TOTAL 183 124 59 146
SINCE 1/1 1245 1079 166 1406
................................................................
WIND (MPH)
AVERAGE WIND SPEED 6.9
HIGHEST WIND SPEED/DIRECTION 43/220 DATE 10/26
HIGHEST GUST SPEED/DIRECTION 58/240 DATE 09/17
SKY COVER
POSSIBLE SUNSHINE (PERCENT) MM
AVERAGE SKY COVER 0.10
NUMBER OF DAYS FAIR 83
NUMBER OF DAYS PC 6
NUMBER OF DAYS CLOUDY 2
AVERAGE RH (PERCENT) 43
WEATHER CONDITIONS. NUMBER OF DAYS WITH
THUNDERSTORM 4 MIXED PRECIP 0
HEAVY RAIN 2 RAIN 3
LIGHT RAIN 14 FREEZING RAIN 0
LT FREEZING RAIN 0 HAIL 0
HEAVY SNOW 0 SNOW 0
LIGHT SNOW 1 SLEET 0
FOG 7 FOG W/VIS <= 1/4 MILE 1
HAZE 9
- INDICATES NEGATIVE NUMBERS.
R INDICATES RECORD WAS SET OR TIED.
MM INDICATES DATA IS MISSING.
T INDICATES TRACE AMOUNT.
$$