000
CXUS56 KOTX 010910
CF6PUW
PRELIMINARY LOCAL CLIMATOLOGICAL DATA (WS FORM: F-6)
STATION: PULLMAN_MOSCOW AIRPORT
MONTH: MAY
YEAR: 2022
LATITUDE: 46 44 N
LONGITUDE: 117 7 W
TEMPERATURE IN F: :PCPN: SNOW: WIND :SUNSHINE: SKY :PK WND
================================================================================
1 2 3 4 5 6A 6B 7 8 9 10 11 12 13 14 15 16 17 18
12Z AVG MX 2MIN
DY MAX MIN AVG DEP HDD CDD WTR SNW DPTH SPD SPD DIR MIN PSBL S-S WX SPD DR
================================================================================
1 54 40 47 -4 18 0 0.00 M M 5.5 13 90 M M 8 12 16 100
2 57 42 50 -1 15 0 T M M 14.4 25 280 M M 6 34 270
3 57 40 49 -2 16 0 0.00 M M 10.4 20 270 M M 8 25 280
4 70 43 57 5 8 0 0.00 M M 10.3 15 130 M M 0 19 120
5 63 47 55 3 10 0 0.29 M M 6.7 20 240 M M 5 1 24 230
6 55 45 50 -2 15 0 0.64 M M 7.2 23 240 M M 9 13 27 240
7 52 36 44 -8 21 0 0.23 M M 17.7 35 240 M M 7 138 46 260
8 48 32 40 -13 25 0 T M M 8.5 20 240 M M 3 25 220
9 50 31 41 -12 24 0 0.00 M M 9.1 22 250 M M 2 29 240
10 53 30 42 -11 23 0 0.00 M M 3.9 13 250 M M 1 17 250
11 57 33 45 -9 20 0 0.00 M M 4.4 13 280 M M 1 18 280
12 59 32 46 -8 19 0 0.35 M M 6.3 24 260 M M 5 1 34 250
13 50 34 42 -12 23 0 0.01 M M 9.5 21 240 M M 5 1 29 230
14 58 41 50 -4 15 0 0.22 M M 7.1 16 230 M M 9 1 20 190
15 71 47 59 4 6 0 0.15 M M 9.5 21 100 M M 2 13 25 90
16 61 43 52 -3 13 0 0.00 M M 8.6 21 250 M M 6 28 250
17 58 41 50 -5 15 0 0.00 M M 7.4 18 240 M M 0 24 240
18 57 42 50 -5 15 0 0.04 M M 13.3 30 250 M M 5 42 250
19 52 37 45 -11 20 0 T M M 16.1 26 260 M M 6 33 260
20 56 36 46 -10 19 0 0.00 M M 4.8 12 270 M M 5 16 260
21 58 36 47 -9 18 0 0.02 M M 6.7 24 110 M M 3 3 29 100
22 62 32 47 -9 18 0 0.00 M M 2.6 12 290 M M 1 16 300
23 63 40 52 -4 13 0 0.02 M M 6.1 16 40 M M 4 3 19 40
24 64 39 52 -4 13 0 0.00 M M 3.0 14 240 M M 4 17 250
25 66 52 59 2 6 0 0.01 M M 6.6 21 240 M M 7 26 250
26 73 47 60 3 5 0 0.27 M M 4.4 12 100 M M 2 1 14 100
27 64 48 56 -1 9 0 0.04 M M 7.5 22 280 M M 7 13 29 290
28 56 46 51 -6 14 0 0.03 M M 3.9 12 220 M M 10 16 240
29 54 45 50 -7 15 0 0.03 M M 12.8 23 240 M M 10 1 28 240
30 49 40 45 -12 20 0 0.05 M M 6.2 14 280 M M 10 1 18 280
31 70 40 55 -2 10 0 0.00 M M 5.7 17 130 M M 5 25 40
================================================================================
SM 1817 1237 481 0 2.40 M 246.2 M 156
================================================================================
AV 58.6 39.9 7.9 FASTST M M 5 MAX(MPH)
MISC ----> 35 240 46 260
================================================================================
NOTES:
# LAST OF SEVERAL OCCURRENCES
COLUMN 17 PEAK WIND IN M.P.H.
PRELIMINARY LOCAL CLIMATOLOGICAL DATA (WS FORM: F-6) , PAGE 2
STATION: PULLMAN_MOSCOW AIRPORT
MONTH: MAY
YEAR: 2022
LATITUDE: 46 44 N
LONGITUDE: 117 7 W
[TEMPERATURE DATA] [PRECIPITATION DATA] SYMBOLS USED IN COLUMN 16
AVERAGE MONTHLY: 49.3 TOTAL FOR MONTH: 2.40 1 = FOG OR MIST
DPTR FM NORMAL: -5.2 DPTR FM NORMAL: 0.99 2 = FOG REDUCING VISIBILITY
HIGHEST: 73 ON 26 GRTST 24HR 0.72 ON 6- 7 TO 1/4 MILE OR LESS
LOWEST: 30 ON 10 3 = THUNDER
SNOW, ICE PELLETS, HAIL 4 = ICE PELLETS
TOTAL MONTH: M 5 = HAIL
GRTST 24HR M ON M 6 = FREEZING RAIN OR DRIZZLE
GRTST DEPTH: M ON M 7 = DUSTSTORM OR SANDSTORM:
VSBY 1/2 MILE OR LESS
8 = SMOKE OR HAZE
[NO. OF DAYS WITH] [WEATHER - DAYS WITH] 9 = BLOWING SNOW
X = TORNADO
MAX 32 OR BELOW: 0 0.01 INCH OR MORE: 16
MAX 90 OR ABOVE: 0 0.10 INCH OR MORE: 7
MIN 32 OR BELOW: 5 0.50 INCH OR MORE: 1
MIN 0 OR BELOW: 0 1.00 INCH OR MORE: 0
[HDD (BASE 65) ]
TOTAL THIS MO. 481 CLEAR (SCALE 0-3) 9
DPTR FM NORMAL 149 PTCLDY (SCALE 4-7) 17
TOTAL FM JUL 1 6297 CLOUDY (SCALE 8-10) 5
DPTR FM NORMAL 224
[CDD (BASE 65) ]
TOTAL THIS MO. 0
DPTR FM NORMAL -8 [PRESSURE DATA]
TOTAL FM JAN 1 0 HIGHEST SLP M ON M
DPTR FM NORMAL -8 LOWEST SLP 29.62 ON 29
[REMARKS]
#FINAL-05-22#