000
CXUS56 KOTX 011010
CF6PUW
PRELIMINARY LOCAL CLIMATOLOGICAL DATA (WS FORM: F-6)
STATION: PULLMAN_MOSCOW AIRPORT
MONTH: DECEMBER
YEAR: 2021
LATITUDE: 46 44 N
LONGITUDE: 117 7 W
TEMPERATURE IN F: :PCPN: SNOW: WIND :SUNSHINE: SKY :PK WND
================================================================================
1 2 3 4 5 6A 6B 7 8 9 10 11 12 13 14 15 16 17 18
12Z AVG MX 2MIN
DY MAX MIN AVG DEP HDD CDD WTR SNW DPTH SPD SPD DIR MIN PSBL S-S WX SPD DR
================================================================================
1 62 44 53 19 12 0 0.00 M M 7.3 26 230 M M 5 34 220
2 54 37 46 12 19 0 0.00 M M 8.2 18 250 M M 5 24 260
3 44 31 38 4 27 0 0.00 M M 2.0 12 270 M M 6 13 270
4 38 34 36 3 29 0 0.32 M M 4.9 13 290 M M 9 1 17 270
5 37 25 31 -2 34 0 0.00 M M 7.9 17 300 M M 3 1 25 300
6 32 26 29 -4 36 0 0.32 M M 5.9 14 90 M M 9 168 17 90
7 38 31 35 2 30 0 0.10 M M 4.0 12 130 M M 10 1 14 130
8 42 29 36 4 29 0 0.28 M M 12.7 28 280 M M 7 1 36 280
9 33 28 31 -1 34 0 0.06 M M 10.4 17 250 M M 9 1 23 260
10 34 15 25 -7 40 0 T M M 8.7 18 240 M M 7 1 23 240
11 39 33 36 4 29 0 0.06 M M 16.1 28 180 M M 10 1 34 190
12 37 31 34 2 31 0 0.43 M M 10.4 21 250 M M 9 1 26 240
13 39 31 35 3 30 0 0.20 M M 14.5 26 230 M M 7 1 33 230
14 34 24 29 -3 36 0 0.03 M M 6.8 18 270 M M 6 1 25 260
15 28 23 26 -5 39 0 T M M 10.5 20 100 M M 3 24 100
16 31 24 28 -3 37 0 0.05 M M 9.7 20 280 M M 10 12 25 290
17 25 9 17 -14 48 0 0.00 M M 7.9 18 90 M M 5 8 22 90
18 38 24 31 0 34 0 0.02 M M 18.6 29 160 M M 10 1 33 170
19 36 29 33 2 32 0 0.48 M M 1.7 9 10 M M 10 1 11 10
20 33 25 29 -2 36 0 0.23 M M 4.8 12 330 M M 10 16 12 320
21 32 27 30 -1 35 0 0.00 M M 4.6 12 150 M M 10 12 14 150
22 38 28 33 2 32 0 0.06 M M 10.4 18 150 M M 7 1 22 140
23 38 31 35 4 30 0 0.09 M M 16.7 32 250 M M 7 128 44 240
24 35 28 32 1 33 0 T M M 11.0 22 240 M M 10 18 27 230
25 32 23 28 -3 37 0 T M M 8.1 22 230 M M 4 28 230
26 29 16 23 -8 42 0 0.12 M M 8.1 21 250 M M 9 128 25 250
27 22 10 16 -15 49 0 0.07 M M 5.1 16 280 M M 10 128 18 280
28 17 12 15 -16 50 0 0.07 M M 3.1 9 50 M M 10 1 11 50
29 17 -2 8 -23 57 0 0.01 M M 6.1 15 240 M M 9 1 18 270
30 M 9 M M M M 0.27 M M 9.2 17 270 M M 10 18 21 270
31 M M M M M M 0.03 M M 5.8 14 280 M M 10 128 16 280
================================================================================
SM 1014 735 1007 0 3.30 M 261.2 M 246
================================================================================
AV 35.0 24.5 8.4 FASTST M M 8 MAX(MPH)
MISC ----> 32 250 44 240
================================================================================
NOTES:
# LAST OF SEVERAL OCCURRENCES
COLUMN 17 PEAK WIND IN M.P.H.
PRELIMINARY LOCAL CLIMATOLOGICAL DATA (WS FORM: F-6) , PAGE 2
STATION: PULLMAN_MOSCOW AIRPORT
MONTH: DECEMBER
YEAR: 2021
LATITUDE: 46 44 N
LONGITUDE: 117 7 W
[TEMPERATURE DATA] [PRECIPITATION DATA] SYMBOLS USED IN COLUMN 16
AVERAGE MONTHLY: 29.7 TOTAL FOR MONTH: 3.30 1 = FOG OR MIST
DPTR FM NORMAL: -2.0 DPTR FM NORMAL: 1.09 2 = FOG REDUCING VISIBILITY
HIGHEST: 62 ON 1 GRTST 24HR 0.49 ON 11-12 TO 1/4 MILE OR LESS
LOWEST: -2 ON 29 3 = THUNDER
SNOW, ICE PELLETS, HAIL 4 = ICE PELLETS
TOTAL MONTH: M 5 = HAIL
GRTST 24HR M ON M 6 = FREEZING RAIN OR DRIZZLE
GRTST DEPTH: M ON M 7 = DUSTSTORM OR SANDSTORM:
VSBY 1/2 MILE OR LESS
8 = SMOKE OR HAZE
[NO. OF DAYS WITH] [WEATHER - DAYS WITH] 9 = BLOWING SNOW
X = TORNADO
MAX 32 OR BELOW: 10 0.01 INCH OR MORE: 21
MAX 90 OR ABOVE: 0 0.10 INCH OR MORE: 10
MIN 32 OR BELOW: 26 0.50 INCH OR MORE: 0
MIN 0 OR BELOW: 1 1.00 INCH OR MORE: 0
[HDD (BASE 65) ]
TOTAL THIS MO. 1007 CLEAR (SCALE 0-3) 2
DPTR FM NORMAL -24 PTCLDY (SCALE 4-7) 11
TOTAL FM JUL 1 2456 CLOUDY (SCALE 8-10) 18
DPTR FM NORMAL -168
[CDD (BASE 65) ]
TOTAL THIS MO. 0
DPTR FM NORMAL 0 [PRESSURE DATA]
TOTAL FM JAN 1 557 HIGHEST SLP M ON M
DPTR FM NORMAL 274 LOWEST SLP 29.36 ON 23
[REMARKS]
#FINAL-12-21#