000
CXUS56 KOTX 011010
CF6PUW
PRELIMINARY LOCAL CLIMATOLOGICAL DATA (WS FORM: F-6)
STATION: PULLMAN_MOSCOW AIRPORT
MONTH: JANUARY
YEAR: 2021
LATITUDE: 46 44 N
LONGITUDE: 117 7 W
TEMPERATURE IN F: :PCPN: SNOW: WIND :SUNSHINE: SKY :PK WND
================================================================================
1 2 3 4 5 6A 6B 7 8 9 10 11 12 13 14 15 16 17 18
12Z AVG MX 2MIN
DY MAX MIN AVG DEP HDD CDD WTR SNW DPTH SPD SPD DIR MIN PSBL S-S WX SPD DR
================================================================================
1 41 37 39 9 26 0 0.02 M M 12.0 21 160 M M 8 25 160
2 41 36 39 9 26 0 0.23 M M 11.1 24 170 M M 10 30 170
3 44 35 40 10 25 0 0.32 M M 13.1 31 240 M M 5 1 42 230
4 43 36 40 10 25 0 0.34 M M 15.4 30 250 M M 8 41 240
5 42 34 38 8 27 0 T M M 12.5 26 150 M M 5 36 240
6 43 36 40 9 25 0 0.05 M M 10.4 21 100 M M 8 1 24 110
7 39 33 36 5 29 0 0.16 M M 4.9 15 100 M M 9 1 19 100
8 39 31 35 4 30 0 0.00 M M 9.9 22 100 M M 4 12 26 100
9 39 32 36 5 29 0 0.00 M M 4.8 15 90 M M 7 12 18 90
10 38 32 35 4 30 0 0.00 M M 11.2 20 100 M M 6 22 100
11 39 31 35 4 30 0 0.00 M M 13.3 21 100 M M 6 8 24 90
12 44 35 40 9 25 0 0.66 M M 18.6 26 160 M M 10 1 37 170
13 50 31 41 10 24 0 0.41 M M 20.3 47 240 M M 3 1 60 250
14 41 28 35 3 30 0 0.00 M M 11.0 22 90 M M 2 27 90
15 36 34 35 3 30 0 0.05 M M 6.6 16 90 M M 8 18 22 90
16 42 33 38 6 27 0 0.00 M M 5.9 13 90 M M 5 1 15 90
17 40 29 35 3 30 0 0.02 M M 6.9 17 260 M M 9 1 27 270
18 37 27 32 0 33 0 0.00 M M 4.1 13 290 M M 7 12 16 300
19 35 26 31 -1 34 0 0.00 M M 7.9 14 140 M M 4 1 18 140
20 38 29 34 2 31 0 0.00 M M 6.3 10 110 M M 8 13 90
21 36 31 34 2 31 0 0.03 M M 3.0 8 300 M M 10 128 11 120
22 34 29 32 0 33 0 0.00 M M 2.8 9 320 M M 10 12 11 280
23 31 23 27 -5 38 0 0.00 M M 5.6 14 270 M M 4 17 90
24 34 24 29 -3 36 0 0.00 M M 6.3 16 90 M M 4 19 100
25 30 26 28 -4 37 0 0.01 M M 3.3 8 270 M M 10 1 11 290
26 34 25 30 -2 35 0 T M M 8.6 18 100 M M 6 1 22 100
27 41 29 35 2 30 0 T M M 11.0 21 190 M M 7 25 190
28 43 33 38 5 27 0 0.01 0.0 0 8.5 16 100 M M 7 20 90
29 37 32 35 2 30 0 0.12 M M 3.8 9 290 M M 9 12 12 290
30 44 30 37 4 28 0 0.00 M M 8.8 17 90 M M 4 1 22 90
31 51 36 44 11 21 0 0.00 M M 12.8 22 160 M M 8 27 160
================================================================================
SM 1226 963 912 0 2.43 0.0 280.7 M 211
================================================================================
AV 39.5 31.1 9.1 FASTST M M 7 MAX(MPH)
MISC ----> 47 240 60 250
================================================================================
NOTES:
# LAST OF SEVERAL OCCURRENCES
COLUMN 17 PEAK WIND IN M.P.H.
PRELIMINARY LOCAL CLIMATOLOGICAL DATA (WS FORM: F-6) , PAGE 2
STATION: PULLMAN_MOSCOW AIRPORT
MONTH: JANUARY
YEAR: 2021
LATITUDE: 46 44 N
LONGITUDE: 117 7 W
[TEMPERATURE DATA] [PRECIPITATION DATA] SYMBOLS USED IN COLUMN 16
AVERAGE MONTHLY: 35.3 TOTAL FOR MONTH: 2.43 1 = FOG OR MIST
DPTR FM NORMAL: 3.7 DPTR FM NORMAL: 0.61 2 = FOG REDUCING VISIBILITY
HIGHEST: 51 ON 31 GRTST 24HR 0.74 ON 4- 4 TO 1/4 MILE OR LESS
LOWEST: 23 ON 23 3 = THUNDER
SNOW, ICE PELLETS, HAIL 4 = ICE PELLETS
TOTAL MONTH: 0.0 INCH 5 = HAIL
GRTST 24HR 0.0 6 = FREEZING RAIN OR DRIZZLE
GRTST DEPTH: 0 7 = DUSTSTORM OR SANDSTORM:
VSBY 1/2 MILE OR LESS
8 = SMOKE OR HAZE
[NO. OF DAYS WITH] [WEATHER - DAYS WITH] 9 = BLOWING SNOW
X = TORNADO
MAX 32 OR BELOW: 2 0.01 INCH OR MORE: 14
MAX 90 OR ABOVE: 0 0.10 INCH OR MORE: 7
MIN 32 OR BELOW: 19 0.50 INCH OR MORE: 1
MIN 0 OR BELOW: 0 1.00 INCH OR MORE: 0
[HDD (BASE 65) ]
TOTAL THIS MO. 912 CLEAR (SCALE 0-3) 1
DPTR FM NORMAL -123 PTCLDY (SCALE 4-7) 19
TOTAL FM JUL 1 3316 CLOUDY (SCALE 8-10) 11
DPTR FM NORMAL -544
[CDD (BASE 65) ]
TOTAL THIS MO. 0
DPTR FM NORMAL 0 [PRESSURE DATA]
TOTAL FM JAN 1 0 HIGHEST SLP M ON M
DPTR FM NORMAL 0 LOWEST SLP 29.64 ON 27
[REMARKS]
#FINAL-01-21#