000
CXUS56 KOTX 011143
CLMPUW
CLIMATE REPORT
NATIONAL WEATHER SERVICE SPOKANE WA
443 AM PDT THU JUN 01 2023
...................................
...THE PULLMAN_MOSCOW AIRPORT CLIMATE SUMMARY FOR THE MONTH OF MAY 2023...
CLIMATE NORMAL PERIOD 1991 TO 2020
CLIMATE RECORD PERIOD 9999 TO 9999
WEATHER OBSERVED NORMAL DEPART LAST YEAR`S
VALUE DATE(S) VALUE FROM VALUE DATE(S)
NORMAL
................................................................
TEMPERATURE (F)
RECORD
HIGH 94 05/29/1897
LOW 23 05/02/1954
HIGHEST 87 05/20 MM MM 73 05/26
LOWEST 37 05/23 MM MM 30 05/10
AVG. MAXIMUM 72.1 65.4 6.7 58.6
AVG. MINIMUM 46.9 43.7 3.2 39.9
MEAN 59.5 54.5 5.0 49.3
DAYS MAX >= 90 0 0.3 -0.3 0
DAYS MAX <= 32 0 0.0 0.0 0
DAYS MIN <= 32 0 2.5 -2.5 5
DAYS MIN <= 0 0 0.0 0.0 0
PRECIPITATION (INCHES)
RECORD
MAXIMUM 5.43 1948
MINIMUM 0.00 1924
TOTALS 0.72 1.41 -0.69 2.40
DAILY AVG. 0.02 0.05 -0.03 0.08
DAYS >= .01 8 10.4 -2.4 16
DAYS >= .10 3 4.4 -1.4 7
DAYS >= .50 0 0.4 -0.4 1
DAYS >= 1.00 0 0.0 0.0 0
GREATEST
24 HR. TOTAL 0.35 05/04 TO 05/05 0.72
DEGREE DAYS
HEATING TOTAL 189 332 -143 481
SINCE 7/1 6184 6073 111 MM
COOLING TOTAL 27 8 19 0
SINCE 1/1 28 8 20 MM
................................................................
WIND (MPH)
AVERAGE WIND SPEED 6.0
HIGHEST WIND SPEED/DIRECTION 33/040 DATE 05/02
HIGHEST GUST SPEED/DIRECTION 43/050 DATE 05/02
SKY COVER
POSSIBLE SUNSHINE (PERCENT) MM
AVERAGE SKY COVER 0.25
NUMBER OF DAYS FAIR 23
NUMBER OF DAYS PC 4
NUMBER OF DAYS CLOUDY 4
AVERAGE RH (PERCENT) 61
WEATHER CONDITIONS. NUMBER OF DAYS WITH
THUNDERSTORM 5 MIXED PRECIP 0
HEAVY RAIN 1 RAIN 3
LIGHT RAIN 11 FREEZING RAIN 0
LT FREEZING RAIN 0 HAIL 0
HEAVY SNOW 0 SNOW 0
LIGHT SNOW 0 SLEET 0
FOG 4 FOG W/VIS <= 1/4 MILE 0
HAZE 9
- INDICATES NEGATIVE NUMBERS.
R INDICATES RECORD WAS SET OR TIED.
MM INDICATES DATA IS MISSING.
T INDICATES TRACE AMOUNT.
$$