000
CXUS56 KOTX 011347
CLMPUW
CLIMATE REPORT
NATIONAL WEATHER SERVICE SPOKANE WA
647 AM PDT WED NOV 01 2023
...................................
...THE PULLMAN_MOSCOW AIRPORT CLIMATE SUMMARY FOR THE MONTH OF OCTOBER 2023...
CLIMATE NORMAL PERIOD 1991 TO 2020
CLIMATE RECORD PERIOD 9999 TO 9999
WEATHER OBSERVED NORMAL DEPART LAST YEAR`S
VALUE DATE(S) VALUE FROM VALUE DATE(S)
NORMAL
................................................................
TEMPERATURE (F)
RECORD
HIGH 90 10/01/1992
LOW 4 10/31/1935
HIGHEST 81 10/08 MM MM 79 10/05
10/06
LOWEST 17 10/28 MM MM 31 10/27
AVG. MAXIMUM 60.5 59.2 1.3 65.4
AVG. MINIMUM 40.4 37.6 2.8 41.8
MEAN 50.4 48.4 2.0 53.6
DAYS MAX >= 90 0 0.0 0.0 0
DAYS MAX <= 32 0 0.2 -0.2 0
DAYS MIN <= 32 6 8.6 -2.6 2
DAYS MIN <= 0 0 0.0 0.0 0
PRECIPITATION (INCHES)
RECORD
MAXIMUM 5.01 2016
MINIMUM 0.00 1987
TOTALS 1.11 1.59 -0.48 1.83
DAILY AVG. 0.04 0.05 -0.01 0.06
DAYS >= .01 8 8.8 -0.8 5
DAYS >= .10 4 4.6 -0.6 5
DAYS >= .50 0 0.6 -0.6 1
DAYS >= 1.00 0 0.1 -0.1 0
GREATEST
24 HR. TOTAL 0.46 10/02 TO 10/03 0.70
DEGREE DAYS
HEATING TOTAL 445 515 -70 348
SINCE 7/1 659 803 -144 MM
COOLING TOTAL 2 1 1 0
SINCE 1/1 361 283 78 MM
................................................................
WIND (MPH)
AVERAGE WIND SPEED 5.3
HIGHEST WIND SPEED/DIRECTION 24/250 DATE 10/23
HIGHEST GUST SPEED/DIRECTION 33/250 DATE 10/23
SKY COVER
POSSIBLE SUNSHINE (PERCENT) MM
AVERAGE SKY COVER 0.33
NUMBER OF DAYS FAIR 18
NUMBER OF DAYS PC 9
NUMBER OF DAYS CLOUDY 4
AVERAGE RH (PERCENT) 69
WEATHER CONDITIONS. NUMBER OF DAYS WITH
THUNDERSTORM 0 MIXED PRECIP 0
HEAVY RAIN 1 RAIN 5
LIGHT RAIN 10 FREEZING RAIN 0
LT FREEZING RAIN 0 HAIL 0
HEAVY SNOW 0 SNOW 1
LIGHT SNOW 2 SLEET 0
FOG 15 FOG W/VIS <= 1/4 MILE 1
HAZE 9
- INDICATES NEGATIVE NUMBERS.
R INDICATES RECORD WAS SET OR TIED.
MM INDICATES DATA IS MISSING.
T INDICATES TRACE AMOUNT.
$$