000
CXUS56 KOTX 011253
CLMPUW
CLIMATE REPORT
NATIONAL WEATHER SERVICE SPOKANE WA
553 AM PDT TUE AUG 01 2023
...................................
...THE PULLMAN_MOSCOW AIRPORT CLIMATE SUMMARY FOR THE MONTH OF JULY 2023...
CLIMATE NORMAL PERIOD 1991 TO 2020
CLIMATE RECORD PERIOD 9999 TO 9999
WEATHER OBSERVED NORMAL DEPART LAST YEAR`S
VALUE DATE(S) VALUE FROM VALUE DATE(S)
NORMAL
................................................................
TEMPERATURE (F)
RECORD
HIGH 104 07/18/1960
07/21/1905
LOW 32 07/04/1893
HIGHEST 95 07/16 MM MM 98 07/29
07/20
07/23
LOWEST 41 07/03 MM MM 46 07/23
07/04
AVG. MAXIMUM 86.1 83.1 3.0 84.0
AVG. MINIMUM 49.7 50.9 -1.2 53.5
MEAN 67.9 67.0 0.9 68.7
DAYS MAX >= 90 9 8.3 0.7 7
DAYS MAX <= 32 0 0.0 0.0 0
DAYS MIN <= 32 0 0.0 0.0 0
DAYS MIN <= 0 0 0.0 0.0 0
PRECIPITATION (INCHES)
RECORD
MAXIMUM 2.14 1902
MINIMUM 0.00 1969
TOTALS 0.08 0.39 -0.31 0.45
DAILY AVG. 0.00 0.01 -0.01 0.01
DAYS >= .01 3 2.9 0.1 5
DAYS >= .10 0 0.9 -0.9 1
DAYS >= .50 0 0.0 0.0 0
DAYS >= 1.00 0 0.0 0.0 0
GREATEST
24 HR. TOTAL 0.04 07/24 TO 07/24 0.31
DEGREE DAYS
HEATING TOTAL 16 48 -32 11
SINCE 7/1 16 50 -34 MM
COOLING TOTAL 112 110 2 133
SINCE 1/1 188 141 47 MM
................................................................
WIND (MPH)
AVERAGE WIND SPEED 4.3
HIGHEST WIND SPEED/DIRECTION 29/250 DATE 07/17
HIGHEST GUST SPEED/DIRECTION 41/260 DATE 07/17
SKY COVER
POSSIBLE SUNSHINE (PERCENT) MM
AVERAGE SKY COVER 0.02
NUMBER OF DAYS FAIR 31
NUMBER OF DAYS PC 0
NUMBER OF DAYS CLOUDY 0
AVERAGE RH (PERCENT) 45
WEATHER CONDITIONS. NUMBER OF DAYS WITH
THUNDERSTORM 3 MIXED PRECIP 0
HEAVY RAIN 0 RAIN 0
LIGHT RAIN 2 FREEZING RAIN 0
LT FREEZING RAIN 0 HAIL 0
HEAVY SNOW 0 SNOW 0
LIGHT SNOW 0 SLEET 0
FOG 0 FOG W/VIS <= 1/4 MILE 0
HAZE 11
- INDICATES NEGATIVE NUMBERS.
R INDICATES RECORD WAS SET OR TIED.
MM INDICATES DATA IS MISSING.
T INDICATES TRACE AMOUNT.
$$