000
CXUS51 KBOX 010810
CF6PVD
PRELIMINARY LOCAL CLIMATOLOGICAL DATA (WS FORM: F-6)
STATION: PROVIDENCE RI
MONTH: MARCH
YEAR: 2021
LATITUDE: 41 43 N
LONGITUDE: 71 26 W
TEMPERATURE IN F: :PCPN: SNOW: WIND :SUNSHINE: SKY :PK WND
================================================================================
1 2 3 4 5 6A 6B 7 8 9 10 11 12 13 14 15 16 17 18
12Z AVG MX 2MIN
DY MAX MIN AVG DEP HDD CDD WTR SNW DPTH SPD SPD DIR MIN PSBL S-S WX SPD DR
================================================================================
1 50 28 39 4 26 0 0.34 T 0 11.1 32 300 M M 8 1 49 290
2 31 16 24 -11 41 0 0.00 0.0 0 20.3 38 280 M M 1 50 290
3 49 24 37 2 28 0 0.00 0.0 0 7.6 17 310 M M 5 23 250
4 43 26 35 0 30 0 0.00 0.0 0 12.2 24 310 M M 4 32 280
5 35 23 29 -7 36 0 0.00 0.0 0 14.2 24 290 M M 4 32 290
6 36 23 30 -6 35 0 0.00 0.0 0 10.2 17 300 M M 1 23 290
7 38 20 29 -7 36 0 0.00 0.0 0 6.9 14 320 M M 0 21 330
8 42 23 33 -3 32 0 0.00 0.0 0 6.5 13 180 M M 2 18 340
9 62 33 48 11 17 0 0.00 0.0 0 10.0 23 320 M M 4 31 300
10 48 27 38 1 27 0 0.00 0.0 0 6.5 20 160 M M 3 1 23 150
11 72 30 51 14 14 0 0.00 0.0 0 10.1 30 230 M M 6 12 39 230
12 65 48 57 19 8 0 T 0.0 0 13.2 30 300 M M 3 42 310
13 49 32 41 3 24 0 0.00 0.0 0 13.6 33 310 M M 0 47 310
14 49 24 37 -1 28 0 T 0.0 0 14.5 32 330 M M 5 45 320
15 32 18 25 -13 40 0 0.00 0.0 0 15.0 28 360 M M 3 38 360
16 36 18 27 -12 38 0 0.00 0.0 0 7.4 18 170 M M 6 21 170
17 47 29 38 -1 27 0 0.00 0.0 0 7.0 20 160 M M 7 23 140
18 49 28 39 0 26 0 1.00 0.0 0 9.5 31 30 M M 9 1 39 30
19 43 31 37 -3 28 0 0.01 T 0 16.5 30 20 M M 5 38 40
20 58 24 41 1 24 0 0.00 0.0 0 5.7 16 150 M M 0 19 150
21 60 30 45 5 20 0 0.00 0.0 0 4.7 15 150 M M 1 17 160
22 55 30 43 2 22 0 0.00 0.0 0 5.6 16 160 M M 1 1 20 150
23 65 34 50 9 15 0 0.00 0.0 0 4.2 15 170 M M 6 18 18 180
24 60 36 48 7 17 0 0.01 0.0 0 3.9 13 160 M M 7 1 18 150
25 66 48 57 15 8 0 0.17 0.0 0 5.0 14 160 M M 9 1 19 170
26 68 50 59 17 6 0 0.03 0.0 0 13.8 31 290 M M 7 1 46 290
27 66 43 55 13 10 0 0.00 0.0 0 9.7 21 290 M M 3 30 290
28 56 40 48 5 17 0 1.47 0.0 0 10.9 26 140 M M 10 12 33 130
29 52 38 45 2 20 0 0.03 0.0 0 16.0 33 290 M M 5 48 290
30 56 30 43 0 22 0 0.00 0.0 0 9.2 26 190 M M 1 8 34 200
31 68 41 55 11 10 0 0.61 0.0 0 12.3 30 210 M M 8 1 42 180
================================================================================
SM 1606 945 732 0 3.67 T 313.3 M 134
================================================================================
AV 51.8 30.5 10.1 FASTST M M 4 MAX(MPH)
MISC ----> 38 280 50 290
================================================================================
NOTES:
# LAST OF SEVERAL OCCURRENCES
COLUMN 17 PEAK WIND IN M.P.H.
PRELIMINARY LOCAL CLIMATOLOGICAL DATA (WS FORM: F-6) , PAGE 2
STATION: PROVIDENCE RI
MONTH: MARCH
YEAR: 2021
LATITUDE: 41 43 N
LONGITUDE: 71 26 W
[TEMPERATURE DATA] [PRECIPITATION DATA] SYMBOLS USED IN COLUMN 16
AVERAGE MONTHLY: 41.1 TOTAL FOR MONTH: 3.67 1 = FOG OR MIST
DPTR FM NORMAL: 2.2 DPTR FM NORMAL: -1.34 2 = FOG REDUCING VISIBILITY
HIGHEST: 72 ON 11 GRTST 24HR 1.50 ON 28-29 TO 1/4 MILE OR LESS
LOWEST: 16 ON 2 3 = THUNDER
SNOW, ICE PELLETS, HAIL 4 = ICE PELLETS
TOTAL MONTH: T 5 = HAIL
GRTST 24HR T ON 1- 1 6 = FREEZING RAIN OR DRIZZLE
GRTST DEPTH: 0 7 = DUSTSTORM OR SANDSTORM:
VSBY 1/2 MILE OR LESS
8 = SMOKE OR HAZE
[NO. OF DAYS WITH] [WEATHER - DAYS WITH] 9 = BLOWING SNOW
X = TORNADO
MAX 32 OR BELOW: 2 0.01 INCH OR MORE: 9
MAX 90 OR ABOVE: 0 0.10 INCH OR MORE: 5
MIN 32 OR BELOW: 21 0.50 INCH OR MORE: 3
MIN 0 OR BELOW: 0 1.00 INCH OR MORE: 2
[HDD (BASE 65) ]
TOTAL THIS MO. 732 CLEAR (SCALE 0-3) 13
DPTR FM NORMAL -77 PTCLDY (SCALE 4-7) 14
TOTAL FM JUL 1 4390 CLOUDY (SCALE 8-10) 4
DPTR FM NORMAL -481
[CDD (BASE 65) ]
TOTAL THIS MO. 0
DPTR FM NORMAL 0 [PRESSURE DATA]
TOTAL FM JAN 1 0 HIGHEST SLP 30.59 ON 10
DPTR FM NORMAL 0 LOWEST SLP 29.41 ON 28
[REMARKS]
#FINAL-03-21#