000
CXUS51 KBOX 011020
CF6PVD
PRELIMINARY LOCAL CLIMATOLOGICAL DATA (WS FORM: F-6)
STATION: PROVIDENCE RI
MONTH: JUNE
YEAR: 2020
LATITUDE: 41 43 N
LONGITUDE: 71 26 W
TEMPERATURE IN F: :PCPN: SNOW: WIND :SUNSHINE: SKY :PK WND
================================================================================
1 2 3 4 5 6A 6B 7 8 9 10 11 12 13 14 15 16 17 18
12Z AVG MX 2MIN
DY MAX MIN AVG DEP HDD CDD WTR SNW DPTH SPD SPD DIR MIN PSBL S-S WX SPD DR
================================================================================
1 66 42 54 -9 11 0 0.00 0.0 0 8.1 20 310 M M 4 25 270
2 74 45 60 -4 5 0 T 0.0 0 6.4 17 240 M M 6 22 240
3 81 56 69 5 0 4 0.01 0.0 0 8.0 16 260 M M 8 25 310
4 88 64 76 12 0 11 0.00 0.0 0 9.1 22 190 M M 5 28 200
5 81 64 73 8 0 8 0.10 0.0 0 7.7 15 190 M M 8 1 21 230
6 81 63 72 7 0 7 0.41 0.0 0 7.6 22 360 M M 8 13 28 350
7 72 54 63 -2 2 0 0.00 0.0 0 10.0 21 360 M M 5 26 10
8 80 52 66 0 0 1 0.00 0.0 0 7.0 16 300 M M 3 23 290
9 80 57 69 3 0 4 0.00 0.0 0 4.8 14 150 M M 6 16 340
10 80 52 66 0 0 1 0.00 0.0 0 8.7 16 170 M M 7 128 19 170
11 73 66 70 3 0 5 0.82 0.0 0 14.4 25 200 M M 10 13 37 210
12 80 66 73 6 0 8 0.00 0.0 0 7.2 17 160 M M 7 1 21 330
13 76 57 67 0 0 2 0.00 0.0 0 8.5 18 360 M M 7 22 360
14 73 52 63 -5 2 0 0.00 0.0 0 9.1 16 50 M M 2 21 40
15 73 56 65 -3 0 0 0.00 0.0 0 10.1 17 70 M M 7 8 M 80
16 77 51 64 -4 1 0 0.00 0.0 0 6.5 16 90 M M 4 25 80
17 80 54 67 -2 0 2 0.00 0.0 0 6.3 15 170 M M 2 34 150
18 83 61 72 3 0 7 0.00 0.0 0 8.1 20 150 M M 7 1 23 160
19 85 66 76 7 0 11 0.00 0.0 0 8.7 21 200 M M 6 23 210
20 91 66 79 10 0 14 0.00 0.0 0 8.2 18 210 M M 4 23 210
21 88 66 77 7 0 12 0.00 0.0 0 8.4 20 160 M M 5 23 150
22 85 65 75 5 0 10 0.00 0.0 0 6.1 14 190 M M 5 12 26 110
23 81 66 74 4 0 9 0.00 0.0 0 9.1 20 150 M M 8 1 23 160
24 85 68 77 6 0 12 0.11 0.0 0 8.9 18 220 M M 7 18 24 220
25 88 63 76 5 0 11 0.00 0.0 0 6.3 20 250 M M 6 25 280
26 80 65 73 2 0 8 0.72 0.0 0 7.7 20 200 M M 5 13 30 180
27 82 62 72 1 0 7 0.39 0.0 0 5.5 14 130 M M 7 1 17 130
28 82 63 73 2 0 8 T 0.0 0 8.1 23 10 M M 5 13 29 10
29 82 66 74 2 0 9 T 0.0 0 7.1 22 10 M M 9 13 26 10
30 75 65 70 -2 0 5 0.05 0.0 0 4.3 12 80 M M 9 13 14 80
================================================================================
SM 2402 1793 21 176 2.61 0.0 236.0 M 182
================================================================================
AV 80.1 59.8 7.9 FASTST M M 6 MAX(MPH)
MISC ----> # 25 200 # 37 210
================================================================================
NOTES:
# LAST OF SEVERAL OCCURRENCES
COLUMN 17 PEAK WIND IN M.P.H.
PRELIMINARY LOCAL CLIMATOLOGICAL DATA (WS FORM: F-6) , PAGE 2
STATION: PROVIDENCE RI
MONTH: JUNE
YEAR: 2020
LATITUDE: 41 43 N
LONGITUDE: 71 26 W
[TEMPERATURE DATA] [PRECIPITATION DATA] SYMBOLS USED IN COLUMN 16
AVERAGE MONTHLY: 69.9 TOTAL FOR MONTH: 2.61 1 = FOG OR MIST
DPTR FM NORMAL: 1.9 DPTR FM NORMAL: -1.03 2 = FOG REDUCING VISIBILITY
HIGHEST: 91 ON 20 GRTST 24HR 0.82 ON 11-11 TO 1/4 MILE OR LESS
LOWEST: 42 ON 1 3 = THUNDER
SNOW, ICE PELLETS, HAIL 4 = ICE PELLETS
TOTAL MONTH: 0.0 INCH 5 = HAIL
GRTST 24HR 0.0 6 = FREEZING RAIN OR DRIZZLE
GRTST DEPTH: 0 7 = DUSTSTORM OR SANDSTORM:
VSBY 1/2 MILE OR LESS
8 = SMOKE OR HAZE
[NO. OF DAYS WITH] [WEATHER - DAYS WITH] 9 = BLOWING SNOW
X = TORNADO
MAX 32 OR BELOW: 0 0.01 INCH OR MORE: 8
MAX 90 OR ABOVE: 1 0.10 INCH OR MORE: 6
MIN 32 OR BELOW: 0 0.50 INCH OR MORE: 2
MIN 0 OR BELOW: 0 1.00 INCH OR MORE: 0
[HDD (BASE 65) ]
TOTAL THIS MO. 21 CLEAR (SCALE 0-3) 2
DPTR FM NORMAL -22 PTCLDY (SCALE 4-7) 24
TOTAL FM JUL 1 5203 CLOUDY (SCALE 8-10) 4
DPTR FM NORMAL -415
[CDD (BASE 65) ]
TOTAL THIS MO. 176
DPTR FM NORMAL 44 [PRESSURE DATA]
TOTAL FM JAN 1 205 HIGHEST SLP 30.45 ON 15
DPTR FM NORMAL 47 LOWEST SLP 29.53 ON 3
[REMARKS]
#FINAL-06-20#