000
CXUS51 KBOX 010909
CLMPVD
CLIMATE REPORT
NATIONAL WEATHER SERVICE BOSTON/NORTON MA
409 AM EST FRI DEC 01 2023
...................................
...THE PROVIDENCE RI CLIMATE SUMMARY FOR THE MONTH OF NOVEMBER 2023...
CLIMATE NORMAL PERIOD 1991 TO 2020
CLIMATE RECORD PERIOD 1904 TO 2023
WEATHER OBSERVED NORMAL DEPART LAST YEAR`S
VALUE DATE(S) VALUE FROM VALUE
NORMAL
..............................................................
TEMPERATURE (F)
RECORD
HIGH 81 11/02/1950
LOW 6 11/24/1989
HIGHEST 66 11/17 79
LOWEST 21 11/13 21
AVG. MAXIMUM 51.1 53.2 -2.1
AVG. MINIMUM 31.7 35.8 -4.1
MEAN 41.4 44.5 -3.1
DAYS MAX >= 90 0 0.0 0.0
DAYS MAX <= 32 0 0.2 -0.2
DAYS MIN <= 32 16 11.3 4.7
DAYS MIN <= 0 0 0.0 0.0
PRECIPITATION (INCHES)
RECORD
MAXIMUM 11.01 1983
MINIMUM 0.31 1917
TOTALS 2.88 4.27 -1.39
DAILY AVG. 0.10 0.14 -0.04
DAYS >= .01 9 9.6 -0.6
DAYS >= .10 6 6.3 -0.3
DAYS >= .50 2 2.8 -0.8
DAYS >= 1.00 1 1.5 -0.5
GREATEST
24 HR. TOTAL 1.82 11/21 TO 11/22
SNOWFALL (INCHES)
RECORDS
MAXIMUM 10.2 1945
MINIMUM 0.0 MULTI-YEARS
SNOW DEPTH 7 11/24/1989
11/12/1987
TOTALS T 1.0 -1.0
LIQUID EQUIV T
SINCE 7/1 T 1.2 -1.2
SNOWDEPTH AVG. 0
DAYS >= TRACE 1 0.6 0.4
DAYS >= 1.0 0 0.3 -0.3
GREATEST
SNOW DEPTH 0
24 HR TOTAL T 11/28 TO 11/28
DEGREE DAYS
HEATING TOTAL 699 615 84
SINCE 7/1 1003 1027 -24
COOLING TOTAL 0 0 0
SINCE 1/1 729 812 -83
..............................................................
WIND (MPH)
AVERAGE WIND SPEED 7.4
RESULTANT WIND SPEED/DIRECTION 4/290
HIGHEST WIND SPEED/DIRECTION 29/150 DATE 11/27
HIGHEST GUST SPEED/DIRECTION 38/150 DATE 11/27
SKY COVER
POSSIBLE SUNSHINE (PERCENT) MM
AVERAGE SKY COVER 0.47
NUMBER OF DAYS FAIR 9
NUMBER OF DAYS PC 19
NUMBER OF DAYS CLOUDY 2
AVERAGE RH (PERCENT) 68
WEATHER CONDITIONS. NUMBER OF DAYS WITH
THUNDERSTORM 0 MIXED PRECIP 0
HEAVY RAIN 2 RAIN 4
LIGHT RAIN 10 FREEZING RAIN 0
LT FREEZING RAIN 0 HAIL 0
HEAVY SNOW 0 SNOW 0
LIGHT SNOW 1 SLEET 0
FOG 11 FOG W/VIS <= 1/4 MILE 2
HAZE 1
- INDICATES NEGATIVE NUMBERS.
R INDICATES RECORD WAS SET OR TIED.
MM INDICATES DATA IS MISSING.
T INDICATES TRACE AMOUNT.
$$