000
CXUS51 KGYX 011710
CF6PWM
PRELIMINARY LOCAL CLIMATOLOGICAL DATA (WS FORM: F-6)
STATION: PORTLAND ME
MONTH: AUGUST
YEAR: 2020
LATITUDE: 43 39 N
LONGITUDE: 70 19 W
TEMPERATURE IN F: :PCPN: SNOW: WIND :SUNSHINE: SKY :PK WND
================================================================================
1 2 3 4 5 6A 6B 7 8 9 10 11 12 13 14 15 16 17 18
12Z AVG MX 2MIN
DY MAX MIN AVG DEP HDD CDD WTR SNW DPTH SPD SPD DIR MIN PSBL S-S WX SPD DR
================================================================================
1 89 67 78 8 0 13 0.00 0.0 0 5.9 14 150 M M 2 18 150
2 85 66 76 7 0 11 0.00 0.0 0 7.9 17 180 M M 6 24 180
3 91 70 81 12 0 16 0.00 0.0 0 10.1 24 280 M M 6 1 33 280
4 77 67 72 3 0 7 0.16 0.0 0 10.3 29 160 M M 8 128 44 140
5 84 70 77 8 0 12 0.00 0.0 0 9.3 16 180 M M 2 24 230
6 82 60 71 2 0 6 0.00 0.0 0 7.4 17 270 M M 3 26 290
7 81 59 70 1 0 5 0.00 0.0 0 4.9 13 90 M M 5 16 90
8 84 62 73 4 0 8 0.00 0.0 0 5.0 14 170 M M 5 19 190
9 87 63 75 6 0 10 T 0.0 0 6.3 18 180 M M 6 24 180
10 87 70 79 10 0 14 0.01 0.0 0 4.2 12 160 M M 5 18 14 150
11 91 68 80 11 0 15 0.00 0.0 0 6.3 16 180 M M 3 18 25 180
12 93 72 83 14 0 18 T 0.0 0 5.7 14 150 M M 4 17 170
13 90 69 80 11 0 15 0.00 0.0 0 4.1 12 190 M M 5 15 320
14 88 64 76 8 0 11 0.00 0.0 0 5.7 15 10 M M 4 19 10
15 79 60 70 2 0 5 0.00 0.0 0 6.7 14 60 M M 6 18 60
16 73 59 66 -2 0 1 0.01 0.0 0 7.7 15 90 M M 6 19 90
17 76 62 69 1 0 4 0.00 0.0 0 7.0 14 90 M M 6 18 180
18 83 61 72 4 0 7 0.35 0.0 0 5.6 15 150 M M 6 13 20 150
19 77 56 67 -1 0 2 T 0.0 0 4.9 16 180 M M 4 19 170
20 78 52 65 -3 0 0 0.00 0.0 0 5.8 14 150 M M 2 20 310
21 90 58 74 6 0 9 0.17 0.0 0 6.6 20 270 M M 4 3 24 270
22 77 62 70 3 0 5 0.07 0.0 0 3.4 12 130 M M 4 138 15 140
23 80 59 70 3 0 5 0.02 0.0 0 3.6 13 180 M M 4 12 16 160
24 85 66 76 9 0 11 0.00 0.0 0 4.1 12 180 M M 5 138 15 160
25 91 66 79 12 0 14 0.11 0.0 0 7.5 23 320 M M 7 123 29 320
26 76 53 65 -2 0 0 0.00 0.0 0 10.1 22 350 M M 2 27 310
27 69 47 58 -8 7 0 0.00 0.0 0 4.7 13 270 M M 5 17 290
28 80 52 66 0 0 1 0.00 0.0 0 4.4 14 160 M M 4 17 150
29 66 59 63 -3 2 0 1.28 0.0 0 3.9 16 70 M M 8 1 19 90
30 75 53 64 -2 1 0 0.00 0.0 0 10.5 31 300 M M 3 1 40 290
31 72 49 61 -4 4 0 0.00 0.0 0 5.8 16 160 M M 2 21 170
================================================================================
SM 2536 1901 14 225 2.18 0.0 195.4 M 142
================================================================================
AV 81.8 61.3 6.3 FASTST M M 5 MAX(MPH)
MISC ----> # 31 300 # 44 140
================================================================================
NOTES:
# LAST OF SEVERAL OCCURRENCES
COLUMN 17 PEAK WIND IN M.P.H.
PRELIMINARY LOCAL CLIMATOLOGICAL DATA (WS FORM: F-6) , PAGE 2
STATION: PORTLAND ME
MONTH: AUGUST
YEAR: 2020
LATITUDE: 43 39 N
LONGITUDE: 70 19 W
[TEMPERATURE DATA] [PRECIPITATION DATA] SYMBOLS USED IN COLUMN 16
AVERAGE MONTHLY: 71.6 TOTAL FOR MONTH: 2.18 1 = FOG OR MIST
DPTR FM NORMAL: 3.6 DPTR FM NORMAL: -0.96 2 = FOG REDUCING VISIBILITY
HIGHEST: 93 ON 12 GRTST 24HR 1.28 ON 29-29 TO 1/4 MILE OR LESS
LOWEST: 47 ON 27 3 = THUNDER
SNOW, ICE PELLETS, HAIL 4 = ICE PELLETS
TOTAL MONTH: 0.0 INCH 5 = HAIL
GRTST 24HR 0.0 6 = FREEZING RAIN OR DRIZZLE
GRTST DEPTH: 0 7 = DUSTSTORM OR SANDSTORM:
VSBY 1/2 MILE OR LESS
8 = SMOKE OR HAZE
[NO. OF DAYS WITH] [WEATHER - DAYS WITH] 9 = BLOWING SNOW
X = TORNADO
MAX 32 OR BELOW: 0 0.01 INCH OR MORE: 9
MAX 90 OR ABOVE: 6 0.10 INCH OR MORE: 5
MIN 32 OR BELOW: 0 0.50 INCH OR MORE: 1
MIN 0 OR BELOW: 0 1.00 INCH OR MORE: 1
[HDD (BASE 65) ]
TOTAL THIS MO. 14 CLEAR (SCALE 0-3) 7
DPTR FM NORMAL -14 PTCLDY (SCALE 4-7) 24
TOTAL FM JUL 1 15 CLOUDY (SCALE 8-10) 0
DPTR FM NORMAL -30
[CDD (BASE 65) ]
TOTAL THIS MO. 225
DPTR FM NORMAL 105 [PRESSURE DATA]
TOTAL FM JAN 1 623 HIGHEST SLP M ON M
DPTR FM NORMAL 295 LOWEST SLP 29.35 ON 30
[REMARKS]
#FINAL-08-20#