000
CXUS53 KMKX 010910
CF6RAC
PRELIMINARY LOCAL CLIMATOLOGICAL DATA (WS FORM: F-6)
STATION: RACINE WI
MONTH: NOVEMBER
YEAR: 2022
LATITUDE: 42 45 N
LONGITUDE: 87 49 W
TEMPERATURE IN F: :PCPN: SNOW: WIND :SUNSHINE: SKY :PK WND
================================================================================
1 2 3 4 5 6A 6B 7 8 9 10 11 12 13 14 15 16 17 18
12Z AVG MX 2MIN
DY MAX MIN AVG DEP HDD CDD WTR SNW DPTH SPD SPD DIR MIN PSBL S-S WX SPD DR
================================================================================
1 70 44 57 11 8 0 0.00 M M 6.2 13 240 M M 0 18 18 200
2 63 42 53 8 12 0 0.00 M M 7.0 15 170 M M 0 8 21 170
3 72 52 62 17 3 0 0.00 M M 11.3 22 200 M M 0 18 32 210
4 66 57 62 18 3 0 0.65 M M 9.9 20 210 M M 6 13 31 200
5 59 45 52 8 13 0 0.03 M M 19.9 39 210 M M 3 18 52 210
6 60 44 52 8 13 0 0.00 M M 11.9 22 230 M M 0 8 33 240
7 52 36 44 1 21 0 0.00 M M 8.8 15 70 M M 0 8 23 280
8 51 44 48 5 17 0 0.00 M M 13.6 20 120 M M 0 28 140
9 65 49 57 15 8 0 0.00 M M 9.6 16 170 M M 5 23 160
10 76 61 69 27 0 4 0.00 M M 12.3 23 210 M M 1 36 210
11 63 32 48 6 17 0 0.00 M M 11.0 20 280 M M 7 28 310
12 37 33 35 -6 30 0 0.00 M M 8.5 15 330 M M 10 23 340
13 35 24 30 -11 35 0 0.00 M M 6.4 14 310 M M 6 8 21 310
14 41 23 32 -8 33 0 0.00 M M 6.8 16 140 M M 3 22 150
15 40 34 37 -3 28 0 0.41 M M 9.5 18 140 M M 10 18 26 150
16 37 30 34 -6 31 0 0.02 M M 7.8 15 330 M M 7 1 21 330
17 33 27 30 -9 35 0 T M M 11.7 22 230 M M 8 128 33 250
18 28 21 25 -14 40 0 T M M 13.3 23 250 M M 9 18 36 250
19 28 15 22 -16 43 0 T M M 13.1 22 220 M M 7 18 34 250
20 33 11 22 -16 43 0 0.00 M M 11.4 21 220 M M 1 32 250
21 44 24 34 -4 31 0 0.00 M M 10.0 22 270 M M 0 37 230
22 47 23 35 -2 30 0 0.00 M M 5.6 16 270 M M 1 18 24 260
23 56 27 42 5 23 0 0.00 M M 5.2 12 210 M M 0 18 16 200
24 50 35 43 7 22 0 T M M 6.6 18 310 M M 5 8 28 300
25 51 33 42 6 23 0 0.00 M M 7.7 14 270 M M 0 22 290
26 56 33 45 10 20 0 0.00 M M 9.3 20 210 M M 0 29 240
27 46 32 39 4 26 0 0.09 M M 9.8 23 360 M M 5 1 35 360
28 45 24 35 0 30 0 0.00 M M 6.8 15 170 M M 2 21 140
29 58 35 47 13 18 0 0.00 M M 13.7 24 300 M M 7 18 43 290
30 35 20 28 -6 37 0 0.00 M M 15.4 28 260 M M 7 47 270
================================================================================
SM 1497 1010 693 4 1.20 M 300.1 M 110
================================================================================
AV 49.9 33.7 10.0 FASTST M M 4 MAX(MPH)
MISC ----> 39 210 52 210
================================================================================
NOTES:
# LAST OF SEVERAL OCCURRENCES
COLUMN 17 PEAK WIND IN M.P.H.
PRELIMINARY LOCAL CLIMATOLOGICAL DATA (WS FORM: F-6) , PAGE 2
STATION: RACINE WI
MONTH: NOVEMBER
YEAR: 2022
LATITUDE: 42 45 N
LONGITUDE: 87 49 W
[TEMPERATURE DATA] [PRECIPITATION DATA] SYMBOLS USED IN COLUMN 16
AVERAGE MONTHLY: 41.8 TOTAL FOR MONTH: 1.20 1 = FOG OR MIST
DPTR FM NORMAL: 2.1 DPTR FM NORMAL: -0.98 2 = FOG REDUCING VISIBILITY
HIGHEST: 76 ON 10 GRTST 24HR 0.65 ON 4- 4 TO 1/4 MILE OR LESS
LOWEST: 11 ON 20 3 = THUNDER
SNOW, ICE PELLETS, HAIL 4 = ICE PELLETS
TOTAL MONTH: M 5 = HAIL
GRTST 24HR M ON M 6 = FREEZING RAIN OR DRIZZLE
GRTST DEPTH: M ON M 7 = DUSTSTORM OR SANDSTORM:
VSBY 1/2 MILE OR LESS
8 = SMOKE OR HAZE
[NO. OF DAYS WITH] [WEATHER - DAYS WITH] 9 = BLOWING SNOW
X = TORNADO
MAX 32 OR BELOW: 2 0.01 INCH OR MORE: 5
MAX 90 OR ABOVE: 0 0.10 INCH OR MORE: 2
MIN 32 OR BELOW: 14 0.50 INCH OR MORE: 1
MIN 0 OR BELOW: 0 1.00 INCH OR MORE: 0
[HDD (BASE 65) ]
TOTAL THIS MO. 693 CLEAR (SCALE 0-3) 15
DPTR FM NORMAL -65 PTCLDY (SCALE 4-7) 11
TOTAL FM JUL 1 1218 CLOUDY (SCALE 8-10) 4
DPTR FM NORMAL -73
[CDD (BASE 65) ]
TOTAL THIS MO. 4
DPTR FM NORMAL 4 [PRESSURE DATA]
TOTAL FM JAN 1 791 HIGHEST SLP 30.71 ON 8
DPTR FM NORMAL 136 LOWEST SLP 29.41 ON 29
[REMARKS]
#FINAL-11-22#