000
CXUS53 KMKX 010810
CF6RAC
PRELIMINARY LOCAL CLIMATOLOGICAL DATA (WS FORM: F-6)
STATION: RACINE WI
MONTH: JULY
YEAR: 2021
LATITUDE: 42 45 N
LONGITUDE: 87 49 W
TEMPERATURE IN F: :PCPN: SNOW: WIND :SUNSHINE: SKY :PK WND
================================================================================
1 2 3 4 5 6A 6B 7 8 9 10 11 12 13 14 15 16 17 18
12Z AVG MX 2MIN
DY MAX MIN AVG DEP HDD CDD WTR SNW DPTH SPD SPD DIR MIN PSBL S-S WX SPD DR
================================================================================
1 69 60 65 -6 0 0 0.00 M 0 13.4 22 20 M M 2 1 31 20
2 70 56 63 -8 2 0 0.00 M M 6.2 14 10 M M 1 19 20
3 88 55 72 1 0 7 0.00 M M 10.2 18 300 M M 0 28 290
4 90 69 80 9 0 15 0.00 M M 8.2 14 160 M M 0 20 230
5 93 73 83 12 0 18 0.00 M M 12.3 22 240 M M 0 33 250
6 92 65 79 7 0 14 0.00 M M 9.8 25 20 M M 2 35 20
7 73 61 67 -5 0 2 0.23 M M 7.9 15 10 M M 9 12 22 30
8 65 56 61 -11 4 0 0.01 M M 8.2 16 20 M M 9 21 30
9 73 53 63 -9 2 0 0.00 M M 5.7 12 110 M M 0 17 160
10 73 57 65 -7 0 0 0.00 M M 8.9 17 40 M M 5 24 40
11 70 65 68 -4 0 3 T M M 11.0 17 40 M M 5 24 60
12 69 66 68 -4 0 3 0.00 M M 8.3 13 80 M M 9 1 18 70
13 80 66 73 1 0 8 0.34 M M 5.1 12 50 M M 7 138 14 300
14 83 67 75 3 0 10 0.17 M M 8.6 22 300 M M 3 13 33 300
15 78 60 69 -3 0 4 0.06 M M 8.9 20 220 M M 6 1 33 240
16 72 60 66 -7 0 1 0.00 M M 9.4 16 20 M M 4 1 22 20
17 75 63 69 -4 0 4 0.00 M M 9.2 16 30 M M 2 24 10
18 79 61 70 -3 0 5 0.00 M M 5.7 10 40 M M 0 16 30
19 82 60 71 -2 0 6 0.00 M M 3.6 10 130 M M 0 8 14 100
20 87 65 76 3 0 11 0.00 M M 9.6 17 40 M M 1 22 290
21 73 58 66 -7 0 1 0.00 M M 8.2 15 30 M M 5 22 30
22 81 58 70 -3 0 5 0.00 M M 5.3 13 150 M M 1 18 17 160
23 90 71 81 8 0 16 0.00 M M 7.5 16 160 M M 3 18 19 260
24 92 70 81 8 0 16 0.06 M M 9.2 20 220 M M 1 18 28 220
25 92 69 81 8 0 16 0.00 M M 7.2 15 310 M M 0 21 310
26 91 67 79 6 0 14 0.00 M M 6.8 16 170 M M 0 21 160
27 90 69 80 7 0 15 0.00 M M 7.1 20 230 M M 1 30 230
28 87 69 78 5 0 13 0.00 M M 5.2 15 140 M M 1 19 140
29 84 68 76 3 0 11 0.45 M M 12.5 22 280 M M 3 13 34 250
30 73 58 66 -7 0 1 0.00 M M 9.8 21 40 M M 2 28 20
31 82 55 69 -4 0 4 0.00 M M 5.8 13 310 M M 1 20 330
================================================================================
SM 2496 1950 8 223 1.32 M 254.8 M 83
================================================================================
AV 80.5 62.9 8.2 FASTST M M 3 MAX(MPH)
MISC ----> 25 20 35 20
================================================================================
NOTES:
# LAST OF SEVERAL OCCURRENCES
COLUMN 17 PEAK WIND IN M.P.H.
PRELIMINARY LOCAL CLIMATOLOGICAL DATA (WS FORM: F-6) , PAGE 2
STATION: RACINE WI
MONTH: JULY
YEAR: 2021
LATITUDE: 42 45 N
LONGITUDE: 87 49 W
[TEMPERATURE DATA] [PRECIPITATION DATA] SYMBOLS USED IN COLUMN 16
AVERAGE MONTHLY: 71.7 TOTAL FOR MONTH: 1.32 1 = FOG OR MIST
DPTR FM NORMAL: -0.5 DPTR FM NORMAL: -1.56 2 = FOG REDUCING VISIBILITY
HIGHEST: 93 ON 5 GRTST 24HR 0.63 ON 30- 1 TO 1/4 MILE OR LESS
LOWEST: 53 ON 9 3 = THUNDER
SNOW, ICE PELLETS, HAIL 4 = ICE PELLETS
TOTAL MONTH: M 5 = HAIL
GRTST 24HR M ON M 6 = FREEZING RAIN OR DRIZZLE
GRTST DEPTH: 0 7 = DUSTSTORM OR SANDSTORM:
VSBY 1/2 MILE OR LESS
8 = SMOKE OR HAZE
[NO. OF DAYS WITH] [WEATHER - DAYS WITH] 9 = BLOWING SNOW
X = TORNADO
MAX 32 OR BELOW: 0 0.01 INCH OR MORE: 7
MAX 90 OR ABOVE: 8 0.10 INCH OR MORE: 4
MIN 32 OR BELOW: 0 0.50 INCH OR MORE: 0
MIN 0 OR BELOW: 0 1.00 INCH OR MORE: 0
[HDD (BASE 65) ]
TOTAL THIS MO. 8 CLEAR (SCALE 0-3) 21
DPTR FM NORMAL -1 PTCLDY (SCALE 4-7) 7
TOTAL FM JUL 1 8 CLOUDY (SCALE 8-10) 3
DPTR FM NORMAL 6
[CDD (BASE 65) ]
TOTAL THIS MO. 223
DPTR FM NORMAL -11 [PRESSURE DATA]
TOTAL FM JAN 1 461 HIGHEST SLP M ON M
DPTR FM NORMAL 86 LOWEST SLP 29.78 ON 24
[REMARKS]
#FINAL-07-21#