000
CXUS54 KFWD 010730
CF6RBD
PRELIMINARY LOCAL CLIMATOLOGICAL DATA (WS FORM: F-6)
STATION: DALLAS EXECUTIVE
MONTH: SEPTEMBER
YEAR: 2022
LATITUDE: 32 40 N
LONGITUDE: 96 52 W
TEMPERATURE IN F: :PCPN: SNOW: WIND :SUNSHINE: SKY :PK WND
================================================================================
1 2 3 4 5 6A 6B 7 8 9 10 11 12 13 14 15 16 17 18
12Z AVG MX 2MIN
DY MAX MIN AVG DEP HDD CDD WTR SNW DPTH SPD SPD DIR MIN PSBL S-S WX SPD DR
================================================================================
1 86 73 80 -3 0 15 0.70 M M 3.9 22 310 M M 3 1238 30 300
2 82 73 78 -5 0 13 0.16 M M 4.6 10 200 M M 5 1 15 190
3 94 71 83 1 0 18 0.38 M M 3.0 39 60 M M 2 3 55 60
4 94 66 80 -2 0 15 0.81 M M 5.4 45 10 M M 1 123 64 360
5 91 65 78 -4 0 13 0.00 M M 5.5 13 170 M M 1 3 20 170
6 92 72 82 0 0 17 T M M 5.4 13 190 M M 2 3 18 190
7 95 71 83 2 0 18 0.00 M M 4.7 15 50 M M 1 20 60
8 89 73 81 0 0 16 0.00 M M 6.6 15 90 M M 2 20 100
9 88 67 78 -3 0 13 0.00 M M 6.1 13 60 M M 0 22 130
10 89 64 77 -3 0 12 0.00 M M 3.7 13 90 M M 0 16 100
11 83 68 76 -4 0 11 0.00 M M 9.3 21 350 M M 0 27 350
12 86 63 75 -5 0 10 0.00 M M 4.6 9 80 M M 1 8 12 340
13 89 65 77 -3 0 12 0.00 M M 8.6 15 140 M M 1 20 120
14 87 64 76 -3 0 11 0.00 M M 8.1 15 80 M M 0 19 80
15 87 61 74 -5 0 9 0.00 M M 7.1 14 140 M M 0 19 140
16 89 67 78 -1 0 13 0.00 M M 8.3 15 160 M M 1 22 160
17 92 73 83 5 0 18 0.00 M M 10.1 16 140 M M 4 22 180
18 93 74 84 6 0 19 0.00 M M 8.7 15 130 M M 0 20 190
19 93 73 83 5 0 18 0.00 M M 6.3 16 120 M M 0 21 120
20 95 74 85 7 0 20 0.00 M M 6.3 15 130 M M 0 19 130
21 95 71 83 6 0 18 0.00 M M 6.0 13 120 M M 0 19 170
22 96 66 81 4 0 16 0.00 M M 3.2 13 340 M M 0 8 17 350
23 95 71 83 7 0 18 0.00 M M 7.4 14 170 M M 0 20 190
24 94 77 86 10 0 21 0.00 M M 7.8 14 160 M M 0 19 200
25 97 74 86 10 0 21 0.00 M M 5.9 33 60 M M 1 3 47 70
26 86 64 75 -1 0 10 0.00 M M 7.7 18 20 M M 0 27 40
27 88 56 72 -3 0 7 0.00 M M 5.2 12 80 M M 0 17 120
28 89 63 76 1 0 11 0.00 M M 7.4 15 180 M M 1 22 190
29 80 62 71 -3 0 6 0.00 M M 8.8 20 130 M M 0 25 120
30 79 56 68 -6 0 3 0.00 M M 5.7 12 100 M M 0 17 110
================================================================================
SM 2693 2037 0 422 2.05 M 191.4 M 26
================================================================================
AV 89.8 67.9 6.4 FASTST M M 1 MAX(MPH)
MISC ----> 45 10 64 360
================================================================================
NOTES:
# LAST OF SEVERAL OCCURRENCES
COLUMN 17 PEAK WIND IN M.P.H.
PRELIMINARY LOCAL CLIMATOLOGICAL DATA (WS FORM: F-6) , PAGE 2
STATION: DALLAS EXECUTIVE
MONTH: SEPTEMBER
YEAR: 2022
LATITUDE: 32 40 N
LONGITUDE: 96 52 W
[TEMPERATURE DATA] [PRECIPITATION DATA] SYMBOLS USED IN COLUMN 16
AVERAGE MONTHLY: 78.8 TOTAL FOR MONTH: 2.05 1 = FOG OR MIST
DPTR FM NORMAL: 0.1 DPTR FM NORMAL: -0.90 2 = FOG REDUCING VISIBILITY
HIGHEST: 97 ON 25 GRTST 24HR 1.19 ON 3- 4 TO 1/4 MILE OR LESS
LOWEST: 56 ON 30,27 3 = THUNDER
SNOW, ICE PELLETS, HAIL 4 = ICE PELLETS
TOTAL MONTH: M 5 = HAIL
GRTST 24HR M ON M 6 = FREEZING RAIN OR DRIZZLE
GRTST DEPTH: M ON M 7 = DUSTSTORM OR SANDSTORM:
VSBY 1/2 MILE OR LESS
8 = SMOKE OR HAZE
[NO. OF DAYS WITH] [WEATHER - DAYS WITH] 9 = BLOWING SNOW
X = TORNADO
MAX 32 OR BELOW: 0 0.01 INCH OR MORE: 4
MAX 90 OR ABOVE: 14 0.10 INCH OR MORE: 4
MIN 32 OR BELOW: 0 0.50 INCH OR MORE: 2
MIN 0 OR BELOW: 0 1.00 INCH OR MORE: 0
[HDD (BASE 65) ]
TOTAL THIS MO. 0 CLEAR (SCALE 0-3) 28
DPTR FM NORMAL -2 PTCLDY (SCALE 4-7) 2
TOTAL FM JUL 1 0 CLOUDY (SCALE 8-10) 0
DPTR FM NORMAL 0
[CDD (BASE 65) ]
TOTAL THIS MO. 422
DPTR FM NORMAL 7 [PRESSURE DATA]
TOTAL FM JAN 1 2987 HIGHEST SLP M ON M
DPTR FM NORMAL 352 LOWEST SLP 29.75 ON 8
[REMARKS]
#FINAL-09-22#