837
CXUS54 KFWD 010731
CF6RBD
PRELIMINARY LOCAL CLIMATOLOGICAL DATA (WS FORM: F-6)
STATION: DALLAS EXECUTIVE
MONTH: AUGUST
YEAR: 2020
LATITUDE: 32 40 N
LONGITUDE: 96 52 W
TEMPERATURE IN F: :PCPN: SNOW: WIND :SUNSHINE: SKY :PK WND
================================================================================
1 2 3 4 5 6A 6B 7 8 9 10 11 12 13 14 15 16 17 18
12Z AVG MX 2MIN
DY MAX MIN AVG DEP HDD CDD WTR SNW DPTH SPD SPD DIR MIN PSBL S-S WX SPD DR
================================================================================
1 97 69 83 -2 0 18 0.00 0.0 0 4.4 12 10 M M 1 15 360
2 95 72 84 -1 0 19 0.00 0.0 0 5.1 16 10 M M 0 22 350
3 94 73 84 -1 0 19 0.00 0.0 0 5.6 14 260 M M 0 18 100
4 94 74 84 -1 0 19 0.00 0.0 0 6.6 12 110 M M 0 17 100
5 90 75 83 -2 0 18 0.00 0.0 0 9.9 16 100 M M 3 22 90
6 97 75 86 1 0 21 0.00 0.0 0 9.6 17 170 M M 1 23 140
7 97 77 87 2 0 22 0.00 0.0 0 10.7 21 170 M M 0 30 170
8 97 77 87 2 0 22 0.00 0.0 0 9.8 17 170 M M 0 26 170
9 97 77 87 2 0 22 0.00 0.0 0 11.0 18 180 M M 1 26 170
10 98 78 88 3 0 23 0.00 0.0 0 12.2 18 180 M M 0 26 190
11 98 79 89 4 0 24 0.00 0.0 0 11.1 18 170 M M 0 26 200
12 102 81 92 7 0 27 0.00 0.0 0 10.3 17 200 M M 0 25 180
13 101 81 91 6 0 26 0.00 0.0 0 10.4 18 180 M M 0 26 170
14 103 82 93 8 0 28 0.00 0.0 0 10.0 17 190 M M 0 30 160
15 103 80 92 7 0 27 0.00 0.0 0 8.4 14 180 M M 0 27 180
16 102 73 88 3 0 23 M 0.0 0 1.8 9 50 M M 2 3 M M
17 91 73 82 -3 0 17 T 0.0 0 2.4 6 240 M M 0 M M
18 96 75 86 1 0 21 0.00 0.0 0 9.7 14 350 M M 0 24 20
19 93 67 80 -5 0 15 0.00 0.0 0 5.2 12 30 M M 0 M M
20 93 68 81 -3 0 16 0.00 0.0 0 5.2 12 120 M M 0 17 110
21 94 68 81 -3 0 16 0.00 0.0 0 4.6 10 40 M M 0 14 140
22 96 72 84 0 0 19 0.00 0.0 0 5.9 13 150 M M 2 17 160
23 96 71 84 0 0 19 0.00 0.0 0 4.6 13 160 M M 1 18 150
24 97 73 85 1 0 20 0.00 0.0 0 4.7 14 80 M M 0 22 80
25 97 73 85 1 0 20 0.00 0.0 0 6.2 15 60 M M 1 21 50
26 94 74 84 0 0 19 0.37 0.0 0 9.4 25 90 M M 3 13 34 90
27 94 72 83 0 0 18 0.16 0.0 0 4.1 14 320 M M 3 3 17 320
28 104 75 90 7 0 25 0.00 0.0 0 8.7 21 150 M M 0 29 150
29 105 78 92 9 0 27 T 0.0 0 9.7 22 310 M M 1 3 29 310
30 97 74 86 4 0 21 1.22 0.0 0 9.6 20 20 M M 2 13 26 130
31 99 81 90 8 0 25 0.00 0.0 0 11.2 20 170 M M 2 29 170
================================================================================
SM 3011 2317 0 656 1.75 0.0 238.1 M 23
================================================================================
AV 97.1 74.7 7.7 FASTST M M 1 MAX(MPH)
MISC ----> # 25 90 # 34 90
================================================================================
NOTES:
# LAST OF SEVERAL OCCURRENCES
COLUMN 17 PEAK WIND IN M.P.H.
PRELIMINARY LOCAL CLIMATOLOGICAL DATA (WS FORM: F-6) , PAGE 2
STATION: DALLAS EXECUTIVE
MONTH: AUGUST
YEAR: 2020
LATITUDE: 32 40 N
LONGITUDE: 96 52 W
[TEMPERATURE DATA] [PRECIPITATION DATA] SYMBOLS USED IN COLUMN 16
AVERAGE MONTHLY: 85.9 TOTAL FOR MONTH: 1.75 1 = FOG OR MIST
DPTR FM NORMAL: 1.3 DPTR FM NORMAL: -1.82 2 = FOG REDUCING VISIBILITY
HIGHEST: 105 ON 29 GRTST 24HR 1.22 ON 30-30 TO 1/4 MILE OR LESS
LOWEST: 67 ON 19 3 = THUNDER
SNOW, ICE PELLETS, HAIL 4 = ICE PELLETS
TOTAL MONTH: 0.0 INCH 5 = HAIL
GRTST 24HR 0.0 6 = FREEZING RAIN OR DRIZZLE
GRTST DEPTH: 0 7 = DUSTSTORM OR SANDSTORM:
VSBY 1/2 MILE OR LESS
8 = SMOKE OR HAZE
[NO. OF DAYS WITH] [WEATHER - DAYS WITH] 9 = BLOWING SNOW
X = TORNADO
MAX 32 OR BELOW: 0 0.01 INCH OR MORE: 3
MAX 90 OR ABOVE: 31 0.10 INCH OR MORE: 3
MIN 32 OR BELOW: 0 0.50 INCH OR MORE: 1
MIN 0 OR BELOW: 0 1.00 INCH OR MORE: 1
[HDD (BASE 65) ]
TOTAL THIS MO. 0 CLEAR (SCALE 0-3) 31
DPTR FM NORMAL 0 PTCLDY (SCALE 4-7) 0
TOTAL FM JUL 1 0 CLOUDY (SCALE 8-10) 0
DPTR FM NORMAL 0
[CDD (BASE 65) ]
TOTAL THIS MO. 656
DPTR FM NORMAL 50 [PRESSURE DATA]
TOTAL FM JAN 1 2228 HIGHEST SLP M ON M
DPTR FM NORMAL 193 LOWEST SLP 29.63 ON 30
[REMARKS]
#FINAL-08-20#