000
CXUS56 KSTO 030244
CLMRDD
CLIMATE REPORT
NATIONAL WEATHER SERVICE SACRAMENTO
744 PM PDT SUN JUL 02 2023
...................................
...THE SACRAMENTO CITY CLIMATE SUMMARY FOR THE MONTH OF JUNE 2023...
CLIMATE NORMAL PERIOD: 1991 TO 2020
CLIMATE RECORD PERIOD: 1849 TO 2023
WEATHER OBSERVED NORMAL DEPART LAST YEAR`S
VALUE DATE(S) VALUE FROM VALUE DATE(S)
NORMAL
................................................................
TEMPERATURE (F)
RECORD
HIGH 112 06/30/1934
LOW 43 06/01/1929
HIGHEST 105 06/30 MM MM 104 06/10
06/21
06/27
LOWEST 53 06/10 MM MM 52 06/18
06/21
AVG. MAXIMUM 85.8 89.0 -3.2 93.2
AVG. MINIMUM 56.6 58.7 -2.1 61.7
MEAN 71.2 73.9 -2.7 77.5
DAYS MAX >= 90 7 14.8 -7.8 19
DAYS MAX <= 32 0 0.0 0.0 0
DAYS MAX >= 45 30 30
DAYS MAX >= 120 0 0
DAYS MAX <= 32 0 0
DAYS MIN <= 32 0 0.0 0.0 0
DAYS MIN <= 0 0 0.0 0.0 0
DAYS MIN >= 80 0 0
DAYS MIN <= -20 0 0
DAYS MIN <= 15 0 0
PRECIPITATION (INCHES)
RECORD
MAXIMUM 1.45 1884
MINIMUM MM MM
TOTALS 0.01 0.21 -0.20 0.16
DAYS >= .01 1
DAYS >= .10 0
DAYS >= .50 0
DAYS >= 1.00 0
SNOWFALL (INCHES)
RECORDS
TOTAL MM MM
24 HR TOTAL MM
TOTALS 0.0 0.0 0.0
LIQUID EQUIV 0.00 0.00 0.00
SINCE 7/1 0.0 0.0 0.0
LIQUID 7/1 0.00
DAYS >= TRACE 0 0.0 0.0
DAYS >= 1.0 0 0.0 0.0
GREATEST
SNOW DEPTH MM
24 HR TOTAL 0.0
STORM TOTAL 0.0
(MM/DD(HH))
DEGREE DAYS
HEATING TOTAL 0 5 -5
SINCE 7/1 2486 2133 353
COOLING TOTAL 194 271 -77
SINCE 1/1 374 434 -60
................................................................
WIND (MPH)
AVERAGE WIND SPEED MM
SKY COVER
POSSIBLE SUNSHINE (PERCENT) MM
AVERAGE SKY COVER MM
AVERAGE RH (PERCENT) MM
WEATHER CONDITIONS. NUMBER OF DAYS WITH
THUNDERSTORM 0 MIXED PRECIP 0
HEAVY RAIN 0 RAIN 0
LIGHT RAIN 0 FREEZING RAIN 0
LT FREEZING RAIN 0 HAIL 0
HEAVY SNOW 0 SNOW 0
LIGHT SNOW 0 SLEET 0
FOG 0 FOG W/VIS <= 1/4 MILE 0
HAZE 0
- INDICATES NEGATIVE NUMBERS.
R INDICATES RECORD WAS SET OR TIED.
MM INDICATES DATA IS MISSING.
T INDICATES TRACE AMOUNT.
$$