000
CXUS51 KPHI 161755
CF6RDG
PRELIMINARY LOCAL CLIMATOLOGICAL DATA (WS FORM: F-6)
STATION: READING PA
MONTH: DECEMBER
YEAR: 2022
LATITUDE: 40 22 N
LONGITUDE: 75 58 W
TEMPERATURE IN F: :PCPN: SNOW: WIND :SUNSHINE: SKY :PK WND
================================================================================
1 2 3 4 5 6A 6B 7 8 9 10 11 12 13 14 15 16 17 18
12Z AVG MX 2MIN
DY MAX MIN AVG DEP HDD CDD WTR SNW DPTH SPD SPD DIR MIN PSBL S-S WX SPD DR
================================================================================
1 42 27 35 -5 30 0 T T T 13.5 29 290 M M 2 38 260
2 46 22 34 -5 31 0 0.00 0.0 0 4.3 13 200 M M 2 1 17 190
3 60 41 51 12 14 0 0.29 0.0 0 10.2 26 300 M M 7 1 35 300
4 43 26 35 -4 30 0 0.00 0.0 0 6.5 14 260 M M 0 17 250
5 49 21 35 -3 30 0 0.00 0.0 0 3.0 12 150 M M 0 18 16 160
6 53 29 41 3 24 0 0.66 0.0 0 1.9 12 200 M M 9 12 16 190
7 54 48 51 13 14 0 0.02 0.0 0 2.0 9 220 M M 10 12 13 220
8 53 39 46 8 19 0 0.00 0.0 0 6.6 14 360 M M 4 12 17 360
9 48 29 39 2 26 0 0.00 0.0 0 3.5 9 350 M M 0 18 13 360
10 43 26 35 -2 30 0 0.00 0.0 0 5.4 12 10 M M 1 13 10
11 38 36 37 0 28 0 0.16 T 0 4.1 9 100 M M 10 1 13 150
12 40 29 35 -1 30 0 0.00 0.0 0 8.5 15 340 M M 9 1 19 330
13 41 24 33 -3 32 0 0.00 0.0 0 6.0 14 340 M M 0 19 340
14 42 21 32 -4 33 0 0.00 0.0 0 5.9 14 340 M M 0 1 17 310
15 43 29 36 0 29 0 1.18 0.1 T 7.6 18 60 M M 8 1468 30 50
16 45 39 42 6 23 0 0.35 0.0 0 10.1 18 10 M M 9 1 28 70
17 44 35 40 5 25 0 0.00 0.0 0 9.5 20 290 M M 7 28 280
18 39 29 34 -1 31 0 T T 0 9.0 21 300 M M 8 27 310
19 34 25 30 -5 35 0 0.00 0.0 0 9.5 21 310 M M 7 28 300
20 41 25 33 -2 32 0 0.00 0.0 0 7.5 18 330 M M 3 26 330
21 42 20 31 -3 34 0 0.00 0.0 0 0.6 5 330 M M 0 1 7 300
22 51 27 39 5 26 0 0.63 0.3 0 6.3 17 80 M M 8 146 26 110
23 57 5 31 -3 34 0 0.59 0.1 0 19.1 35 260 M M 9 1 48 270
24 15 4 10 -24 55 0 0.00 0.0 0 13.8 24 240 M M 3 35 260
25 27 13 20 -14 45 0 0.00 0.0 0 9.2 21 250 M M 5 29 270
26 29 13 21 -12 44 0 0.00 0.0 0 4.3 15 280 M M 4 20 300
27 35 26 31 -2 34 0 0.00 0.0 0 3.2 12 310 M M 10 15 260
28 49 23 36 3 29 0 0.00 0.0 0 3.5 14 240 M M 1 1 18 220
29 54 23 39 6 26 0 0.00 0.0 0 1.7 8 230 M M 1 1 10 220
30 61 33 47 14 18 0 0.00 0.0 0 1.1 5 20 M M 5 1 7 340
31 50 35 43 11 22 0 0.36 0.0 0 2.0 8 10 M M 9 12 9 10
================================================================================
SM 1368 822 913 0 4.24 0.5 199.4 M 151
================================================================================
AV 44.1 26.5 6.4 FASTST M M 5 MAX(MPH)
MISC ----> 35 260 48 270
================================================================================
NOTES:
# LAST OF SEVERAL OCCURRENCES
COLUMN 17 PEAK WIND IN M.P.H.
PRELIMINARY LOCAL CLIMATOLOGICAL DATA (WS FORM: F-6) , PAGE 2
STATION: READING PA
MONTH: DECEMBER
YEAR: 2022
LATITUDE: 40 22 N
LONGITUDE: 75 58 W
[TEMPERATURE DATA] [PRECIPITATION DATA] SYMBOLS USED IN COLUMN 16
AVERAGE MONTHLY: 35.3 TOTAL FOR MONTH: 4.24 1 = FOG OR MIST
DPTR FM NORMAL: -0.4 DPTR FM NORMAL: 0.73 2 = FOG REDUCING VISIBILITY
HIGHEST: 61 ON 30 GRTST 24HR 1.18 ON 15-15 TO 1/4 MILE OR LESS
LOWEST: 4 ON 24 3 = THUNDER
SNOW, ICE PELLETS, HAIL 4 = ICE PELLETS
TOTAL MONTH: 0.5 INCH 5 = HAIL
GRTST 24HR 0.3 ON 22-22 6 = FREEZING RAIN OR DRIZZLE
GRTST DEPTH: T 7 = DUSTSTORM OR SANDSTORM:
VSBY 1/2 MILE OR LESS
8 = SMOKE OR HAZE
[NO. OF DAYS WITH] [WEATHER - DAYS WITH] 9 = BLOWING SNOW
X = TORNADO
MAX 32 OR BELOW: 3 0.01 INCH OR MORE: 9
MAX 90 OR ABOVE: 0 0.10 INCH OR MORE: 8
MIN 32 OR BELOW: 23 0.50 INCH OR MORE: 4
MIN 0 OR BELOW: 0 1.00 INCH OR MORE: 1
[HDD (BASE 65) ]
TOTAL THIS MO. 913 CLEAR (SCALE 0-3) 12
DPTR FM NORMAL 5 PTCLDY (SCALE 4-7) 11
TOTAL FM JUL 1 1818 CLOUDY (SCALE 8-10) 8
DPTR FM NORMAL -85
[CDD (BASE 65) ]
TOTAL THIS MO. 0
DPTR FM NORMAL 0 [PRESSURE DATA]
TOTAL FM JAN 1 1336 HIGHEST SLP M ON M
DPTR FM NORMAL 282 LOWEST SLP 29.14 ON 23
[REMARKS]
#FINAL-12-22#