000
CXUS56 KPDT 011810
CF6RDM
PRELIMINARY LOCAL CLIMATOLOGICAL DATA (WS FORM: F-6)
STATION: REDMOND OR
MONTH: AUGUST
YEAR: 2021
LATITUDE: 44 16 N
LONGITUDE: 121 9 W
TEMPERATURE IN F: :PCPN: SNOW: WIND :SUNSHINE: SKY :PK WND
================================================================================
1 2 3 4 5 6A 6B 7 8 9 10 11 12 13 14 15 16 17 18
12Z AVG MX 2MIN
DY MAX MIN AVG DEP HDD CDD WTR SNW DPTH SPD SPD DIR MIN PSBL S-S WX SPD DR
================================================================================
1 97 59 78 8 0 13 0.00 M M 5.3 18 350 M M 0 25 350
2 95 53 74 5 0 9 T M M 4.9 15 30 M M 0 3 19 40
3 99 52 76 7 0 11 0.00 M M 5.8 23 290 M M 0 18 28 290
4 97 61 79 10 0 14 0.00 M M 6.5 16 340 M M 0 8 20 340
5 84 57 71 2 0 6 T M M 7.7 22 290 M M 1 38 28 300
6 87 49 68 -1 0 3 0.00 M M 6.8 20 300 M M 0 24 300
7 92 52 72 3 0 7 0.00 M M 7.4 25 290 M M 0 8 32 290
8 77 49 63 -5 2 0 0.00 M M 9.2 20 330 M M 1 23 300
9 88 41 65 -3 0 0 0.00 M M 6.0 16 340 M M 0 22 340
10 97 46 72 4 0 7 0.00 M M 6.2 16 340 M M 0 20 330
11 102 54 78 10 0 13 0.00 M M 5.4 14 30 M M 0 19 30
12 101 57 79 11 0 14 0.00 M M 7.8 22 340 M M 0 8 27 340
13 100 57 79 11 0 14 0.00 M M 5.1 15 350 M M 2 8 18 350
14 100 59 80 13 0 15 0.00 M M 5.0 14 340 M M 2 8 19 20
15 103 58 81 14 0 16 0.00 M M 7.5 23 290 M M 0 8 28 290
16 96 57 77 10 0 12 0.00 M M 8.3 26 280 M M 3 8 32 280
17 70 53 62 -5 3 0 0.00 M M 13.9 28 290 M M 4 8 33 270
18 77 44 61 -5 4 0 0.00 M M 6.7 21 340 M M 4 8 29 360
19 82 47 65 -1 0 0 0.00 M M 7.0 18 280 M M 4 8 24 330
20 82 48 65 -1 0 0 0.00 M M 7.7 20 350 M M 0 24 360
21 74 43 59 -7 6 0 0.00 M M 6.5 16 280 M M 4 20 290
22 81 40 61 -5 4 0 0.00 M M 6.7 21 310 M M 0 8 27 300
23 75 34 55 -11 10 0 0.00 M M 5.8 15 340 M M 0 20 360
24 80 36 58 -7 7 0 0.00 M M 6.1 18 350 M M 0 23 340
25 83 46 65 0 0 0 0.00 M M 7.1 20 300 M M 0 8 26 300
26 79 52 66 1 0 1 0.00 M M 7.3 21 310 M M 3 8 27 310
27 81 45 63 -2 2 0 0.00 M M 5.5 17 340 M M 0 21 350
28 83 37 60 -4 5 0 0.00 M M 5.4 16 340 M M 0 20 340
29 90 38 64 0 1 0 0.00 M M 6.6 17 350 M M 0 8 21 360
30 82 43 63 -1 2 0 0.00 M M 8.9 25 300 M M 0 8 33 300
31 77 35 56 -8 9 0 0.00 M M 4.5 16 20 M M 0 19 20
================================================================================
SM 2711 1502 55 155 T M 210.6 M 28
================================================================================
AV 87.5 48.5 6.8 FASTST M M 1 MAX(MPH)
MISC ----> 28 290 # 33 270
================================================================================
NOTES:
# LAST OF SEVERAL OCCURRENCES
COLUMN 17 PEAK WIND IN M.P.H.
PRELIMINARY LOCAL CLIMATOLOGICAL DATA (WS FORM: F-6) , PAGE 2
STATION: REDMOND OR
MONTH: AUGUST
YEAR: 2021
LATITUDE: 44 16 N
LONGITUDE: 121 9 W
[TEMPERATURE DATA] [PRECIPITATION DATA] SYMBOLS USED IN COLUMN 16
AVERAGE MONTHLY: 68.0 TOTAL FOR MONTH: T 1 = FOG OR MIST
DPTR FM NORMAL: 1.2 DPTR FM NORMAL: -0.46 2 = FOG REDUCING VISIBILITY
HIGHEST: 103 ON 15 GRTST 24HR 0.01 ON 31- 1 TO 1/4 MILE OR LESS
LOWEST: 34 ON 23 3 = THUNDER
SNOW, ICE PELLETS, HAIL 4 = ICE PELLETS
TOTAL MONTH: M 5 = HAIL
GRTST 24HR M ON M 6 = FREEZING RAIN OR DRIZZLE
GRTST DEPTH: M ON M 7 = DUSTSTORM OR SANDSTORM:
VSBY 1/2 MILE OR LESS
8 = SMOKE OR HAZE
[NO. OF DAYS WITH] [WEATHER - DAYS WITH] 9 = BLOWING SNOW
X = TORNADO
MAX 32 OR BELOW: 0 0.01 INCH OR MORE: 0
MAX 90 OR ABOVE: 13 0.10 INCH OR MORE: 0
MIN 32 OR BELOW: 0 0.50 INCH OR MORE: 0
MIN 0 OR BELOW: 0 1.00 INCH OR MORE: 0
[HDD (BASE 65) ]
TOTAL THIS MO. 55 CLEAR (SCALE 0-3) 26
DPTR FM NORMAL 2 PTCLDY (SCALE 4-7) 5
TOTAL FM JUL 1 58 CLOUDY (SCALE 8-10) 0
DPTR FM NORMAL -39
[CDD (BASE 65) ]
TOTAL THIS MO. 155
DPTR FM NORMAL 45 [PRESSURE DATA]
TOTAL FM JAN 1 593 HIGHEST SLP 30.12 ON 28
DPTR FM NORMAL 307 LOWEST SLP 29.73 ON 16
[REMARKS]
#FINAL-08-21#