000
CXUS52 KRAH 010945
CF6RDU
PRELIMINARY LOCAL CLIMATOLOGICAL DATA (WS FORM: F-6)
STATION: RALEIGH NC
MONTH: NOVEMBER
YEAR: 2023
LATITUDE: 35 52 N
LONGITUDE: 78 47 W
TEMPERATURE IN F: :PCPN: SNOW: WIND :SUNSHINE: SKY :PK WND
================================================================================
1 2 3 4 5 6A 6B 7 8 9 10 11 12 13 14 15 16 17 18
12Z AVG MX 2MIN
DY MAX MIN AVG DEP HDD CDD WTR SNW DPTH SPD SPD DIR MIN PSBL S-S WX SPD DR
================================================================================
1 51 36 44 -12 21 0 0.00 0.0 0 5.8 17 330 M M 1 31 10
2 56 28 42 -14 23 0 0.00 0.0 0 1.8 13 50 M M 0 17 40
3 65 29 47 -8 18 0 0.00 0.0 0 0.9 10 80 M M 0 14 50
4 74 32 53 -2 12 0 0.00 0.0 0 1.0 8 40 M M 1 12 60
5 75 38 57 3 8 0 0.00 0.0 0 1.1 10 30 M M 2 14 20
6 75 42 59 5 6 0 0.00 0.0 0 3.8 15 230 M M 2 20 210
7 81 49 65 11 0 0 0.00 0.0 0 5.5 15 230 M M 3 20 220
8 79 50 65 11 0 0 0.00 0.0 0 4.2 12 160 M M 1 20 120
9 83 56 70 17 0 5 0.00 0.0 0 6.8 15 230 M M 3 19 230
10 70 52 61 8 4 0 T 0.0 0 10.4 18 50 M M 9 27 50
11 56 48 52 -1 13 0 0.02 0.0 0 4.9 12 50 M M 10 16 60
12 63 43 53 1 12 0 T 0.0 0 8.0 20 50 M M 6 30 20
13 65 33 49 -3 16 0 0.00 0.0 M 2.5 10 240 M M 4 1 22 240
14 68 37 53 1 12 0 0.00 0.0 0 2.8 12 50 M M 8 17 50
15 60 41 51 -1 14 0 0.00 0.0 0 2.6 9 80 M M 9 14 100
16 73 41 57 6 8 0 0.00 0.0 0 2.6 9 130 M M 4 17 150
17 75 48 62 11 3 0 0.00 0.0 0 2.2 12 150 M M 7 20 110
18 75 47 61 10 4 0 0.00 0.0 0 3.8 15 20 M M 4 27 10
19 63 35 49 -1 16 0 0.00 0.0 0 1.7 12 100 M M 1 15 90
20 65 33 49 -1 16 0 0.00 0.0 0 5.8 17 70 M M 5 24 80
21 68 50 59 9 6 0 0.51 0.0 0 10.8 23 210 M M 10 1 33 210
22 69 47 58 8 7 0 0.91 0.0 M 4.7 24 220 M M 8 1 34 200
23 60 38 49 0 16 0 0.00 0.0 0 2.3 9 240 M M 3 15 240
24 56 37 47 -2 18 0 0.00 0.0 0 2.8 12 30 M M 7 1 15 30
25 50 37 44 -5 21 0 0.00 0.0 0 9.4 18 50 M M 6 26 40
26 50 38 44 -5 21 0 T 0.0 0 4.8 10 220 M M 10 14 230
27 56 39 48 0 17 0 0.05 0.0 0 5.7 15 290 M M 4 1 23 330
28 51 29 40 -8 25 0 0.00 0.0 0 5.4 18 260 M M 4 32 240
29 48 23 36 -12 29 0 0.00 0.0 0 4.1 18 230 M M 0 23 230
30 63 28 46 -2 19 0 0.00 0.0 0 3.4 13 220 M M 4 17 190
================================================================================
SM 1943 1184 385 5 1.49 0.0 131.6 M 136
================================================================================
AV 64.8 39.5 4.4 FASTST M M 5 MAX(MPH)
MISC ----> 24 220 34 200
================================================================================
NOTES:
# LAST OF SEVERAL OCCURRENCES
COLUMN 17 PEAK WIND IN M.P.H.
PRELIMINARY LOCAL CLIMATOLOGICAL DATA (WS FORM: F-6) , PAGE 2
STATION: RALEIGH NC
MONTH: NOVEMBER
YEAR: 2023
LATITUDE: 35 52 N
LONGITUDE: 78 47 W
[TEMPERATURE DATA] [PRECIPITATION DATA] SYMBOLS USED IN COLUMN 16
AVERAGE MONTHLY: 52.1 TOTAL FOR MONTH: 1.49 1 = FOG OR MIST
DPTR FM NORMAL: 0.6 DPTR FM NORMAL: -1.83 2 = FOG REDUCING VISIBILITY
HIGHEST: 83 ON 9 GRTST 24HR 1.42 ON 21-22 TO 1/4 MILE OR LESS
LOWEST: 23 ON 29 3 = THUNDER
SNOW, ICE PELLETS, HAIL 4 = ICE PELLETS
TOTAL MONTH: 0.0 INCH 5 = HAIL
GRTST 24HR 0.0 6 = FREEZING RAIN OR DRIZZLE
GRTST DEPTH: 0 7 = DUSTSTORM OR SANDSTORM:
VSBY 1/2 MILE OR LESS
8 = SMOKE OR HAZE
[NO. OF DAYS WITH] [WEATHER - DAYS WITH] 9 = BLOWING SNOW
X = TORNADO
MAX 32 OR BELOW: 0 0.01 INCH OR MORE: 4
MAX 90 OR ABOVE: 0 0.10 INCH OR MORE: 2
MIN 32 OR BELOW: 6 0.50 INCH OR MORE: 2
MIN 0 OR BELOW: 0 1.00 INCH OR MORE: 0
[HDD (BASE 65) ]
TOTAL THIS MO. 385 CLEAR (SCALE 0-3) 10
DPTR FM NORMAL -27 PTCLDY (SCALE 4-7) 15
TOTAL FM JUL 1 490 CLOUDY (SCALE 8-10) 5
DPTR FM NORMAL -97
[CDD (BASE 65) ]
TOTAL THIS MO. 5
DPTR FM NORMAL -2 [PRESSURE DATA]
TOTAL FM JAN 1 1920 HIGHEST SLP 30.55 ON 2
DPTR FM NORMAL 118 LOWEST SLP 29.70 ON 22
[REMARKS]
#FINAL-11-23#